CRAN Package Check Results for Package EILA

Last updated on 2014-08-23 08:51:31.

Flavor Version Tinstall Tcheck Ttotal Status Flags
r-devel-linux-x86_64-debian-clang 0.1-2 0.95 16.08 17.03 NOTE
r-devel-linux-x86_64-debian-gcc 0.1-2 0.91 16.50 17.41 NOTE
r-devel-linux-x86_64-fedora-clang 0.1-2 35.94 NOTE
r-devel-linux-x86_64-fedora-gcc 0.1-2 33.26 NOTE
r-devel-osx-x86_64-clang 0.1-2 36.28 NOTE
r-devel-windows-ix86+x86_64 0.1-2 4.00 28.00 32.00 NOTE
r-patched-linux-x86_64 0.1-2 1.02 16.46 17.48 NOTE
r-patched-solaris-sparc 0.1-2 193.30 NOTE
r-patched-solaris-x86 0.1-2 49.50 NOTE
r-release-linux-ix86 0.1-2 1.39 24.06 25.45 NOTE
r-release-linux-x86_64 0.1-2 0.99 16.42 17.41 NOTE
r-release-osx-x86_64-mavericks 0.1-2 NOTE
r-release-windows-ix86+x86_64 0.1-2 4.00 29.00 33.00 NOTE
r-oldrel-windows-ix86+x86_64 0.1-2 4.00 28.00 32.00 NOTE

Check Details

Version: 0.1-2
Check: dependencies in R code
Result: NOTE
    Packages in Depends field not imported from:
     ‘class’ ‘quantreg’
     These packages need to be imported from (in the NAMESPACE file)
     for when this namespace is loaded but not attached.
    See the information on DESCRIPTION files in the chapter ‘Creating R
    packages’ of the ‘Writing R Extensions’ manual.
Flavors: r-devel-linux-x86_64-debian-clang, r-devel-linux-x86_64-debian-gcc, r-devel-linux-x86_64-fedora-clang, r-devel-linux-x86_64-fedora-gcc, r-devel-osx-x86_64-clang, r-devel-windows-ix86+x86_64, r-patched-linux-x86_64, r-patched-solaris-sparc, r-patched-solaris-x86, r-release-linux-ix86, r-release-linux-x86_64, r-release-osx-x86_64-mavericks, r-release-windows-ix86+x86_64, r-oldrel-windows-ix86+x86_64

Version: 0.1-2
Check: R code for possible problems
Result: NOTE
    cluster.segment: no visible global function definition for ‘knn’
    quantreg.est: no visible global function definition for ‘rq.fit.fnb’
Flavors: r-devel-linux-x86_64-debian-clang, r-devel-linux-x86_64-debian-gcc, r-devel-linux-x86_64-fedora-clang, r-devel-linux-x86_64-fedora-gcc, r-devel-osx-x86_64-clang