CRAN Package Check Results for Package EILA

Last updated on 2014-12-22 17:51:23.

Flavor Version Tinstall Tcheck Ttotal Status Flags
r-devel-linux-x86_64-debian-clang 0.1-2 0.94 16.64 17.58 NOTE
r-devel-linux-x86_64-debian-gcc 0.1-2 0.90 16.14 17.04 NOTE
r-devel-linux-x86_64-fedora-clang 0.1-2 36.95 NOTE
r-devel-linux-x86_64-fedora-gcc 0.1-2 36.14 NOTE
r-devel-osx-x86_64-clang 0.1-2 34.94 NOTE
r-devel-windows-ix86+x86_64 0.1-2 4.00 27.00 31.00 NOTE
r-patched-linux-x86_64 0.1-2 1.26 17.42 18.68 NOTE
r-patched-solaris-sparc 0.1-2 222.40 NOTE
r-patched-solaris-x86 0.1-2 50.40 NOTE
r-release-linux-ix86 0.1-2 1.28 22.33 23.61 NOTE
r-release-linux-x86_64 0.1-2 1.03 17.08 18.12 NOTE
r-release-osx-x86_64-mavericks 0.1-2 NOTE
r-release-windows-ix86+x86_64 0.1-2 5.00 27.00 32.00 NOTE
r-oldrel-windows-ix86+x86_64 0.1-2 4.00 29.00 33.00 NOTE

Check Details

Version: 0.1-2
Check: dependencies in R code
Result: NOTE
    Packages in Depends field not imported from:
     ‘class’ ‘quantreg’
     These packages need to be imported from (in the NAMESPACE file)
     for when this namespace is loaded but not attached.
    See the information on DESCRIPTION files in the chapter ‘Creating R
    packages’ of the ‘Writing R Extensions’ manual.
Flavors: r-devel-linux-x86_64-debian-clang, r-devel-linux-x86_64-debian-gcc, r-devel-linux-x86_64-fedora-clang, r-devel-linux-x86_64-fedora-gcc, r-devel-osx-x86_64-clang, r-devel-windows-ix86+x86_64, r-patched-linux-x86_64, r-patched-solaris-sparc, r-patched-solaris-x86, r-release-linux-ix86, r-release-linux-x86_64, r-release-osx-x86_64-mavericks, r-release-windows-ix86+x86_64, r-oldrel-windows-ix86+x86_64

Version: 0.1-2
Check: R code for possible problems
Result: NOTE
    cluster.segment: no visible global function definition for ‘knn’
    quantreg.est: no visible global function definition for ‘rq.fit.fnb’
Flavors: r-devel-linux-x86_64-debian-clang, r-devel-linux-x86_64-debian-gcc, r-devel-linux-x86_64-fedora-clang, r-devel-linux-x86_64-fedora-gcc, r-devel-osx-x86_64-clang, r-devel-windows-ix86+x86_64, r-patched-linux-x86_64, r-patched-solaris-sparc, r-patched-solaris-x86, r-release-linux-ix86, r-release-linux-x86_64, r-release-windows-ix86+x86_64