CRAN Package Check Results for Package EILA

Last updated on 2014-04-17 20:47:34.

Flavor Version Tinstall Tcheck Ttotal Status Flags
r-devel-linux-x86_64-debian-clang 0.1-2 1.02 16.75 17.77 NOTE
r-devel-linux-x86_64-debian-gcc 0.1-2 1.11 17.14 18.25 NOTE
r-devel-linux-x86_64-fedora-clang 0.1-2 36.28 NOTE
r-devel-linux-x86_64-fedora-gcc 0.1-2 34.45 NOTE
r-devel-macosx-x86_64-clang 0.1-2 38.35 NOTE
r-devel-macosx-x86_64-gcc 0.1-2 ERROR
r-devel-windows-ix86+x86_64 0.1-2 4.00 28.00 32.00 NOTE
r-patched-linux-x86_64 0.1-2 1.02 17.04 18.05 NOTE
r-patched-solaris-sparc 0.1-2 200.00 NOTE
r-patched-solaris-x86 0.1-2 50.20 NOTE
r-release-linux-ix86 0.1-2 3.00 43.00 46.00 NOTE
r-release-linux-x86_64 0.1-2 1.02 17.52 18.54 NOTE
r-release-windows-ix86+x86_64 0.1-2 3.00 30.00 33.00 NOTE
r-oldrel-windows-ix86+x86_64 0.1-2 4.00 30.00 34.00 NOTE

Check Details

Version: 0.1-2
Check: dependencies in R code
Result: NOTE
    Packages in Depends field not imported from:
     ‘class’ ‘quantreg’
     These packages need to be imported from (in the NAMESPACE file)
     for when this namespace is loaded but not attached.
    See the information on DESCRIPTION files in the chapter ‘Creating R
    packages’ of the ‘Writing R Extensions’ manual.
Flavors: r-devel-linux-x86_64-debian-clang, r-devel-linux-x86_64-debian-gcc, r-devel-linux-x86_64-fedora-clang, r-devel-linux-x86_64-fedora-gcc, r-devel-macosx-x86_64-clang, r-devel-windows-ix86+x86_64, r-patched-linux-x86_64, r-patched-solaris-sparc, r-patched-solaris-x86, r-release-linux-ix86, r-release-linux-x86_64, r-release-windows-ix86+x86_64, r-oldrel-windows-ix86+x86_64

Version: 0.1-2
Check: package dependencies
Result: ERROR
    Package required but not available: ‘quantreg’
    
    See the information on DESCRIPTION files in the chapter ‘Creating R
    packages’ of the ‘Writing R Extensions’ manual.
Flavor: r-devel-macosx-x86_64-gcc