CRAN Package Check Results for Package EILA

Last updated on 2015-04-26 09:46:25.

Flavor Version Tinstall Tcheck Ttotal Status Flags
r-devel-linux-x86_64-debian-clang 0.1-2 0.81 15.19 16.00 NOTE
r-devel-linux-x86_64-debian-gcc 0.1-2 0.97 14.89 15.86 NOTE
r-devel-linux-x86_64-fedora-clang 0.1-2 30.53 NOTE
r-devel-linux-x86_64-fedora-gcc 0.1-2 30.29 NOTE
r-devel-osx-x86_64-clang 0.1-2 31.88 NOTE
r-devel-windows-ix86+x86_64 0.1-2 3.00 24.00 27.00 NOTE
r-patched-linux-x86_64 0.1-2 0.84 14.33 15.17 NOTE
r-patched-solaris-sparc 0.1-2 205.20 NOTE
r-patched-solaris-x86 0.1-2 42.70 NOTE
r-release-linux-x86_64 0.1-2 0.82 14.10 14.92 NOTE
r-release-osx-x86_64-mavericks 0.1-2 NOTE
r-release-osx-x86_64-snowleopard 0.1-2 ERROR
r-release-windows-ix86+x86_64 0.1-2 3.00 24.00 27.00 NOTE
r-oldrel-windows-ix86+x86_64 0.1-2 4.00 26.00 30.00 NOTE

Check Details

Version: 0.1-2
Check: DESCRIPTION meta-information
Result: NOTE
    Malformed Description field: should contain one or more complete sentences.
Flavors: r-devel-linux-x86_64-fedora-gcc, r-devel-windows-ix86+x86_64, r-release-windows-ix86+x86_64

Version: 0.1-2
Check: dependencies in R code
Result: NOTE
    Packages in Depends field not imported from:
     ‘class’ ‘quantreg’
     These packages need to be imported from (in the NAMESPACE file)
     for when this namespace is loaded but not attached.
Flavors: r-devel-linux-x86_64-fedora-gcc, r-devel-windows-ix86+x86_64, r-release-windows-ix86+x86_64, r-oldrel-windows-ix86+x86_64

Version: 0.1-2
Check: R code for possible problems
Result: NOTE
    cluster.segment: no visible global function definition for ‘knn’
    quantreg.est: no visible global function definition for ‘rq.fit.fnb’
Flavors: r-devel-linux-x86_64-fedora-gcc, r-devel-windows-ix86+x86_64, r-release-windows-ix86+x86_64, r-oldrel-windows-ix86+x86_64