CRAN Package Check Results for Package EILA

Last updated on 2015-07-05 03:47:23.

Flavor Version Tinstall Tcheck Ttotal Status Flags
r-devel-linux-x86_64-debian-clang 0.1-2 0.82 14.45 15.27 NOTE
r-devel-linux-x86_64-debian-gcc 0.1-2 0.74 14.34 15.08 NOTE
r-devel-linux-x86_64-fedora-clang 0.1-2 28.51 NOTE
r-devel-linux-x86_64-fedora-gcc 0.1-2 27.47 NOTE
r-devel-osx-x86_64-clang 0.1-2 28.11 NOTE
r-devel-windows-ix86+x86_64 0.1-2 3.00 25.00 28.00 NOTE
r-patched-linux-x86_64 0.1-2 0.80 14.25 15.05 NOTE
r-patched-solaris-sparc 0.1-2 182.20 NOTE
r-patched-solaris-x86 0.1-2 43.60 NOTE
r-release-linux-x86_64 0.1-2 0.77 14.86 15.62 NOTE
r-release-osx-x86_64-mavericks 0.1-2 NOTE
r-release-windows-ix86+x86_64 0.1-2 5.00 27.00 32.00 NOTE
r-oldrel-windows-ix86+x86_64 0.1-2 4.00 28.00 32.00 NOTE

Check Details

Version: 0.1-2
Check: DESCRIPTION meta-information
Result: NOTE
    Malformed Description field: should contain one or more complete sentences.
Flavors: r-devel-linux-x86_64-debian-clang, r-devel-linux-x86_64-debian-gcc, r-devel-linux-x86_64-fedora-clang, r-devel-linux-x86_64-fedora-gcc, r-devel-osx-x86_64-clang, r-devel-windows-ix86+x86_64, r-patched-linux-x86_64, r-patched-solaris-sparc, r-patched-solaris-x86, r-release-linux-x86_64, r-release-osx-x86_64-mavericks, r-release-windows-ix86+x86_64

Version: 0.1-2
Check: dependencies in R code
Result: NOTE
    Packages in Depends field not imported from:
     ‘class’ ‘quantreg’
     These packages need to be imported from (in the NAMESPACE file)
     for when this namespace is loaded but not attached.
Flavors: r-devel-linux-x86_64-debian-clang, r-devel-linux-x86_64-debian-gcc, r-devel-linux-x86_64-fedora-clang, r-devel-linux-x86_64-fedora-gcc, r-devel-osx-x86_64-clang, r-devel-windows-ix86+x86_64, r-patched-linux-x86_64, r-patched-solaris-sparc, r-patched-solaris-x86, r-release-linux-x86_64, r-release-osx-x86_64-mavericks, r-release-windows-ix86+x86_64, r-oldrel-windows-ix86+x86_64

Version: 0.1-2
Check: R code for possible problems
Result: NOTE
    cluster.segment: no visible global function definition for ‘kmeans’
    cluster.segment: no visible global function definition for ‘knn’
    comp.anc.dist: no visible global function definition for ‘wilcox.test’
    eila: no visible global function definition for ‘hasArg’
    get.prob.score: no visible global function definition for ‘glm’
    get.prob.score: Error while checking: invalid ‘envir’ argument
    quantreg.est: no visible global function definition for ‘rnorm’
    quantreg.est: no visible global function definition for ‘rq.fit.fnb’
    Undefined global functions or variables:
     glm hasArg kmeans knn rnorm rq.fit.fnb wilcox.test
Flavors: r-devel-linux-x86_64-debian-clang, r-devel-linux-x86_64-debian-gcc, r-devel-linux-x86_64-fedora-clang, r-devel-linux-x86_64-fedora-gcc

Version: 0.1-2
Check: R code for possible problems
Result: NOTE
    cluster.segment: no visible global function definition for ‘knn’
    quantreg.est: no visible global function definition for ‘rq.fit.fnb’
    Undefined global functions or variables:
     knn rq.fit.fnb
Flavor: r-devel-osx-x86_64-clang

Version: 0.1-2
Check: R code for possible problems
Result: NOTE
    cluster.segment: no visible global function definition for 'kmeans'
    cluster.segment: no visible global function definition for 'knn'
    comp.anc.dist: no visible global function definition for 'wilcox.test'
    eila: no visible global function definition for 'hasArg'
    get.prob.score: no visible global function definition for 'glm'
    get.prob.score: no visible global function definition for 'binomial'
    get.prob.score: no visible binding for global variable 'logit'
    get.prob.score: no visible global function definition for 'predict'
    quantreg.est: no visible global function definition for 'rnorm'
    quantreg.est: no visible global function definition for 'rq.fit.fnb'
    Undefined global functions or variables:
     binomial glm hasArg kmeans knn logit predict rnorm rq.fit.fnb
     wilcox.test
Flavor: r-devel-windows-ix86+x86_64

Version: 0.1-2
Check: R code for possible problems
Result: NOTE
    cluster.segment: no visible global function definition for ‘knn’
    quantreg.est: no visible global function definition for ‘rq.fit.fnb’
Flavors: r-patched-linux-x86_64, r-patched-solaris-sparc, r-patched-solaris-x86, r-release-linux-x86_64, r-release-osx-x86_64-mavericks, r-release-windows-ix86+x86_64, r-oldrel-windows-ix86+x86_64