CRAN Package Check Results for Package EILA

Last updated on 2015-09-04 23:56:07.

Flavor Version Tinstall Tcheck Ttotal Status Flags
r-devel-linux-x86_64-debian-clang 0.1-2 2.64 29.85 32.49 NOTE
r-devel-linux-x86_64-debian-gcc 0.1-2 2.64 30.33 32.97 NOTE
r-devel-linux-x86_64-fedora-clang 0.1-2 66.28 NOTE
r-devel-linux-x86_64-fedora-gcc 0.1-2 62.96 NOTE
r-devel-osx-x86_64-clang 0.1-2 56.86 NOTE
r-devel-windows-ix86+x86_64 0.1-2 8.00 47.00 55.00 NOTE
r-patched-linux-x86_64 0.1-2 2.77 31.20 33.98 NOTE
r-patched-solaris-sparc 0.1-2 188.10 NOTE
r-patched-solaris-x86 0.1-2 97.50 NOTE
r-release-linux-x86_64 0.1-2 2.79 30.93 33.72 NOTE
r-release-osx-x86_64-mavericks 0.1-2 NOTE
r-release-windows-ix86+x86_64 0.1-2 11.00 52.00 63.00 NOTE
r-oldrel-windows-ix86+x86_64 0.1-2 10.00 67.00 77.00 NOTE

Check Details

Version: 0.1-2
Check: DESCRIPTION meta-information
Result: NOTE
    Malformed Description field: should contain one or more complete sentences.
Flavors: r-devel-linux-x86_64-debian-clang, r-devel-linux-x86_64-debian-gcc, r-devel-linux-x86_64-fedora-clang, r-devel-linux-x86_64-fedora-gcc, r-devel-osx-x86_64-clang, r-devel-windows-ix86+x86_64, r-patched-linux-x86_64, r-patched-solaris-sparc, r-patched-solaris-x86, r-release-linux-x86_64, r-release-osx-x86_64-mavericks, r-release-windows-ix86+x86_64

Version: 0.1-2
Check: dependencies in R code
Result: NOTE
    Packages in Depends field not imported from:
     ‘class’ ‘quantreg’
     These packages need to be imported from (in the NAMESPACE file)
     for when this namespace is loaded but not attached.
Flavors: r-devel-linux-x86_64-debian-clang, r-devel-linux-x86_64-debian-gcc, r-devel-linux-x86_64-fedora-clang, r-devel-linux-x86_64-fedora-gcc, r-devel-osx-x86_64-clang, r-devel-windows-ix86+x86_64, r-patched-linux-x86_64, r-patched-solaris-sparc, r-patched-solaris-x86, r-release-linux-x86_64, r-release-osx-x86_64-mavericks, r-release-windows-ix86+x86_64, r-oldrel-windows-ix86+x86_64

Version: 0.1-2
Check: R code for possible problems
Result: NOTE
    cluster.segment: no visible global function definition for ‘kmeans’
    cluster.segment: no visible global function definition for ‘knn’
    comp.anc.dist: no visible global function definition for ‘wilcox.test’
    eila: no visible global function definition for ‘hasArg’
    get.prob.score: no visible global function definition for ‘glm’
    get.prob.score: no visible global function definition for ‘binomial’
    get.prob.score: no visible binding for global variable ‘logit’
    get.prob.score: no visible global function definition for ‘predict’
    quantreg.est: no visible global function definition for ‘rnorm’
    quantreg.est: no visible global function definition for ‘rq.fit.fnb’
    Undefined global functions or variables:
     binomial glm hasArg kmeans knn logit predict rnorm rq.fit.fnb
     wilcox.test
    Consider adding
     importFrom("methods", "hasArg")
     importFrom("stats", "binomial", "glm", "kmeans", "predict", "rnorm",
     "wilcox.test")
    to your NAMESPACE (and ensure that your DESCRIPTION Imports field
    contains 'methods').
Flavors: r-devel-linux-x86_64-debian-clang, r-devel-linux-x86_64-debian-gcc, r-devel-linux-x86_64-fedora-clang, r-devel-linux-x86_64-fedora-gcc, r-devel-windows-ix86+x86_64

Version: 0.1-2
Check: R code for possible problems
Result: NOTE
    cluster.segment: no visible global function definition for ‘knn’
    quantreg.est: no visible global function definition for ‘rq.fit.fnb’
    Undefined global functions or variables:
     knn rq.fit.fnb
Flavor: r-devel-osx-x86_64-clang

Version: 0.1-2
Check: R code for possible problems
Result: NOTE
    cluster.segment: no visible global function definition for ‘knn’
    quantreg.est: no visible global function definition for ‘rq.fit.fnb’
Flavors: r-patched-linux-x86_64, r-patched-solaris-sparc, r-patched-solaris-x86, r-release-linux-x86_64, r-release-osx-x86_64-mavericks, r-release-windows-ix86+x86_64, r-oldrel-windows-ix86+x86_64