CRAN Package Check Results for Package EILA

Last updated on 2014-07-22 15:51:49.

Flavor Version Tinstall Tcheck Ttotal Status Flags
r-devel-linux-x86_64-debian-clang 0.1-2 0.94 16.04 16.98 NOTE
r-devel-linux-x86_64-debian-gcc 0.1-2 1.04 16.42 17.46 NOTE
r-devel-linux-x86_64-fedora-clang 0.1-2 36.10 NOTE
r-devel-linux-x86_64-fedora-gcc 0.1-2 34.47 NOTE
r-devel-osx-x86_64-clang 0.1-2 36.76 NOTE
r-devel-windows-ix86+x86_64 0.1-2 4.00 25.00 29.00 NOTE
r-patched-linux-x86_64 0.1-2 1.10 16.59 17.69 NOTE
r-patched-solaris-sparc 0.1-2 200.00 NOTE
r-patched-solaris-x86 0.1-2 49.30 NOTE
r-release-linux-ix86 0.1-2 1.36 23.48 24.84 NOTE
r-release-linux-x86_64 0.1-2 0.98 16.63 17.60 NOTE
r-release-osx-x86_64-mavericks 0.1-2 NOTE
r-release-windows-ix86+x86_64 0.1-2 4.00 33.00 37.00 NOTE
r-oldrel-windows-ix86+x86_64 0.1-2 4.00 32.00 36.00 NOTE

Check Details

Version: 0.1-2
Check: dependencies in R code
Result: NOTE
    Packages in Depends field not imported from:
     ‘class’ ‘quantreg’
     These packages need to be imported from (in the NAMESPACE file)
     for when this namespace is loaded but not attached.
    See the information on DESCRIPTION files in the chapter ‘Creating R
    packages’ of the ‘Writing R Extensions’ manual.
Flavors: r-devel-linux-x86_64-debian-clang, r-devel-linux-x86_64-debian-gcc, r-devel-linux-x86_64-fedora-clang, r-devel-linux-x86_64-fedora-gcc, r-devel-osx-x86_64-clang, r-devel-windows-ix86+x86_64, r-patched-linux-x86_64, r-patched-solaris-sparc, r-patched-solaris-x86, r-release-linux-ix86, r-release-linux-x86_64, r-release-osx-x86_64-mavericks, r-release-windows-ix86+x86_64, r-oldrel-windows-ix86+x86_64