CRAN Package Check Results for Package ELT

Last updated on 2015-07-07 15:46:27.

Flavor Version Tinstall Tcheck Ttotal Status Flags
r-devel-linux-x86_64-debian-clang 1.3 3.33 38.33 41.66 NOTE
r-devel-linux-x86_64-debian-gcc 1.3 3.24 38.63 41.87 NOTE
r-devel-linux-x86_64-fedora-clang 1.3 97.40 NOTE
r-devel-linux-x86_64-fedora-gcc 1.3 93.38 NOTE
r-devel-osx-x86_64-clang 1.3 79.14 OK
r-devel-windows-ix86+x86_64 1.3 13.00 56.00 69.00 NOTE
r-patched-linux-x86_64 1.3 3.10 38.88 41.97 OK
r-patched-solaris-sparc 1.3 500.30 OK
r-patched-solaris-x86 1.3 119.30 OK
r-release-linux-x86_64 1.3 3.20 41.08 44.28 OK
r-release-osx-x86_64-mavericks 1.3 OK
r-release-windows-ix86+x86_64 1.3 12.00 57.00 69.00 OK
r-oldrel-windows-ix86+x86_64 1.3 13.00 72.00 85.00 OK

Check Details

Version: 1.3
Check: R code for possible problems
Result: NOTE
    .BeforeAfterCompletion: no visible global function definition for
     ‘plot’
    .BeforeAfterCompletion: no visible global function definition for
     ‘points’
    .BeforeAfterCompletion: no visible global function definition for
     ‘legend’
    .CompletionDG2005: no visible global function definition for ‘lm’
    .CompletionDG2005: no visible global function definition for ‘fitted’
    .CompletionDG2005: no visible global function definition for ‘coef’
    .FitPopsAfterCompletionLog: no visible global function definition for
     ‘plot’
    .FitPopsAfterCompletionLog: no visible global function definition for
     ‘points’
    .FitPopsAfterCompletionLog: no visible global function definition for
     ‘legend’
    .FittedDxtAndConfInt: no visible global function definition for ‘qnorm’
    .GetQtiles: no visible global function definition for ‘quantile’
    .PlotFitteddeathsMethods: no visible global function definition for
     ‘gray’
    .PlotHistory: no visible global function definition for ‘png’
    .PlotHistory: no visible global function definition for ‘dev.off’
    .PlotMethod: no visible global function definition for ‘png’
    .PlotMethod: no visible global function definition for ‘dev.off’
    .PlotPLEMethods: no visible global function definition for ‘gray’
    .PlotRes: no visible global function definition for ‘fitted’
    .PlotResidualsMethods: no visible global function definition for
     ‘fitted’
    .SimDxt: no visible global function definition for ‘rpois’
    .TestsLevel1: no visible global function definition for ‘qchisq’
    .TestsLevel1: no visible global function definition for ‘pchisq’
    .TestsLevel1: no visible global function definition for ‘qnorm’
    .TestsLevel1: no visible global function definition for ‘pnorm’
    .TestsLevel2: no visible global function definition for ‘qnorm’
    .TestsLevel2: no visible global function definition for ‘pnorm’
    ComparisonMethods: no visible global function definition for ‘png’
    ComparisonMethods: no visible global function definition for ‘dev.off’
    CompletionA: no visible global function definition for ‘dev.new’
    CompletionB: no visible global function definition for ‘png’
    CompletionB: no visible global function definition for ‘dev.off’
    Dispersion: no visible global function definition for ‘png’
    Dispersion: no visible global function definition for ‘dev.off’
    FctMethod2: no visible global function definition for ‘constrOptim’
    FctMethod3: no visible global function definition for ‘glm’
    FctMethod3: no visible binding for global variable ‘poisson’
    FctMethod3: no visible global function definition for ‘coef’
    FctMethod4_2ndPart: no visible global function definition for ‘predict’
    Method4A: no visible global function definition for ‘dev.new’
    Method4B: no visible global function definition for ‘dev.new’
    SurfacePlot: no visible global function definition for
     ‘colorRampPalette’
    ValidationLevel1: no visible global function definition for ‘png’
    ValidationLevel1: no visible global function definition for ‘dev.off’
    ValidationLevel3: no visible global function definition for ‘png’
    ValidationLevel3: no visible global function definition for ‘dev.off’
    ValidationLevel3: no visible global function definition for ‘plot’
    Undefined global functions or variables:
     coef colorRampPalette constrOptim dev.new dev.off fitted glm gray
     legend lm pchisq plot png pnorm points poisson predict qchisq qnorm
     quantile rpois
Flavors: r-devel-linux-x86_64-debian-clang, r-devel-linux-x86_64-debian-gcc, r-devel-linux-x86_64-fedora-clang, r-devel-linux-x86_64-fedora-gcc, r-devel-windows-ix86+x86_64