CRAN Package Check Results for Package ELT

Last updated on 2015-08-03 23:47:47.

Flavor Version Tinstall Tcheck Ttotal Status Flags
r-devel-linux-x86_64-debian-clang 1.3 3.22 40.18 43.41 NOTE
r-devel-linux-x86_64-debian-gcc 1.3 3.12 38.93 42.05 NOTE
r-devel-linux-x86_64-fedora-clang 1.3 100.14 NOTE
r-devel-linux-x86_64-fedora-gcc 1.3 93.19 NOTE
r-devel-osx-x86_64-clang 1.3 76.62 OK
r-devel-windows-ix86+x86_64 1.3 10.00 61.00 71.00 NOTE
r-patched-linux-x86_64 1.3 3.20 39.02 42.21 OK
r-patched-solaris-sparc 1.3 510.00 OK
r-patched-solaris-x86 1.3 116.10 OK
r-release-linux-x86_64 1.3 3.29 38.97 42.26 OK
r-release-osx-x86_64-mavericks 1.3 OK
r-release-windows-ix86+x86_64 1.3 13.00 59.00 72.00 OK
r-oldrel-windows-ix86+x86_64 1.3 16.00 70.00 86.00 OK

Check Details

Version: 1.3
Check: R code for possible problems
Result: NOTE
    .BeforeAfterCompletion: no visible global function definition for
     ‘plot’
    .BeforeAfterCompletion: no visible global function definition for
     ‘points’
    .BeforeAfterCompletion: no visible global function definition for
     ‘legend’
    .CompletionDG2005: no visible global function definition for ‘lm’
    .CompletionDG2005: no visible global function definition for ‘fitted’
    .CompletionDG2005: no visible global function definition for ‘coef’
    .FitPopsAfterCompletionLog: no visible global function definition for
     ‘plot’
    .FitPopsAfterCompletionLog: no visible global function definition for
     ‘points’
    .FitPopsAfterCompletionLog: no visible global function definition for
     ‘legend’
    .FittedDxtAndConfInt: no visible global function definition for ‘qnorm’
    .GetQtiles: no visible global function definition for ‘quantile’
    .PlotFitteddeathsMethods: no visible global function definition for
     ‘gray’
    .PlotHistory: no visible global function definition for ‘png’
    .PlotHistory: no visible global function definition for ‘dev.off’
    .PlotMethod: no visible global function definition for ‘png’
    .PlotMethod: no visible global function definition for ‘dev.off’
    .PlotPLEMethods: no visible global function definition for ‘gray’
    .PlotRes: no visible global function definition for ‘fitted’
    .PlotResidualsMethods: no visible global function definition for
     ‘fitted’
    .SimDxt: no visible global function definition for ‘rpois’
    .TestsLevel1: no visible global function definition for ‘qchisq’
    .TestsLevel1: no visible global function definition for ‘pchisq’
    .TestsLevel1: no visible global function definition for ‘qnorm’
    .TestsLevel1: no visible global function definition for ‘pnorm’
    .TestsLevel2: no visible global function definition for ‘qnorm’
    .TestsLevel2: no visible global function definition for ‘pnorm’
    ComparisonMethods: no visible global function definition for ‘png’
    ComparisonMethods: no visible global function definition for ‘dev.off’
    CompletionA: no visible global function definition for ‘dev.new’
    CompletionB: no visible global function definition for ‘png’
    CompletionB: no visible global function definition for ‘dev.off’
    Dispersion: no visible global function definition for ‘png’
    Dispersion: no visible global function definition for ‘dev.off’
    FctMethod2: no visible global function definition for ‘constrOptim’
    FctMethod3: no visible global function definition for ‘glm’
    FctMethod3: no visible binding for global variable ‘poisson’
    FctMethod3: no visible global function definition for ‘coef’
    FctMethod4_2ndPart: no visible global function definition for ‘predict’
    Method4A: no visible global function definition for ‘dev.new’
    Method4B: no visible global function definition for ‘dev.new’
    SurfacePlot: no visible global function definition for
     ‘colorRampPalette’
    ValidationLevel1: no visible global function definition for ‘png’
    ValidationLevel1: no visible global function definition for ‘dev.off’
    ValidationLevel3: no visible global function definition for ‘png’
    ValidationLevel3: no visible global function definition for ‘dev.off’
    ValidationLevel3: no visible global function definition for ‘plot’
    Undefined global functions or variables:
     coef colorRampPalette constrOptim dev.new dev.off fitted glm gray
     legend lm pchisq plot png pnorm points poisson predict qchisq qnorm
     quantile rpois
    Consider adding
     importFrom("grDevices", "colorRampPalette", "dev.new", "dev.off",
     "gray", "png")
     importFrom("graphics", "legend", "plot", "points")
     importFrom("stats", "coef", "constrOptim", "fitted", "glm", "lm",
     "pchisq", "pnorm", "poisson", "predict", "qchisq", "qnorm",
     "quantile", "rpois")
    to your NAMESPACE.
Flavors: r-devel-linux-x86_64-debian-clang, r-devel-linux-x86_64-debian-gcc, r-devel-linux-x86_64-fedora-clang, r-devel-linux-x86_64-fedora-gcc, r-devel-windows-ix86+x86_64