CRAN Package Check Results for Package ELT

Last updated on 2015-05-26 17:47:07.

Flavor Version Tinstall Tcheck Ttotal Status Flags
r-devel-linux-x86_64-debian-clang 1.3 3.12 39.31 42.44 OK
r-devel-linux-x86_64-debian-gcc 1.3 3.23 38.25 41.48 OK
r-devel-linux-x86_64-fedora-clang 1.3 98.62 OK
r-devel-linux-x86_64-fedora-gcc 1.3 93.66 OK
r-devel-osx-x86_64-clang 1.3 79.21 OK
r-devel-windows-ix86+x86_64 1.3 9.00 52.00 61.00 OK
r-patched-linux-x86_64 1.3 3.20 39.24 42.44 OK
r-patched-solaris-sparc 1.3 500.30 OK
r-patched-solaris-x86 1.3 113.90 OK
r-release-linux-x86_64 1.3 3.24 38.93 42.17 OK
r-release-osx-x86_64-mavericks 1.3 OK
r-release-osx-x86_64-snowleopard 1.3 ERROR
r-release-windows-ix86+x86_64 1.3 10.00 59.00 69.00 OK
r-oldrel-windows-ix86+x86_64 1.3 14.00 61.00 75.00 OK

Check Details

Version: 1.3
Check: package dependencies
Result: ERROR
    Package required but not available: ‘latticeExtra’
    
    See section ‘The DESCRIPTION file’ in the ‘Writing R Extensions’
    manual.
Flavor: r-release-osx-x86_64-snowleopard