Last updated on 2023-03-27 02:52:12 CEST.
Flavor | Version | Tinstall | Tcheck | Ttotal | Status | Flags |
---|---|---|---|---|---|---|
r-devel-linux-x86_64-debian-clang | 0.2.2 | 0.37 | 1.81 | 2.18 | ERROR | |
r-devel-linux-x86_64-debian-gcc | 0.2.2 | 52.50 | 450.31 | 502.81 | OK | |
r-devel-linux-x86_64-fedora-gcc | 0.2.2 | 845.96 | OK | |||
r-devel-windows-x86_64 | 0.2.2 | 68.00 | 597.00 | 665.00 | OK | |
r-patched-linux-x86_64 | 0.2.2 | 67.88 | 566.08 | 633.96 | OK | |
r-release-linux-x86_64 | 0.2.2 | 61.85 | 533.71 | 595.56 | OK | |
r-release-macos-arm64 | 0.2.2 | 186.00 | OK | |||
r-release-macos-x86_64 | 0.2.2 | 265.00 | OK | |||
r-release-windows-x86_64 | 0.2.2 | 78.00 | 560.00 | 638.00 | OK | |
r-oldrel-macos-arm64 | 0.2.2 | 174.00 | OK | |||
r-oldrel-macos-x86_64 | 0.2.2 | 245.00 | OK | |||
r-oldrel-windows-ix86+x86_64 | 0.2.2 | 134.00 | 505.00 | 639.00 | NOTE |
Version: 0.2.2
Check: package dependencies
Result: ERROR
Packages required but not available:
'minfi', 'IlluminaHumanMethylationEPICanno.ilm10b4.hg19',
'IlluminaHumanMethylation450kanno.ilmn12.hg19'
See section ‘The DESCRIPTION file’ in the ‘Writing R Extensions’
manual.
Flavor: r-devel-linux-x86_64-debian-clang
Version: 0.2.2
Check: R code for possible problems
Result: NOTE
Initiating curl with CURL_SSL_BACKEND: openssl
Flavor: r-oldrel-windows-ix86+x86_64