CRAN Package Check Results for Package EMAtools

Last updated on 2020-02-20 08:48:06 CET.

Flavor Version Tinstall Tcheck Ttotal Status Flags
r-devel-linux-x86_64-debian-clang 0.1.3 13.20 101.71 114.91 OK
r-devel-linux-x86_64-debian-gcc 0.1.3 11.01 76.33 87.34 OK
r-devel-linux-x86_64-fedora-clang 0.1.3 133.52 OK
r-devel-linux-x86_64-fedora-gcc 0.1.3 132.50 OK
r-devel-windows-ix86+x86_64 0.1.3 29.00 99.00 128.00 OK
r-devel-windows-ix86+x86_64-gcc8 0.1.3 52.00 148.00 200.00 OK
r-patched-linux-x86_64 0.1.3 10.71 86.36 97.07 OK
r-patched-solaris-x86 0.1.3 171.20 OK
r-release-linux-x86_64 0.1.3 11.30 85.56 96.86 OK
r-release-windows-ix86+x86_64 0.1.3 4.00 5.00 9.00 ERROR
r-release-osx-x86_64 0.1.3 OK
r-oldrel-windows-ix86+x86_64 0.1.3 15.00 95.00 110.00 OK
r-oldrel-osx-x86_64 0.1.3 OK

Check Details

Version: 0.1.3
Check: whether package can be installed
Result: ERROR
    Installation failed.
Flavor: r-release-windows-ix86+x86_64