CRAN Package Check Results for Package EMC

Last updated on 2015-03-31 08:51:19.

Flavor Version Tinstall Tcheck Ttotal Status Flags
r-devel-linux-x86_64-debian-clang 1.3 1.58 15.36 16.94 NOTE
r-devel-linux-x86_64-debian-gcc 1.3 2.08 14.44 16.53 NOTE
r-devel-linux-x86_64-fedora-clang 1.3 30.39 NOTE
r-devel-linux-x86_64-fedora-gcc 1.3 28.78 NOTE
r-devel-osx-x86_64-clang 1.3 36.16 NOTE
r-prerel-windows-ix86+x86_64 1.3 9.00 29.00 38.00 NOTE
r-prerel-linux-x86_64 1.3 1.93 14.56 16.49 NOTE
r-prerel-solaris-sparc 1.3 219.20 NOTE
r-prerel-solaris-x86 1.3 41.10 NOTE
r-release-linux-x86_64 1.3 2.12 16.11 18.23 NOTE
r-release-osx-x86_64-mavericks 1.3 NOTE
r-release-windows-ix86+x86_64 1.3 9.00 33.00 42.00 NOTE
r-oldrel-windows-ix86+x86_64 1.3 9.00 34.00 43.00 NOTE

Check Details

Version: 1.3
Check: DESCRIPTION meta-information
Result: NOTE
    Malformed Description field: should contain one or more complete sentences.
Flavors: r-devel-linux-x86_64-debian-clang, r-devel-linux-x86_64-debian-gcc, r-devel-linux-x86_64-fedora-clang, r-devel-linux-x86_64-fedora-gcc, r-devel-osx-x86_64-clang, r-prerel-windows-ix86+x86_64, r-prerel-linux-x86_64, r-prerel-solaris-sparc, r-prerel-solaris-x86

Version: 1.3
Check: top-level files
Result: NOTE
    Non-standard file/directory found at top level:
     ‘etc’
Flavors: r-devel-linux-x86_64-debian-clang, r-devel-linux-x86_64-debian-gcc, r-devel-linux-x86_64-fedora-clang, r-devel-linux-x86_64-fedora-gcc, r-prerel-linux-x86_64, r-release-linux-x86_64

Version: 1.3
Check: dependencies in R code
Result: NOTE
    Packages in Depends field not imported from:
     ‘MASS’ ‘mvtnorm’
     These packages need to be imported from (in the NAMESPACE file)
     for when this namespace is loaded but not attached.
Flavors: r-devel-linux-x86_64-debian-clang, r-devel-linux-x86_64-debian-gcc, r-devel-linux-x86_64-fedora-clang, r-devel-linux-x86_64-fedora-gcc, r-devel-osx-x86_64-clang, r-prerel-windows-ix86+x86_64, r-prerel-linux-x86_64, r-prerel-solaris-sparc, r-prerel-solaris-x86, r-release-linux-x86_64, r-release-windows-ix86+x86_64

Version: 1.3
Check: R code for possible problems
Result: NOTE
    File ‘EMC/R/zzz.R’:
     .onLoad calls:
     packageStartupMessage("##\n", "## Evolutionary Monte Carlo Package (EMC)\n", "##\n", "## Functionality: random walk Metropolis, general Metropolis-Hastings\n", "## parallel tempering, target oriented EMC (TOEMC), temperature ladder\n", "## construction and placement\n", "##\n", "## Use: \"help(package = EMC)\" at the R prompt for more info\n", "##\n", "## Copyright (C) 2006-", this.year, " Gopi Goswami\n", "##\n", "## Created by: Gopi Goswami <goswami@stat.harvard.edu>\n", "## Maintained by: Gopi Goswami <grgoswami@gmail.com>\n", "##\n")
    
    See section ‘Good practice’ in '?.onAttach'.
    
    CigarShapedFuncGenerator1 : logTarDensFunc: no visible global function
     definition for ‘dmvnorm’
    CigarShapedFuncGenerator2 : logTarDensFunc: no visible global function
     definition for ‘dmvnorm’
    VShapedFuncGenerator : logTarDensFunc : <anonymous>: no visible global
     function definition for ‘dmvnorm’
    WShapedFuncGenerator : logTarDensFunc : <anonymous>: no visible global
     function definition for ‘dmvnorm’
    threeDimNormalFuncGenerator : logTarDensFunc: no visible global
     function definition for ‘dmvnorm’
    threeDimNormalFuncGenerator : propNewFunc: no visible global function
     definition for ‘mvrnorm’
    twentyModeFuncGenerator : logTarDensFunc : <anonymous>: no visible
     global function definition for ‘dmvnorm’
    uniModeFuncGenerator : logTarDensFunc: no visible global function
     definition for ‘dmvnorm’
Flavors: r-devel-linux-x86_64-debian-clang, r-devel-linux-x86_64-debian-gcc, r-devel-linux-x86_64-fedora-clang, r-devel-linux-x86_64-fedora-gcc, r-devel-osx-x86_64-clang, r-prerel-windows-ix86+x86_64, r-prerel-linux-x86_64, r-prerel-solaris-sparc, r-prerel-solaris-x86, r-release-linux-x86_64, r-release-osx-x86_64-mavericks, r-release-windows-ix86+x86_64

Version: 1.3
Check: dependencies in R code
Result: NOTE
    Packages in Depends field not imported from:
     ‘MASS’ ‘mvtnorm’
     These packages need to be imported from (in the NAMESPACE file)
     for when this namespace is loaded but not attached.
    See the information on DESCRIPTION files in the chapter ‘Creating R
    packages’ of the ‘Writing R Extensions’ manual.
Flavors: r-release-osx-x86_64-mavericks, r-oldrel-windows-ix86+x86_64

Version: 1.3
Check: R code for possible problems
Result: NOTE
    File 'EMC/R/zzz.R':
     .onLoad calls:
     packageStartupMessage("##\n", "## Evolutionary Monte Carlo Package (EMC)\n", "##\n", "## Functionality: random walk Metropolis, general Metropolis-Hastings\n", "## parallel tempering, target oriented EMC (TOEMC), temperature ladder\n", "## construction and placement\n", "##\n", "## Use: \"help(package = EMC)\" at the R prompt for more info\n", "##\n", "## Copyright (C) 2006-", this.year, " Gopi Goswami\n", "##\n", "## Created by: Gopi Goswami <goswami@stat.harvard.edu>\n", "## Maintained by: Gopi Goswami <grgoswami@gmail.com>\n", "##\n")
    
    See section 'Good practice' in '?.onAttach'.
Flavor: r-oldrel-windows-ix86+x86_64