CRAN Package Check Results for Package EMC

Last updated on 2014-10-23 05:46:40.

Flavor Version Tinstall Tcheck Ttotal Status Flags
r-devel-linux-x86_64-debian-clang 1.3 1.61 16.56 18.17 NOTE
r-devel-linux-x86_64-debian-gcc 1.3 1.92 15.58 17.50 NOTE
r-devel-linux-x86_64-fedora-clang 1.3 33.58 NOTE
r-devel-linux-x86_64-fedora-gcc 1.3 31.32 NOTE
r-devel-osx-x86_64-clang 1.3 35.60 NOTE
r-devel-windows-ix86+x86_64 1.3 8.00 31.00 39.00 NOTE
r-patched-linux-x86_64 1.3 2.03 16.32 18.35 NOTE
r-patched-solaris-sparc 1.3 192.70 NOTE
r-patched-solaris-x86 1.3 46.30 NOTE
r-release-linux-ix86 1.3 2.54 22.36 24.90 NOTE
r-release-linux-x86_64 1.3 1.99 16.29 18.28 NOTE
r-release-osx-x86_64-mavericks 1.3 NOTE
r-release-windows-ix86+x86_64 1.3 7.00 32.00 39.00 NOTE
r-oldrel-windows-ix86+x86_64 1.3 8.00 34.00 42.00 NOTE

Check Details

Version: 1.3
Check: top-level files
Result: NOTE
    Non-standard file/directory found at top level:
     ‘etc’
Flavors: r-devel-linux-x86_64-debian-clang, r-devel-linux-x86_64-debian-gcc, r-devel-linux-x86_64-fedora-clang, r-devel-linux-x86_64-fedora-gcc, r-patched-linux-x86_64, r-release-linux-x86_64

Version: 1.3
Check: dependencies in R code
Result: NOTE
    Packages in Depends field not imported from:
     ‘MASS’ ‘mvtnorm’
     These packages need to be imported from (in the NAMESPACE file)
     for when this namespace is loaded but not attached.
    See the information on DESCRIPTION files in the chapter ‘Creating R
    packages’ of the ‘Writing R Extensions’ manual.
Flavors: r-devel-linux-x86_64-debian-clang, r-devel-linux-x86_64-debian-gcc, r-devel-linux-x86_64-fedora-clang, r-devel-linux-x86_64-fedora-gcc, r-devel-osx-x86_64-clang, r-devel-windows-ix86+x86_64, r-patched-linux-x86_64, r-patched-solaris-sparc, r-patched-solaris-x86, r-release-linux-ix86, r-release-linux-x86_64, r-release-osx-x86_64-mavericks, r-release-windows-ix86+x86_64, r-oldrel-windows-ix86+x86_64

Version: 1.3
Check: R code for possible problems
Result: NOTE
    File ‘EMC/R/zzz.R’:
     .onLoad calls:
     packageStartupMessage("##\n", "## Evolutionary Monte Carlo Package (EMC)\n", "##\n", "## Functionality: random walk Metropolis, general Metropolis-Hastings\n", "## parallel tempering, target oriented EMC (TOEMC), temperature ladder\n", "## construction and placement\n", "##\n", "## Use: \"help(package = EMC)\" at the R prompt for more info\n", "##\n", "## Copyright (C) 2006-", this.year, " Gopi Goswami\n", "##\n", "## Created by: Gopi Goswami <goswami@stat.harvard.edu>\n", "## Maintained by: Gopi Goswami <grgoswami@gmail.com>\n", "##\n")
    
    See section ‘Good practice’ in '?.onAttach'.
    
    CigarShapedFuncGenerator1 : logTarDensFunc: no visible global function
     definition for ‘dmvnorm’
    CigarShapedFuncGenerator2 : logTarDensFunc: no visible global function
     definition for ‘dmvnorm’
    VShapedFuncGenerator : logTarDensFunc : <anonymous>: no visible global
     function definition for ‘dmvnorm’
    WShapedFuncGenerator : logTarDensFunc : <anonymous>: no visible global
     function definition for ‘dmvnorm’
    threeDimNormalFuncGenerator : logTarDensFunc: no visible global
     function definition for ‘dmvnorm’
    threeDimNormalFuncGenerator : propNewFunc: no visible global function
     definition for ‘mvrnorm’
    twentyModeFuncGenerator : logTarDensFunc : <anonymous>: no visible
     global function definition for ‘dmvnorm’
    uniModeFuncGenerator : logTarDensFunc: no visible global function
     definition for ‘dmvnorm’
Flavors: r-devel-linux-x86_64-debian-clang, r-devel-linux-x86_64-debian-gcc, r-devel-linux-x86_64-fedora-clang, r-devel-linux-x86_64-fedora-gcc, r-devel-osx-x86_64-clang, r-devel-windows-ix86+x86_64, r-patched-linux-x86_64, r-patched-solaris-sparc, r-patched-solaris-x86

Version: 1.3
Check: R code for possible problems
Result: NOTE
    File ‘EMC/R/zzz.R’:
     .onLoad calls:
     packageStartupMessage("##\n", "## Evolutionary Monte Carlo Package (EMC)\n", "##\n", "## Functionality: random walk Metropolis, general Metropolis-Hastings\n", "## parallel tempering, target oriented EMC (TOEMC), temperature ladder\n", "## construction and placement\n", "##\n", "## Use: \"help(package = EMC)\" at the R prompt for more info\n", "##\n", "## Copyright (C) 2006-", this.year, " Gopi Goswami\n", "##\n", "## Created by: Gopi Goswami <goswami@stat.harvard.edu>\n", "## Maintained by: Gopi Goswami <grgoswami@gmail.com>\n", "##\n")
    
    See section ‘Good practice’ in '?.onAttach'.
Flavors: r-release-linux-ix86, r-release-linux-x86_64, r-release-osx-x86_64-mavericks, r-release-windows-ix86+x86_64, r-oldrel-windows-ix86+x86_64