CRAN Package Check Results for Package EMC

Last updated on 2015-08-02 14:47:21.

Flavor Version Tinstall Tcheck Ttotal Status Flags
r-devel-linux-x86_64-debian-clang 1.3 1.49 15.14 16.63 NOTE
r-devel-linux-x86_64-debian-gcc 1.3 1.84 15.12 16.96 NOTE
r-devel-linux-x86_64-fedora-clang 1.3 30.46 NOTE
r-devel-linux-x86_64-fedora-gcc 1.3 29.50 NOTE
r-devel-osx-x86_64-clang 1.3 29.98 NOTE
r-devel-windows-ix86+x86_64 1.3 9.00 33.00 42.00 NOTE
r-patched-linux-x86_64 1.3 1.89 15.04 16.94 NOTE
r-patched-solaris-sparc 1.3 194.60 NOTE
r-patched-solaris-x86 1.3 44.70 NOTE
r-release-linux-x86_64 1.3 1.88 15.90 17.78 NOTE
r-release-osx-x86_64-mavericks 1.3 NOTE
r-release-windows-ix86+x86_64 1.3 14.00 51.00 65.00 NOTE
r-oldrel-windows-ix86+x86_64 1.3 13.00 36.00 49.00 NOTE

Check Details

Version: 1.3
Check: DESCRIPTION meta-information
Result: NOTE
    Malformed Description field: should contain one or more complete sentences.
Flavors: r-devel-linux-x86_64-debian-clang, r-devel-linux-x86_64-debian-gcc, r-devel-linux-x86_64-fedora-clang, r-devel-linux-x86_64-fedora-gcc, r-devel-osx-x86_64-clang, r-devel-windows-ix86+x86_64, r-patched-linux-x86_64, r-patched-solaris-sparc, r-patched-solaris-x86, r-release-linux-x86_64, r-release-osx-x86_64-mavericks, r-release-windows-ix86+x86_64

Version: 1.3
Check: top-level files
Result: NOTE
    Non-standard file/directory found at top level:
     ‘etc’
Flavors: r-devel-linux-x86_64-debian-clang, r-devel-linux-x86_64-debian-gcc, r-devel-linux-x86_64-fedora-clang, r-devel-linux-x86_64-fedora-gcc, r-patched-linux-x86_64, r-release-linux-x86_64

Version: 1.3
Check: dependencies in R code
Result: NOTE
    Packages in Depends field not imported from:
     ‘MASS’ ‘mvtnorm’
     These packages need to be imported from (in the NAMESPACE file)
     for when this namespace is loaded but not attached.
Flavors: r-devel-linux-x86_64-debian-clang, r-devel-linux-x86_64-debian-gcc, r-devel-linux-x86_64-fedora-clang, r-devel-linux-x86_64-fedora-gcc, r-devel-osx-x86_64-clang, r-devel-windows-ix86+x86_64, r-patched-linux-x86_64, r-patched-solaris-sparc, r-patched-solaris-x86, r-release-linux-x86_64, r-release-osx-x86_64-mavericks, r-release-windows-ix86+x86_64, r-oldrel-windows-ix86+x86_64

Version: 1.3
Check: R code for possible problems
Result: NOTE
    File ‘EMC/R/zzz.R’:
     .onLoad calls:
     packageStartupMessage("##\n", "## Evolutionary Monte Carlo Package (EMC)\n", "##\n", "## Functionality: random walk Metropolis, general Metropolis-Hastings\n", "## parallel tempering, target oriented EMC (TOEMC), temperature ladder\n", "## construction and placement\n", "##\n", "## Use: \"help(package = EMC)\" at the R prompt for more info\n", "##\n", "## Copyright (C) 2006-", this.year, " Gopi Goswami\n", "##\n", "## Created by: Gopi Goswami <goswami@stat.harvard.edu>\n", "## Maintained by: Gopi Goswami <grgoswami@gmail.com>\n", "##\n")
    
    See section ‘Good practice’ in '?.onAttach'.
    
    .placeTempers.do.1: no visible global function definition for ‘runif’
    ARHatIS: no visible global function definition for ‘var’
    CigarShapedFuncGenerator1 : logTarDensFunc: no visible global function
     definition for ‘dmvnorm’
    CigarShapedFuncGenerator1 : propNewFunc: no visible global function
     definition for ‘rnorm’
    CigarShapedFuncGenerator2 : logTarDensFunc: no visible global function
     definition for ‘dmvnorm’
    CigarShapedFuncGenerator2 : propNewFunc: no visible global function
     definition for ‘rt’
    CigarShapedFuncGenerator2 : logPropDensFunc: no visible global function
     definition for ‘dt’
    ISObj: no visible global function definition for ‘var’
    MCObj: no visible global function definition for ‘acf’
    VShapedFuncGenerator : logTarDensFunc : <anonymous>: no visible global
     function definition for ‘dmvnorm’
    VShapedFuncGenerator : MHPropNewFunc: no visible global function
     definition for ‘rnorm’
    WShapedFuncGenerator : logTarDensFunc : <anonymous>: no visible global
     function definition for ‘dmvnorm’
    WShapedFuncGenerator : MHPropNewFunc: no visible global function
     definition for ‘rnorm’
    buildLadder: no visible global function definition for ‘plot’
    buildLadder: no visible global function definition for ‘abline’
    threeDimNormalFuncGenerator : logTarDensFunc: no visible global
     function definition for ‘dmvnorm’
    threeDimNormalFuncGenerator : propNewFunc: no visible global function
     definition for ‘mvrnorm’
    threeDimNormalFuncGenerator : propNewFunc: no visible global function
     definition for ‘rnorm’
    twentyModeFuncGenerator: no visible global function definition for
     ‘read.table’
    twentyModeFuncGenerator : logTarDensFunc : <anonymous>: no visible
     global function definition for ‘dmvnorm’
    twentyModeFuncGenerator : MHPropNewFunc: no visible global function
     definition for ‘rnorm’
    uniModeFuncGenerator : logTarDensFunc: no visible global function
     definition for ‘dmvnorm’
    uniModeFuncGenerator : MHPropNewFunc: no visible global function
     definition for ‘rnorm’
    Undefined global functions or variables:
     abline acf dmvnorm dt mvrnorm plot read.table rnorm rt runif var
    Consider adding
     importFrom("graphics", "abline", "plot")
     importFrom("stats", "acf", "dt", "rnorm", "rt", "runif", "var")
     importFrom("utils", "read.table")
    to your NAMESPACE.
Flavors: r-devel-linux-x86_64-debian-clang, r-devel-linux-x86_64-debian-gcc, r-devel-linux-x86_64-fedora-clang, r-devel-linux-x86_64-fedora-gcc, r-devel-windows-ix86+x86_64

Version: 1.3
Check: R code for possible problems
Result: NOTE
    File ‘EMC/R/zzz.R’:
     .onLoad calls:
     packageStartupMessage("##\n", "## Evolutionary Monte Carlo Package (EMC)\n", "##\n", "## Functionality: random walk Metropolis, general Metropolis-Hastings\n", "## parallel tempering, target oriented EMC (TOEMC), temperature ladder\n", "## construction and placement\n", "##\n", "## Use: \"help(package = EMC)\" at the R prompt for more info\n", "##\n", "## Copyright (C) 2006-", this.year, " Gopi Goswami\n", "##\n", "## Created by: Gopi Goswami <goswami@stat.harvard.edu>\n", "## Maintained by: Gopi Goswami <grgoswami@gmail.com>\n", "##\n")
    
    See section ‘Good practice’ in '?.onAttach'.
    
    CigarShapedFuncGenerator1 : logTarDensFunc: no visible global function
     definition for ‘dmvnorm’
    CigarShapedFuncGenerator2 : logTarDensFunc: no visible global function
     definition for ‘dmvnorm’
    VShapedFuncGenerator : logTarDensFunc : <anonymous>: no visible global
     function definition for ‘dmvnorm’
    WShapedFuncGenerator : logTarDensFunc : <anonymous>: no visible global
     function definition for ‘dmvnorm’
    threeDimNormalFuncGenerator : logTarDensFunc: no visible global
     function definition for ‘dmvnorm’
    threeDimNormalFuncGenerator : propNewFunc: no visible global function
     definition for ‘mvrnorm’
    twentyModeFuncGenerator : logTarDensFunc : <anonymous>: no visible
     global function definition for ‘dmvnorm’
    uniModeFuncGenerator : logTarDensFunc: no visible global function
     definition for ‘dmvnorm’
    Undefined global functions or variables:
     dmvnorm mvrnorm
Flavor: r-devel-osx-x86_64-clang

Version: 1.3
Check: R code for possible problems
Result: NOTE
    File ‘EMC/R/zzz.R’:
     .onLoad calls:
     packageStartupMessage("##\n", "## Evolutionary Monte Carlo Package (EMC)\n", "##\n", "## Functionality: random walk Metropolis, general Metropolis-Hastings\n", "## parallel tempering, target oriented EMC (TOEMC), temperature ladder\n", "## construction and placement\n", "##\n", "## Use: \"help(package = EMC)\" at the R prompt for more info\n", "##\n", "## Copyright (C) 2006-", this.year, " Gopi Goswami\n", "##\n", "## Created by: Gopi Goswami <goswami@stat.harvard.edu>\n", "## Maintained by: Gopi Goswami <grgoswami@gmail.com>\n", "##\n")
    
    See section ‘Good practice’ in '?.onAttach'.
    
    CigarShapedFuncGenerator1 : logTarDensFunc: no visible global function
     definition for ‘dmvnorm’
    CigarShapedFuncGenerator2 : logTarDensFunc: no visible global function
     definition for ‘dmvnorm’
    VShapedFuncGenerator : logTarDensFunc : <anonymous>: no visible global
     function definition for ‘dmvnorm’
    WShapedFuncGenerator : logTarDensFunc : <anonymous>: no visible global
     function definition for ‘dmvnorm’
    threeDimNormalFuncGenerator : logTarDensFunc: no visible global
     function definition for ‘dmvnorm’
    threeDimNormalFuncGenerator : propNewFunc: no visible global function
     definition for ‘mvrnorm’
    twentyModeFuncGenerator : logTarDensFunc : <anonymous>: no visible
     global function definition for ‘dmvnorm’
    uniModeFuncGenerator : logTarDensFunc: no visible global function
     definition for ‘dmvnorm’
Flavors: r-patched-linux-x86_64, r-patched-solaris-sparc, r-patched-solaris-x86, r-release-linux-x86_64, r-release-osx-x86_64-mavericks, r-release-windows-ix86+x86_64, r-oldrel-windows-ix86+x86_64