CRAN Package Check Results for Package EMC

Last updated on 2014-04-24 07:52:26.

Flavor Version Tinstall Tcheck Ttotal Status Flags
r-devel-linux-x86_64-debian-clang 1.3 1.62 16.22 17.85 NOTE
r-devel-linux-x86_64-debian-gcc 1.3 1.83 16.70 18.53 NOTE
r-devel-linux-x86_64-fedora-clang 1.3 34.48 NOTE
r-devel-linux-x86_64-fedora-gcc 1.3 32.03 NOTE
r-devel-osx-x86_64-clang 1.3 34.35 NOTE
r-devel-osx-x86_64-gcc 1.3 NOTE
r-devel-windows-ix86+x86_64 1.3 7.00 29.00 36.00 NOTE
r-patched-linux-x86_64 1.3 1.83 16.48 18.32 NOTE
r-patched-solaris-sparc 1.3 191.90 NOTE
r-patched-solaris-x86 1.3 45.00 NOTE
r-release-linux-ix86 1.3 3.00 33.00 36.00 NOTE
r-release-linux-x86_64 1.3 1.91 16.06 17.96 NOTE
r-release-osx-x86_64-mavericks 1.3 WARN
r-release-windows-ix86+x86_64 1.3 8.00 30.00 38.00 NOTE
r-oldrel-windows-ix86+x86_64 1.3 9.00 33.00 42.00 NOTE

Check Details

Version: 1.3
Check: dependencies in R code
Result: NOTE
    Packages in Depends field not imported from:
     ‘MASS’ ‘mvtnorm’
     These packages need to be imported from (in the NAMESPACE file)
     for when this namespace is loaded but not attached.
    See the information on DESCRIPTION files in the chapter ‘Creating R
    packages’ of the ‘Writing R Extensions’ manual.
Flavors: r-devel-linux-x86_64-debian-clang, r-devel-linux-x86_64-debian-gcc, r-devel-linux-x86_64-fedora-clang, r-devel-linux-x86_64-fedora-gcc, r-devel-osx-x86_64-clang, r-devel-osx-x86_64-gcc, r-devel-windows-ix86+x86_64, r-patched-linux-x86_64, r-patched-solaris-sparc, r-patched-solaris-x86, r-release-linux-ix86, r-release-linux-x86_64, r-release-osx-x86_64-mavericks, r-release-windows-ix86+x86_64, r-oldrel-windows-ix86+x86_64

Version: 1.3
Check: R code for possible problems
Result: NOTE
    File ‘EMC/R/zzz.R’:
     .onLoad calls:
     packageStartupMessage("##\n", "## Evolutionary Monte Carlo Package (EMC)\n", "##\n", "## Functionality: random walk Metropolis, general Metropolis-Hastings\n", "## parallel tempering, target oriented EMC (TOEMC), temperature ladder\n", "## construction and placement\n", "##\n", "## Use: \"help(package = EMC)\" at the R prompt for more info\n", "##\n", "## Copyright (C) 2006-", this.year, " Gopi Goswami\n", "##\n", "## Created by: Gopi Goswami <goswami@stat.harvard.edu>\n", "## Maintained by: Gopi Goswami <grgoswami@gmail.com>\n", "##\n")
    
    See section ‘Good practice’ in '?.onAttach'.
Flavors: r-devel-linux-x86_64-debian-clang, r-devel-linux-x86_64-debian-gcc, r-devel-linux-x86_64-fedora-clang, r-devel-linux-x86_64-fedora-gcc, r-devel-osx-x86_64-clang, r-devel-osx-x86_64-gcc, r-devel-windows-ix86+x86_64, r-patched-linux-x86_64, r-patched-solaris-sparc, r-patched-solaris-x86, r-release-linux-ix86, r-release-linux-x86_64, r-release-osx-x86_64-mavericks, r-release-windows-ix86+x86_64, r-oldrel-windows-ix86+x86_64

Version: 1.3
Check: top-level files
Result: NOTE
    Non-standard file/directory found at top level:
     ‘etc’
Flavors: r-devel-linux-x86_64-fedora-clang, r-devel-linux-x86_64-fedora-gcc

Version: 1.3
Check: PDF version of manual
Result: WARNING
    LaTeX errors when creating PDF version.
    This typically indicates Rd problems.
    LaTeX errors found:
    ! LaTeX Error: File `upquote.sty' not found.
    
    Type X to quit or <RETURN> to proceed,
    or enter new name. (Default extension: sty)
    
    644b9e17/Rd2.tex:8: ==> Fatal error occurred, no output PDF file produced!
Flavor: r-release-osx-x86_64-mavericks