CRAN Package Check Results for Package EMCC

Last updated on 2018-02-20 19:48:13 CET.

Flavor Version Tinstall Tcheck Ttotal Status Flags
r-release-osx-x86_64 1.3 OK
r-oldrel-osx-x86_64 1.3 ERROR

Check Details

Version: 1.3
Check: whether package can be installed
Result: ERROR
    Installation failed.
Flavor: r-oldrel-osx-x86_64