CRAN Package Check Results for Package EMCC

Last updated on 2015-09-05 03:46:59.

Flavor Version Tinstall Tcheck Ttotal Status Flags
r-devel-linux-x86_64-debian-clang 1.2 2.23 11.61 13.84 NOTE
r-devel-linux-x86_64-debian-gcc 1.2 2.62 11.23 13.85 NOTE
r-devel-linux-x86_64-fedora-clang 1.2 27.89 NOTE
r-devel-linux-x86_64-fedora-gcc 1.2 25.30 NOTE
r-devel-osx-x86_64-clang 1.2 27.19 NOTE
r-devel-windows-ix86+x86_64 1.2 21.00 38.00 59.00 NOTE
r-patched-linux-x86_64 1.2 2.84 12.18 15.02 NOTE
r-patched-solaris-sparc 1.2 170.30 NOTE
r-patched-solaris-x86 1.2 41.10 NOTE
r-release-linux-x86_64 1.2 2.73 11.97 14.70 NOTE
r-release-osx-x86_64-mavericks 1.2 NOTE
r-release-windows-ix86+x86_64 1.2 18.00 36.00 54.00 NOTE
r-oldrel-windows-ix86+x86_64 1.2 14.00 45.00 59.00 NOTE

Check Details

Version: 1.2
Check: DESCRIPTION meta-information
Result: NOTE
    Malformed Description field: should contain one or more complete sentences.
Flavors: r-devel-linux-x86_64-debian-clang, r-devel-linux-x86_64-debian-gcc, r-devel-linux-x86_64-fedora-clang, r-devel-linux-x86_64-fedora-gcc, r-devel-osx-x86_64-clang, r-devel-windows-ix86+x86_64, r-patched-linux-x86_64, r-patched-solaris-sparc, r-patched-solaris-x86, r-release-linux-x86_64, r-release-osx-x86_64-mavericks, r-release-windows-ix86+x86_64

Version: 1.2
Check: dependencies in R code
Result: NOTE
    Packages in Depends field not imported from:
     ‘EMC’ ‘MASS’ ‘mclust’
     These packages need to be imported from (in the NAMESPACE file)
     for when this namespace is loaded but not attached.
    ':::' calls which should be '::':
     ‘EMC:::print.EMCMaxTemper’ ‘EMC:::print.EMCPlaceTempers’
     See the note in ?`:::` about the use of this operator.
Flavors: r-devel-linux-x86_64-debian-clang, r-devel-linux-x86_64-debian-gcc, r-devel-linux-x86_64-fedora-clang, r-devel-linux-x86_64-fedora-gcc, r-devel-osx-x86_64-clang, r-devel-windows-ix86+x86_64, r-patched-linux-x86_64, r-patched-solaris-sparc, r-patched-solaris-x86, r-release-linux-x86_64, r-release-osx-x86_64-mavericks, r-release-windows-ix86+x86_64, r-oldrel-windows-ix86+x86_64

Version: 1.2
Check: R code for possible problems
Result: NOTE
    File ‘EMCC/R/zzz.R’:
     .onLoad calls:
     packageStartupMessage("##\n", "## Evolutionary Monte Carlo Clustering Package (EMCC)\n", "##\n", "## Functionality: evolutionary Monte Carlo clustering, temperature\n", "## ladder construction and placement\n", "##\n", "## Use: \"help(package = EMCC)\" at the R prompt for more info\n", "##\n", "## Copyright (C) 2006-", this.year, " Gopi Goswami\n", "##\n", "## Created by: Gopi Goswami <goswami@stat.harvard.edu>\n", "## Maintained by: Gopi Goswami <grgoswami@gmail.com>\n", "##\n")
    
    See section ‘Good practice’ in '?.onAttach'.
    
    .genMixNormalData: no visible global function definition for ‘mvrnorm’
    KMeansFuncGenerator1: no visible global function definition for ‘par’
    KMeansFuncGenerator1: no visible global function definition for
     ‘kmeans’
    KMeansFuncGenerator1: no visible global function definition for
     ‘Mclust’
    KMeansFuncGenerator2: no visible global function definition for ‘par’
    KMeansFuncGenerator2: no visible global function definition for
     ‘kmeans’
    KMeansFuncGenerator2: no visible global function definition for
     ‘Mclust’
    clusterPlot: no visible global function definition for ‘plot’
    clusterPlot: no visible global function definition for ‘points’
    Undefined global functions or variables:
     Mclust kmeans mvrnorm par plot points
    Consider adding
     importFrom("graphics", "par", "plot", "points")
     importFrom("stats", "kmeans")
    to your NAMESPACE.
Flavors: r-devel-linux-x86_64-debian-clang, r-devel-linux-x86_64-debian-gcc, r-devel-linux-x86_64-fedora-clang, r-devel-linux-x86_64-fedora-gcc, r-devel-windows-ix86+x86_64

Version: 1.2
Check: R code for possible problems
Result: NOTE
    File ‘EMCC/R/zzz.R’:
     .onLoad calls:
     packageStartupMessage("##\n", "## Evolutionary Monte Carlo Clustering Package (EMCC)\n", "##\n", "## Functionality: evolutionary Monte Carlo clustering, temperature\n", "## ladder construction and placement\n", "##\n", "## Use: \"help(package = EMCC)\" at the R prompt for more info\n", "##\n", "## Copyright (C) 2006-", this.year, " Gopi Goswami\n", "##\n", "## Created by: Gopi Goswami <goswami@stat.harvard.edu>\n", "## Maintained by: Gopi Goswami <grgoswami@gmail.com>\n", "##\n")
    
    See section ‘Good practice’ in '?.onAttach'.
    
    .genMixNormalData: no visible global function definition for ‘mvrnorm’
    KMeansFuncGenerator1: no visible global function definition for
     ‘Mclust’
    KMeansFuncGenerator2: no visible global function definition for
     ‘Mclust’
    Undefined global functions or variables:
     Mclust mvrnorm
Flavor: r-devel-osx-x86_64-clang

Version: 1.2
Check: R code for possible problems
Result: NOTE
    File ‘EMCC/R/zzz.R’:
     .onLoad calls:
     packageStartupMessage("##\n", "## Evolutionary Monte Carlo Clustering Package (EMCC)\n", "##\n", "## Functionality: evolutionary Monte Carlo clustering, temperature\n", "## ladder construction and placement\n", "##\n", "## Use: \"help(package = EMCC)\" at the R prompt for more info\n", "##\n", "## Copyright (C) 2006-", this.year, " Gopi Goswami\n", "##\n", "## Created by: Gopi Goswami <goswami@stat.harvard.edu>\n", "## Maintained by: Gopi Goswami <grgoswami@gmail.com>\n", "##\n")
    
    See section ‘Good practice’ in '?.onAttach'.
    
    .genMixNormalData: no visible global function definition for ‘mvrnorm’
    KMeansFuncGenerator1: no visible global function definition for
     ‘Mclust’
    KMeansFuncGenerator2: no visible global function definition for
     ‘Mclust’
Flavors: r-patched-linux-x86_64, r-patched-solaris-sparc, r-patched-solaris-x86, r-release-linux-x86_64, r-release-osx-x86_64-mavericks, r-release-windows-ix86+x86_64, r-oldrel-windows-ix86+x86_64