CRAN Package Check Results for Package EMCC

Last updated on 2017-11-20 11:49:55.

Flavor Version Tinstall Tcheck Ttotal Status Flags
r-patched-linux-x86_64 1.3 3.31 24.68 27.98 OK
r-release-linux-x86_64 1.3 3.68 24.49 28.17 OK
r-release-osx-x86_64 1.3 OK
r-oldrel-windows-ix86+x86_64 1.3 3.00 9.00 12.00 ERROR
r-oldrel-osx-x86_64 1.3 ERROR

Additional issues

rchk

Check Details

Version: 1.3
Check: whether package can be installed
Result: ERROR
    Installation failed.
Flavors: r-oldrel-windows-ix86+x86_64, r-oldrel-osx-x86_64