CRAN Package Check Results for Package EMCC

Last updated on 2014-04-25 05:47:14.

Flavor Version Tinstall Tcheck Ttotal Status Flags
r-devel-linux-x86_64-debian-clang 1.2 2.22 14.56 16.78 NOTE
r-devel-linux-x86_64-debian-gcc 1.2 2.86 14.46 17.32 NOTE
r-devel-linux-x86_64-fedora-clang 1.2 32.90 NOTE
r-devel-linux-x86_64-fedora-gcc 1.2 31.36 NOTE
r-devel-osx-x86_64-clang 1.2 34.90 NOTE
r-devel-osx-x86_64-gcc 1.2 NOTE
r-devel-windows-ix86+x86_64 1.2 12.00 32.00 44.00 NOTE
r-patched-linux-x86_64 1.2 2.90 14.32 17.22 NOTE
r-patched-solaris-sparc 1.2 201.20 NOTE
r-patched-solaris-x86 1.2 44.80 NOTE
r-release-linux-ix86 1.2 5.00 32.00 37.00 NOTE
r-release-linux-x86_64 1.2 2.88 14.50 17.38 NOTE
r-release-osx-x86_64-mavericks 1.2 WARN
r-release-windows-ix86+x86_64 1.2 13.00 35.00 48.00 NOTE
r-oldrel-windows-ix86+x86_64 1.2 14.00 37.00 51.00 NOTE

Check Details

Version: 1.2
Check: dependencies in R code
Result: NOTE
    Packages in Depends field not imported from:
     ‘EMC’ ‘MASS’ ‘mclust’
     These packages need to be imported from (in the NAMESPACE file)
     for when this namespace is loaded but not attached.
    ':::' calls which should be '::':
     ‘EMC:::print.EMCMaxTemper’ ‘EMC:::print.EMCPlaceTempers’
     See the note in ?`:::` about the use of this operator.
    See the information on DESCRIPTION files in the chapter ‘Creating R
    packages’ of the ‘Writing R Extensions’ manual.
Flavors: r-devel-linux-x86_64-debian-clang, r-devel-linux-x86_64-debian-gcc, r-devel-linux-x86_64-fedora-clang, r-devel-linux-x86_64-fedora-gcc, r-devel-osx-x86_64-clang, r-devel-osx-x86_64-gcc, r-devel-windows-ix86+x86_64, r-patched-linux-x86_64, r-patched-solaris-sparc, r-patched-solaris-x86, r-release-linux-ix86, r-release-linux-x86_64, r-release-osx-x86_64-mavericks, r-release-windows-ix86+x86_64, r-oldrel-windows-ix86+x86_64

Version: 1.2
Check: R code for possible problems
Result: NOTE
    File ‘EMCC/R/zzz.R’:
     .onLoad calls:
     packageStartupMessage("##\n", "## Evolutionary Monte Carlo Clustering Package (EMCC)\n", "##\n", "## Functionality: evolutionary Monte Carlo clustering, temperature\n", "## ladder construction and placement\n", "##\n", "## Use: \"help(package = EMCC)\" at the R prompt for more info\n", "##\n", "## Copyright (C) 2006-", this.year, " Gopi Goswami\n", "##\n", "## Created by: Gopi Goswami <goswami@stat.harvard.edu>\n", "## Maintained by: Gopi Goswami <grgoswami@gmail.com>\n", "##\n")
    
    See section ‘Good practice’ in '?.onAttach'.
Flavors: r-devel-linux-x86_64-debian-clang, r-devel-linux-x86_64-debian-gcc, r-devel-linux-x86_64-fedora-clang, r-devel-linux-x86_64-fedora-gcc, r-devel-osx-x86_64-clang, r-devel-osx-x86_64-gcc, r-devel-windows-ix86+x86_64, r-patched-linux-x86_64, r-patched-solaris-sparc, r-patched-solaris-x86, r-release-linux-ix86, r-release-linux-x86_64, r-release-osx-x86_64-mavericks, r-release-windows-ix86+x86_64, r-oldrel-windows-ix86+x86_64

Version: 1.2
Check: PDF version of manual
Result: WARNING
    LaTeX errors when creating PDF version.
    This typically indicates Rd problems.
    LaTeX errors found:
    ! LaTeX Error: File `upquote.sty' not found.
    
    Type X to quit or <RETURN> to proceed,
    or enter new name. (Default extension: sty)
    
    c35374d/Rd2.tex:8: ==> Fatal error occurred, no output PDF file produced!
Flavor: r-release-osx-x86_64-mavericks