CRAN Package Check Results for Package EMCC

Last updated on 2014-10-22 16:50:42.

Flavor Version Tinstall Tcheck Ttotal Status Flags
r-devel-linux-x86_64-debian-clang 1.2 2.32 13.96 16.28 NOTE
r-devel-linux-x86_64-debian-gcc 1.2 2.86 13.96 16.82 NOTE
r-devel-linux-x86_64-fedora-clang 1.2 32.23 NOTE
r-devel-linux-x86_64-fedora-gcc 1.2 29.94 NOTE
r-devel-osx-x86_64-clang 1.2 34.42 NOTE
r-devel-windows-ix86+x86_64 1.2 13.00 40.00 53.00 NOTE
r-patched-linux-x86_64 1.2 2.94 13.92 16.87 NOTE
r-patched-solaris-sparc 1.2 180.40 NOTE
r-patched-solaris-x86 1.2 45.90 NOTE
r-release-linux-ix86 1.2 4.05 20.60 24.64 NOTE
r-release-linux-x86_64 1.2 3.50 14.20 17.70 NOTE
r-release-osx-x86_64-mavericks 1.2 NOTE
r-release-windows-ix86+x86_64 1.2 14.00 38.00 52.00 NOTE
r-oldrel-windows-ix86+x86_64 1.2 13.00 45.00 58.00 NOTE

Check Details

Version: 1.2
Check: dependencies in R code
Result: NOTE
    Packages in Depends field not imported from:
     ‘EMC’ ‘MASS’ ‘mclust’
     These packages need to be imported from (in the NAMESPACE file)
     for when this namespace is loaded but not attached.
    ':::' calls which should be '::':
     ‘EMC:::print.EMCMaxTemper’ ‘EMC:::print.EMCPlaceTempers’
     See the note in ?`:::` about the use of this operator.
    See the information on DESCRIPTION files in the chapter ‘Creating R
    packages’ of the ‘Writing R Extensions’ manual.
Flavors: r-devel-linux-x86_64-debian-clang, r-devel-linux-x86_64-debian-gcc, r-devel-linux-x86_64-fedora-clang, r-devel-linux-x86_64-fedora-gcc, r-devel-osx-x86_64-clang, r-devel-windows-ix86+x86_64, r-patched-linux-x86_64, r-patched-solaris-sparc, r-patched-solaris-x86, r-release-linux-ix86, r-release-linux-x86_64, r-release-osx-x86_64-mavericks, r-release-windows-ix86+x86_64, r-oldrel-windows-ix86+x86_64

Version: 1.2
Check: R code for possible problems
Result: NOTE
    File ‘EMCC/R/zzz.R’:
     .onLoad calls:
     packageStartupMessage("##\n", "## Evolutionary Monte Carlo Clustering Package (EMCC)\n", "##\n", "## Functionality: evolutionary Monte Carlo clustering, temperature\n", "## ladder construction and placement\n", "##\n", "## Use: \"help(package = EMCC)\" at the R prompt for more info\n", "##\n", "## Copyright (C) 2006-", this.year, " Gopi Goswami\n", "##\n", "## Created by: Gopi Goswami <goswami@stat.harvard.edu>\n", "## Maintained by: Gopi Goswami <grgoswami@gmail.com>\n", "##\n")
    
    See section ‘Good practice’ in '?.onAttach'.
    
    .genMixNormalData: no visible global function definition for ‘mvrnorm’
    KMeansFuncGenerator1: no visible global function definition for
     ‘Mclust’
    KMeansFuncGenerator2: no visible global function definition for
     ‘Mclust’
Flavors: r-devel-linux-x86_64-debian-clang, r-devel-linux-x86_64-debian-gcc, r-devel-linux-x86_64-fedora-clang, r-devel-linux-x86_64-fedora-gcc, r-devel-osx-x86_64-clang, r-devel-windows-ix86+x86_64, r-patched-linux-x86_64, r-patched-solaris-sparc, r-patched-solaris-x86

Version: 1.2
Check: R code for possible problems
Result: NOTE
    File ‘EMCC/R/zzz.R’:
     .onLoad calls:
     packageStartupMessage("##\n", "## Evolutionary Monte Carlo Clustering Package (EMCC)\n", "##\n", "## Functionality: evolutionary Monte Carlo clustering, temperature\n", "## ladder construction and placement\n", "##\n", "## Use: \"help(package = EMCC)\" at the R prompt for more info\n", "##\n", "## Copyright (C) 2006-", this.year, " Gopi Goswami\n", "##\n", "## Created by: Gopi Goswami <goswami@stat.harvard.edu>\n", "## Maintained by: Gopi Goswami <grgoswami@gmail.com>\n", "##\n")
    
    See section ‘Good practice’ in '?.onAttach'.
Flavors: r-release-linux-ix86, r-release-linux-x86_64, r-release-osx-x86_64-mavericks, r-release-windows-ix86+x86_64, r-oldrel-windows-ix86+x86_64