CRAN Package Check Results for Package EMCC

Last updated on 2014-08-02 03:50:52.

Flavor Version Tinstall Tcheck Ttotal Status Flags
r-devel-linux-x86_64-debian-clang 1.2 2.18 13.62 15.80 NOTE
r-devel-linux-x86_64-debian-gcc 1.2 2.82 13.59 16.41 NOTE
r-devel-linux-x86_64-fedora-clang 1.2 33.91 NOTE
r-devel-linux-x86_64-fedora-gcc 1.2 30.04 NOTE
r-devel-osx-x86_64-clang 1.2 32.76 NOTE
r-devel-windows-ix86+x86_64 1.2 13.00 34.00 47.00 NOTE
r-patched-linux-x86_64 1.2 2.86 13.34 16.21 NOTE
r-patched-solaris-sparc 1.2 180.40 NOTE
r-patched-solaris-x86 1.2 44.00 NOTE
r-release-linux-ix86 1.2 4.04 20.34 24.38 NOTE
r-release-linux-x86_64 1.2 3.16 13.62 16.78 NOTE
r-release-osx-x86_64-mavericks 1.2 NOTE
r-release-windows-ix86+x86_64 1.2 19.00 47.00 66.00 NOTE
r-oldrel-windows-ix86+x86_64 1.2 19.00 55.00 74.00 NOTE

Check Details

Version: 1.2
Check: dependencies in R code
Result: NOTE
    Packages in Depends field not imported from:
     EMC MASS mclust
     These packages need to be imported from (in the NAMESPACE file)
     for when this namespace is loaded but not attached.
    ':::' calls which should be '::':
     EMC:::print.EMCMaxTemper EMC:::print.EMCPlaceTempers
     See the note in ?`:::` about the use of this operator.
    See the information on DESCRIPTION files in the chapter Creating R
    packages of the Writing R Extensions manual.
Flavors: r-devel-linux-x86_64-debian-clang, r-devel-linux-x86_64-debian-gcc, r-devel-linux-x86_64-fedora-clang, r-devel-linux-x86_64-fedora-gcc, r-devel-osx-x86_64-clang, r-devel-windows-ix86+x86_64, r-patched-linux-x86_64, r-patched-solaris-sparc, r-patched-solaris-x86, r-release-linux-ix86, r-release-linux-x86_64, r-release-osx-x86_64-mavericks, r-release-windows-ix86+x86_64, r-oldrel-windows-ix86+x86_64

Version: 1.2
Check: R code for possible problems
Result: NOTE
    File EMCC/R/zzz.R :
     .onLoad calls:
     packageStartupMessage("##\n", "## Evolutionary Monte Carlo Clustering Package (EMCC)\n", "##\n", "## Functionality: evolutionary Monte Carlo clustering, temperature\n", "## ladder construction and placement\n", "##\n", "## Use: \"help(package = EMCC)\" at the R prompt for more info\n", "##\n", "## Copyright (C) 2006-", this.year, " Gopi Goswami\n", "##\n", "## Created by: Gopi Goswami <goswami@stat.harvard.edu>\n", "## Maintained by: Gopi Goswami <grgoswami@gmail.com>\n", "##\n")
    
    See section Good practice in '?.onAttach'.
Flavors: r-devel-linux-x86_64-debian-clang, r-devel-linux-x86_64-debian-gcc, r-devel-linux-x86_64-fedora-clang, r-devel-linux-x86_64-fedora-gcc, r-devel-osx-x86_64-clang, r-devel-windows-ix86+x86_64, r-patched-linux-x86_64, r-patched-solaris-sparc, r-patched-solaris-x86, r-release-linux-ix86, r-release-linux-x86_64, r-release-osx-x86_64-mavericks, r-release-windows-ix86+x86_64, r-oldrel-windows-ix86+x86_64