CRAN Package Check Results for Package EMCC

Last updated on 2017-07-23 08:47:43.

Flavor Version Tinstall Tcheck Ttotal Status Flags
r-devel-linux-x86_64-debian-clang 1.3 3.46 30.52 33.98 OK
r-devel-linux-x86_64-debian-gcc 1.3 3.59 33.41 37.00 OK
r-devel-linux-x86_64-fedora-clang 1.3 51.42 OK
r-devel-linux-x86_64-fedora-gcc 1.3 56.10 OK
r-devel-windows-ix86+x86_64 1.3 23.00 94.00 117.00 OK
r-patched-linux-x86_64 1.3 3.41 30.32 33.72 OK
r-patched-solaris-x86 1.3 60.60 OK
r-release-linux-x86_64 1.3 3.40 30.66 34.06 OK
r-release-windows-ix86+x86_64 1.3 14.00 89.00 103.00 OK
r-release-osx-x86_64 1.3 OK
r-oldrel-windows-ix86+x86_64 1.3 5.00 6.00 11.00 ERROR
r-oldrel-osx-x86_64 1.3 ERROR

Additional issues

clang-UBSAN rchk valgrind

Check Details

Version: 1.3
Check: whether package can be installed
Result: ERROR
    Installation failed.
Flavors: r-oldrel-windows-ix86+x86_64, r-oldrel-osx-x86_64