CRAN Package Check Results for Package EMCC

Last updated on 2017-09-25 14:46:58.

Flavor Version Tinstall Tcheck Ttotal Status Flags
r-devel-linux-x86_64-debian-clang 1.3 4.24 24.01 28.25 OK
r-devel-linux-x86_64-debian-gcc 1.3 3.43 24.92 28.35 OK
r-devel-linux-x86_64-fedora-clang 1.3 56.06 OK
r-devel-linux-x86_64-fedora-gcc 1.3 50.93 OK
r-devel-windows-ix86+x86_64 1.3 16.00 72.00 88.00 OK
r-patched-linux-x86_64 1.3 3.38 23.79 27.18 OK
r-patched-solaris-x86 1.3 61.50 OK
r-release-linux-x86_64 1.3 3.51 24.38 27.89 OK
r-release-windows-ix86+x86_64 1.3 16.00 64.00 80.00 OK
r-release-osx-x86_64 1.3 OK
r-oldrel-windows-ix86+x86_64 1.3 4.00 5.00 9.00 ERROR
r-oldrel-osx-x86_64 1.3 ERROR

Additional issues

clang-UBSAN rchk valgrind

Check Details

Version: 1.3
Check: whether package can be installed
Result: ERROR
    Installation failed.
Flavors: r-oldrel-windows-ix86+x86_64, r-oldrel-osx-x86_64