CRAN Package Check Results for Package EMCluster

Last updated on 2014-04-18 03:47:15.

Flavor Version Tinstall Tcheck Ttotal Status Flags
r-devel-linux-x86_64-debian-clang 0.2-4 6.13 17.10 23.23 NOTE
r-devel-linux-x86_64-debian-gcc NOTE
r-devel-linux-x86_64-fedora-clang 0.2-4 46.25 NOTE
r-devel-linux-x86_64-fedora-gcc 0.2-4 45.90 NOTE
r-devel-macosx-x86_64-clang 0.2-4 49.63 NOTE
r-devel-macosx-x86_64-gcc 0.2-4 NOTE
r-devel-windows-ix86+x86_64 0.2-4 62.00 36.00 98.00 NOTE
r-patched-linux-x86_64 0.2-4 7.58 17.39 24.97 NOTE
r-patched-solaris-sparc 0.2-4 258.40 NOTE
r-patched-solaris-x86 0.2-4 65.80 NOTE
r-release-linux-ix86 0.2-4 19.00 54.00 73.00 NOTE
r-release-linux-x86_64 0.2-4 7.74 17.89 25.63 NOTE
r-release-macosx-x86_64 0.2-4 OK
r-release-windows-ix86+x86_64 0.2-4 62.00 33.00 95.00 NOTE
r-oldrel-windows-ix86+x86_64 0.2-4 61.00 35.00 96.00 NOTE

Check Details

Version: 0.2-4
Check: dependencies in R code
Result: NOTE
    Package in Depends field not imported from: ‘MASS’
     These packages need to be imported from (in the NAMESPACE file)
     for when this namespace is loaded but not attached.
    See the information on DESCRIPTION files in the chapter ‘Creating R
    packages’ of the ‘Writing R Extensions’ manual.
Flavors: r-devel-linux-x86_64-debian-clang, r-devel-linux-x86_64-debian-gcc, r-devel-linux-x86_64-fedora-clang, r-devel-linux-x86_64-fedora-gcc, r-devel-macosx-x86_64-clang, r-devel-macosx-x86_64-gcc, r-devel-windows-ix86+x86_64, r-patched-linux-x86_64, r-patched-solaris-sparc, r-patched-solaris-x86, r-release-linux-ix86, r-release-linux-x86_64, r-release-windows-ix86+x86_64, r-oldrel-windows-ix86+x86_64