CRAN Package Check Results for Package EMCluster

Last updated on 2015-08-31 07:47:25.

Flavor Version Tinstall Tcheck Ttotal Status Flags
r-devel-linux-x86_64-debian-clang 0.2-4 6.93 15.94 22.87 NOTE
r-devel-linux-x86_64-debian-gcc 0.2-4 7.95 15.78 23.72 NOTE
r-devel-linux-x86_64-fedora-clang 0.2-4 42.92 NOTE
r-devel-linux-x86_64-fedora-gcc 0.2-4 42.13 NOTE
r-devel-osx-x86_64-clang 0.2-4 43.42 NOTE
r-devel-windows-ix86+x86_64 0.2-4 98.00 38.00 136.00 NOTE
r-patched-linux-x86_64 0.2-4 8.30 16.57 24.88 NOTE
r-patched-solaris-sparc 0.2-4 270.10 NOTE
r-patched-solaris-x86 0.2-4 64.00 NOTE
r-release-linux-x86_64 0.2-4 8.05 16.35 24.40 NOTE
r-release-osx-x86_64-mavericks 0.2-4 NOTE
r-release-windows-ix86+x86_64 0.2-4 94.00 38.00 132.00 NOTE
r-oldrel-windows-ix86+x86_64 0.2-4 95.00 60.00 155.00 NOTE

Check Details

Version: 0.2-4
Check: dependencies in R code
Result: NOTE
    Package in Depends field not imported from: ‘MASS’
     These packages need to be imported from (in the NAMESPACE file)
     for when this namespace is loaded but not attached.
Flavors: r-devel-linux-x86_64-debian-clang, r-devel-linux-x86_64-debian-gcc, r-devel-linux-x86_64-fedora-clang, r-devel-linux-x86_64-fedora-gcc, r-devel-osx-x86_64-clang, r-devel-windows-ix86+x86_64, r-patched-linux-x86_64, r-patched-solaris-sparc, r-patched-solaris-x86, r-release-linux-x86_64, r-release-osx-x86_64-mavericks, r-release-windows-ix86+x86_64, r-oldrel-windows-ix86+x86_64

Version: 0.2-4
Check: S3 generic/method consistency
Result: NOTE
    Found the following apparent S3 methods exported but not registered:
     print.summary.emret print.summary.svd summary.emret.wt
    See section ‘Registering S3 methods’ in the ‘Writing R Extensions’
    manual.
Flavors: r-devel-linux-x86_64-debian-clang, r-devel-linux-x86_64-debian-gcc, r-devel-linux-x86_64-fedora-clang, r-devel-linux-x86_64-fedora-gcc, r-devel-osx-x86_64-clang, r-patched-linux-x86_64, r-patched-solaris-sparc, r-patched-solaris-x86, r-release-linux-x86_64

Version: 0.2-4
Check: R code for possible problems
Result: NOTE
    create.colors: no visible global function definition for ‘rainbow’
    draw.colors: no visible global function definition for ‘colors’
    draw.colors: no visible global function definition for ‘plot’
    draw.colors: no visible global function definition for ‘box’
    draw.colors: no visible global function definition for ‘axis’
    draw.colors : rect.my: no visible global function definition for ‘rect’
    em.EM: no visible binding for global variable ‘.EMC’
    emcluster: no visible binding for global variable ‘.EMC’
    emcluster.wt: no visible binding for global variable ‘.EMC’
    emgroup: no visible binding for global variable ‘.EMC’
    emgroup.wt: no visible binding for global variable ‘.EMC’
    init.EM: no visible binding for global variable ‘.EMC’
    mb.em.EM: no visible binding for global variable ‘.EMC’
    mb.rand.EM: no visible binding for global variable ‘.EMC.Rnd’
    plot2d: no visible global function definition for ‘plot’
    plotBN: no visible global function definition for ‘lines’
    plotBN: no visible global function definition for ‘points’
    plotbar: no visible global function definition for ‘image’
    plotbar: no visible global function definition for ‘box’
    plotbar: no visible global function definition for ‘axis’
    plotlikeprob: no visible global function definition for ‘pdf’
    plotlikeprob: no visible global function definition for ‘jpeg’
    plotlikeprob: no visible global function definition for ‘layout’
    plotlikeprob: no visible global function definition for ‘plot’
    plotlikeprob: no visible global function definition for ‘points’
    plotlikeprob: no visible global function definition for ‘dev.off’
    plotmd: no visible global function definition for ‘plot’
    plotmd : <anonymous>: no visible global function definition for ‘lines’
    plotmd: no visible binding for global variable ‘color.class’
    plotmd: no visible global function definition for ‘box’
    plotmd: no visible global function definition for ‘axis’
    plotpt: no visible binding for global variable ‘color.class’
    plotpt: no visible global function definition for ‘points’
    rand.EM: no visible binding for global variable ‘.EMC.Rnd’
    starts.via.svd: no visible binding for global variable ‘.EMC’
    starts.via.svd.wt: no visible binding for global variable ‘.EMC’
    Undefined global functions or variables:
     .EMC .EMC.Rnd axis box color.class colors dev.off image jpeg layout
     lines pdf plot points rainbow rect
    Consider adding
     importFrom("grDevices", "colors", "dev.off", "jpeg", "pdf", "rainbow")
     importFrom("graphics", "axis", "box", "image", "layout", "lines",
     "plot", "points", "rect")
    to your NAMESPACE.
Flavors: r-devel-linux-x86_64-debian-clang, r-devel-linux-x86_64-debian-gcc, r-devel-linux-x86_64-fedora-clang, r-devel-linux-x86_64-fedora-gcc, r-devel-windows-ix86+x86_64

Version: 0.2-4
Check: R code for possible problems
Result: NOTE
    em.EM: no visible binding for global variable ‘.EMC’
    emcluster: no visible binding for global variable ‘.EMC’
    emcluster.wt: no visible binding for global variable ‘.EMC’
    emgroup: no visible binding for global variable ‘.EMC’
    emgroup.wt: no visible binding for global variable ‘.EMC’
    init.EM: no visible binding for global variable ‘.EMC’
    mb.em.EM: no visible binding for global variable ‘.EMC’
    mb.rand.EM: no visible binding for global variable ‘.EMC.Rnd’
    plotmd: no visible binding for global variable ‘color.class’
    plotpt: no visible binding for global variable ‘color.class’
    rand.EM: no visible binding for global variable ‘.EMC.Rnd’
    starts.via.svd: no visible binding for global variable ‘.EMC’
    starts.via.svd.wt: no visible binding for global variable ‘.EMC’
    Undefined global functions or variables:
     .EMC .EMC.Rnd color.class
Flavor: r-devel-osx-x86_64-clang

Version: 0.2-4
Check: R code for possible problems
Result: NOTE
    em.EM: no visible binding for global variable ‘.EMC’
    emcluster: no visible binding for global variable ‘.EMC’
    emcluster.wt: no visible binding for global variable ‘.EMC’
    emgroup: no visible binding for global variable ‘.EMC’
    emgroup.wt: no visible binding for global variable ‘.EMC’
    init.EM: no visible binding for global variable ‘.EMC’
    mb.em.EM: no visible binding for global variable ‘.EMC’
    mb.rand.EM: no visible binding for global variable ‘.EMC.Rnd’
    plotmd: no visible binding for global variable ‘color.class’
    plotpt: no visible binding for global variable ‘color.class’
    rand.EM: no visible binding for global variable ‘.EMC.Rnd’
    starts.via.svd: no visible binding for global variable ‘.EMC’
    starts.via.svd.wt: no visible binding for global variable ‘.EMC’
Flavors: r-patched-linux-x86_64, r-patched-solaris-sparc, r-patched-solaris-x86, r-release-linux-x86_64, r-release-osx-x86_64-mavericks, r-release-windows-ix86+x86_64, r-oldrel-windows-ix86+x86_64