CRAN Package Check Results for Package EMCluster

Last updated on 2014-10-26 07:49:59.

Flavor Version Tinstall Tcheck Ttotal Status Flags
r-devel-linux-x86_64-debian-clang 0.2-4 7.08 18.46 25.54 NOTE
r-devel-linux-x86_64-debian-gcc 0.2-4 7.96 18.39 26.35 NOTE
r-devel-linux-x86_64-fedora-clang 0.2-4 46.83 NOTE
r-devel-linux-x86_64-fedora-gcc 0.2-4 45.01 NOTE
r-devel-osx-x86_64-clang 0.2-4 49.70 NOTE
r-devel-windows-ix86+x86_64 0.2-4 64.00 34.00 98.00 NOTE
r-patched-linux-x86_64 0.2-4 8.32 18.52 26.84 NOTE
r-patched-solaris-sparc 0.2-4 260.10 NOTE
r-patched-solaris-x86 0.2-4 67.10 NOTE
r-release-linux-ix86 0.2-4 10.68 26.02 36.70 NOTE
r-release-linux-x86_64 0.2-4 8.17 18.12 26.29 NOTE
r-release-osx-x86_64-mavericks 0.2-4 NOTE
r-release-osx-x86_64-snowleopard 0.2-4 OK
r-release-windows-ix86+x86_64 0.2-4 64.00 36.00 100.00 NOTE
r-oldrel-windows-ix86+x86_64 0.2-4 66.00 34.00 100.00 NOTE

Check Details

Version: 0.2-4
Check: dependencies in R code
Result: NOTE
    Package in Depends field not imported from: ‘MASS’
     These packages need to be imported from (in the NAMESPACE file)
     for when this namespace is loaded but not attached.
    See the information on DESCRIPTION files in the chapter ‘Creating R
    packages’ of the ‘Writing R Extensions’ manual.
Flavors: r-devel-linux-x86_64-debian-clang, r-devel-linux-x86_64-debian-gcc, r-devel-linux-x86_64-fedora-clang, r-devel-linux-x86_64-fedora-gcc, r-devel-osx-x86_64-clang, r-devel-windows-ix86+x86_64, r-patched-linux-x86_64, r-patched-solaris-sparc, r-patched-solaris-x86, r-release-linux-ix86, r-release-linux-x86_64, r-release-osx-x86_64-mavericks, r-release-windows-ix86+x86_64, r-oldrel-windows-ix86+x86_64

Version: 0.2-4
Check: R code for possible problems
Result: NOTE
    em.EM: no visible binding for global variable ‘.EMC’
    emcluster: no visible binding for global variable ‘.EMC’
    emcluster.wt: no visible binding for global variable ‘.EMC’
    emgroup: no visible binding for global variable ‘.EMC’
    emgroup.wt: no visible binding for global variable ‘.EMC’
    init.EM: no visible binding for global variable ‘.EMC’
    mb.em.EM: no visible binding for global variable ‘.EMC’
    mb.rand.EM: no visible binding for global variable ‘.EMC.Rnd’
    plotmd: no visible binding for global variable ‘color.class’
    plotpt: no visible binding for global variable ‘color.class’
    rand.EM: no visible binding for global variable ‘.EMC.Rnd’
    starts.via.svd: no visible binding for global variable ‘.EMC’
    starts.via.svd.wt: no visible binding for global variable ‘.EMC’
Flavors: r-devel-linux-x86_64-debian-clang, r-devel-linux-x86_64-debian-gcc, r-devel-linux-x86_64-fedora-clang, r-devel-linux-x86_64-fedora-gcc, r-devel-osx-x86_64-clang, r-devel-windows-ix86+x86_64, r-patched-linux-x86_64, r-patched-solaris-sparc, r-patched-solaris-x86

Version: 0.2-4
Check: re-building of vignette outputs
Result: NOTE
    Error in re-building vignettes:
     ...
    Error in texi2dvi(file = file, pdf = TRUE, clean = clean, quiet = quiet, :
     Running 'texi2dvi' on 'EMCluster-guide.tex' failed.
    LaTeX errors:
    ! LaTeX Error: File `a4wide.sty' not found.
    
    Type X to quit or <RETURN> to proceed,
    or enter new name. (Default extension: sty)
    
    ./EMCluster-include/jss.cls:72: ==> Fatal error occurred, no output PDF file p
    roduced!
    Calls: buildVignettes -> texi2pdf -> texi2dvi
    Execution halted
Flavor: r-release-osx-x86_64-mavericks