CRAN Package Check Results for Package EMCluster

Last updated on 2015-05-26 12:47:14.

Flavor Version Tinstall Tcheck Ttotal Status Flags
r-devel-linux-x86_64-debian-clang 0.2-4 7.21 16.88 24.09 NOTE
r-devel-linux-x86_64-debian-gcc 0.2-4 8.06 16.48 24.54 NOTE
r-devel-linux-x86_64-fedora-clang 0.2-4 44.79 NOTE
r-devel-linux-x86_64-fedora-gcc 0.2-4 43.01 NOTE
r-devel-osx-x86_64-clang 0.2-4 50.77 NOTE
r-devel-windows-ix86+x86_64 0.2-4 70.00 36.00 106.00 NOTE
r-patched-linux-x86_64 0.2-4 8.04 16.55 24.60 NOTE
r-patched-solaris-sparc 0.2-4 274.30 NOTE
r-patched-solaris-x86 0.2-4 63.00 NOTE
r-release-linux-x86_64 0.2-4 7.78 16.74 24.53 NOTE
r-release-osx-x86_64-mavericks 0.2-4 NOTE
r-release-osx-x86_64-snowleopard 0.2-4 NOTE
r-release-windows-ix86+x86_64 0.2-4 70.00 37.00 107.00 NOTE
r-oldrel-windows-ix86+x86_64 0.2-4 67.00 36.00 103.00 NOTE

Check Details

Version: 0.2-4
Check: dependencies in R code
Result: NOTE
    Package in Depends field not imported from: ‘MASS’
     These packages need to be imported from (in the NAMESPACE file)
     for when this namespace is loaded but not attached.
Flavors: r-devel-linux-x86_64-debian-clang, r-devel-linux-x86_64-debian-gcc, r-devel-linux-x86_64-fedora-clang, r-devel-linux-x86_64-fedora-gcc, r-devel-osx-x86_64-clang, r-devel-windows-ix86+x86_64, r-patched-linux-x86_64, r-patched-solaris-sparc, r-patched-solaris-x86, r-release-linux-x86_64, r-release-osx-x86_64-mavericks, r-release-osx-x86_64-snowleopard, r-release-windows-ix86+x86_64, r-oldrel-windows-ix86+x86_64

Version: 0.2-4
Check: S3 generic/method consistency
Result: NOTE
    Found the following apparent S3 methods exported but not registered:
     print.summary.emret print.summary.svd summary.emret.wt
    See section ‘Registering S3 methods’ in the ‘Writing R Extensions’
    manual.
Flavors: r-devel-linux-x86_64-debian-clang, r-devel-linux-x86_64-debian-gcc, r-devel-linux-x86_64-fedora-clang, r-devel-linux-x86_64-fedora-gcc, r-devel-osx-x86_64-clang, r-patched-linux-x86_64, r-patched-solaris-sparc, r-patched-solaris-x86, r-release-linux-x86_64

Version: 0.2-4
Check: R code for possible problems
Result: NOTE
    em.EM: no visible binding for global variable ‘.EMC’
    emcluster: no visible binding for global variable ‘.EMC’
    emcluster.wt: no visible binding for global variable ‘.EMC’
    emgroup: no visible binding for global variable ‘.EMC’
    emgroup.wt: no visible binding for global variable ‘.EMC’
    init.EM: no visible binding for global variable ‘.EMC’
    mb.em.EM: no visible binding for global variable ‘.EMC’
    mb.rand.EM: no visible binding for global variable ‘.EMC.Rnd’
    plotmd: no visible binding for global variable ‘color.class’
    plotpt: no visible binding for global variable ‘color.class’
    rand.EM: no visible binding for global variable ‘.EMC.Rnd’
    starts.via.svd: no visible binding for global variable ‘.EMC’
    starts.via.svd.wt: no visible binding for global variable ‘.EMC’
Flavors: r-devel-linux-x86_64-debian-clang, r-devel-linux-x86_64-debian-gcc, r-devel-linux-x86_64-fedora-clang, r-devel-linux-x86_64-fedora-gcc, r-devel-osx-x86_64-clang, r-devel-windows-ix86+x86_64, r-patched-linux-x86_64, r-patched-solaris-sparc, r-patched-solaris-x86, r-release-linux-x86_64, r-release-osx-x86_64-mavericks, r-release-osx-x86_64-snowleopard, r-release-windows-ix86+x86_64, r-oldrel-windows-ix86+x86_64