CRAN Package Check Results for Package EMCluster

Last updated on 2014-07-22 15:51:49.

Flavor Version Tinstall Tcheck Ttotal Status Flags
r-devel-linux-x86_64-debian-clang 0.2-4 5.90 16.44 22.33 NOTE
r-devel-linux-x86_64-debian-gcc 0.2-4 7.89 16.19 24.08 NOTE
r-devel-linux-x86_64-fedora-clang 0.2-4 44.86 NOTE
r-devel-linux-x86_64-fedora-gcc 0.2-4 45.89 NOTE
r-devel-osx-x86_64-clang 0.2-4 49.81 NOTE
r-devel-windows-ix86+x86_64 0.2-4 63.00 33.00 96.00 NOTE
r-patched-linux-x86_64 0.2-4 8.21 15.87 24.08 NOTE
r-patched-solaris-sparc 0.2-4 258.40 NOTE
r-patched-solaris-x86 0.2-4 67.60 NOTE
r-release-linux-ix86 0.2-4 10.70 25.78 36.49 NOTE
r-release-linux-x86_64 0.2-4 7.93 16.36 24.29 NOTE
r-release-osx-x86_64-mavericks 0.2-4 NOTE
r-release-osx-x86_64-snowleopard 0.2-4 OK
r-release-windows-ix86+x86_64 0.2-4 67.00 34.00 101.00 NOTE
r-oldrel-windows-ix86+x86_64 0.2-4 67.00 36.00 103.00 NOTE

Check Details

Version: 0.2-4
Check: dependencies in R code
Result: NOTE
    Package in Depends field not imported from: ‘MASS’
     These packages need to be imported from (in the NAMESPACE file)
     for when this namespace is loaded but not attached.
    See the information on DESCRIPTION files in the chapter ‘Creating R
    packages’ of the ‘Writing R Extensions’ manual.
Flavors: r-devel-linux-x86_64-debian-clang, r-devel-linux-x86_64-debian-gcc, r-devel-linux-x86_64-fedora-clang, r-devel-linux-x86_64-fedora-gcc, r-devel-osx-x86_64-clang, r-devel-windows-ix86+x86_64, r-patched-linux-x86_64, r-patched-solaris-sparc, r-patched-solaris-x86, r-release-linux-ix86, r-release-linux-x86_64, r-release-osx-x86_64-mavericks, r-release-windows-ix86+x86_64, r-oldrel-windows-ix86+x86_64

Version: 0.2-4
Check: re-building of vignette outputs
Result: NOTE
    Error in re-building vignettes:
     ...
    Error in texi2dvi(file = file, pdf = TRUE, clean = clean, quiet = quiet, :
     Running 'texi2dvi' on 'EMCluster-guide.tex' failed.
    LaTeX errors:
    ! LaTeX Error: File `a4wide.sty' not found.
    
    Type X to quit or <RETURN> to proceed,
    or enter new name. (Default extension: sty)
    
    ./EMCluster-include/jss.cls:72: ==> Fatal error occurred, no output PDF file p
    roduced!
    Calls: buildVignettes -> texi2pdf -> texi2dvi
    Execution halted
Flavor: r-release-osx-x86_64-mavericks