CRAN Package Check Results for Package EMCluster

Last updated on 2017-03-30 20:46:57.

Flavor Version Tinstall Tcheck Ttotal Status Flags
r-devel-linux-x86_64-debian-clang 0.2-6 12.59 40.96 53.56 NOTE
r-devel-linux-x86_64-debian-gcc 0.2-6 11.03 40.50 51.53 NOTE
r-devel-linux-x86_64-fedora-clang 0.2-6 109.67 NOTE --no-stop-on-test-error
r-devel-linux-x86_64-fedora-gcc 0.2-6 104.06 NOTE --no-stop-on-test-error
r-devel-macos-x86_64-clang 0.2-6 84.56 NOTE --no-stop-on-test-error
r-devel-windows-ix86+x86_64 0.2-6 82.00 96.00 178.00 OK
r-patched-linux-x86_64 0.2-6 10.24 40.42 50.66 NOTE
r-patched-solaris-sparc 0.2-6 698.90 OK
r-patched-solaris-x86 0.2-6 155.10 OK
r-release-linux-x86_64 0.2-6 9.79 37.39 47.19 OK
r-release-osx-x86_64-mavericks 0.2-6 OK
r-release-windows-ix86+x86_64 0.2-6 157.00 82.00 239.00 OK
r-oldrel-windows-ix86+x86_64 0.2-6 92.00 94.00 186.00 OK

Check Details

Version: 0.2-6
Check: compiled code
Result: NOTE
    File ‘EMCluster/libs/EMCluster.so’:
     Found no calls to: ‘R_registerRoutines’, ‘R_useDynamicSymbols’
    
    It is good practice to register native routines and to disable symbol
    search.
    
    See ‘Writing portable packages’ in the ‘Writing R Extensions’ manual.
Flavors: r-devel-linux-x86_64-debian-clang, r-devel-linux-x86_64-debian-gcc, r-patched-linux-x86_64

Version: 0.2-6
Flags: --no-stop-on-test-error
Check: compiled code
Result: NOTE
    File ‘EMCluster/libs/EMCluster.so’:
     Found no calls to: ‘R_registerRoutines’, ‘R_useDynamicSymbols’
    
    It is good practice to register native routines and to disable symbol
    search.
    
    See ‘Writing portable packages’ in the ‘Writing R Extensions’ manual.
Flavors: r-devel-linux-x86_64-fedora-clang, r-devel-linux-x86_64-fedora-gcc, r-devel-macos-x86_64-clang