CRAN Package Check Results for Package EMCluster

Last updated on 2015-02-28 19:51:04.

Flavor Version Tinstall Tcheck Ttotal Status Flags
r-devel-linux-x86_64-debian-clang 0.2-4 6.82 16.59 23.40 NOTE
r-devel-linux-x86_64-debian-gcc 0.2-4 7.81 16.60 24.41 NOTE
r-devel-linux-x86_64-fedora-clang 0.2-4 45.40 NOTE
r-devel-linux-x86_64-fedora-gcc 0.2-4 44.71 NOTE
r-devel-osx-x86_64-clang 0.2-4 51.98 NOTE
r-devel-windows-ix86+x86_64 0.2-4 101.00 34.00 135.00 NOTE
r-patched-linux-x86_64 0.2-4 8.20 18.58 26.78 NOTE
r-patched-solaris-sparc 0.2-4 279.50 NOTE
r-patched-solaris-x86 0.2-4 69.30 NOTE
r-release-linux-ix86 0.2-4 10.31 27.27 37.58 NOTE
r-release-linux-x86_64 0.2-4 8.09 18.46 26.55 NOTE
r-release-osx-x86_64-mavericks 0.2-4 NOTE
r-release-osx-x86_64-snowleopard 0.2-4 OK
r-release-windows-ix86+x86_64 0.2-4 62.00 34.00 96.00 NOTE
r-oldrel-windows-ix86+x86_64 0.2-4 68.00 37.00 105.00 NOTE

Check Details

Version: 0.2-4
Check: dependencies in R code
Result: NOTE
    Package in Depends field not imported from: ‘MASS’
     These packages need to be imported from (in the NAMESPACE file)
     for when this namespace is loaded but not attached.
Flavors: r-devel-linux-x86_64-debian-clang, r-devel-linux-x86_64-debian-gcc, r-devel-linux-x86_64-fedora-clang, r-devel-linux-x86_64-fedora-gcc, r-devel-osx-x86_64-clang, r-devel-windows-ix86+x86_64, r-patched-linux-x86_64, r-patched-solaris-x86

Version: 0.2-4
Check: S3 generic/method consistency
Result: NOTE
    Found the following apparent S3 methods exported but not registered:
     print.summary.emret print.summary.svd summary.emret.wt
    See section ‘Registering S3 methods’ in the ‘Writing R Extensions’
    manual.
Flavors: r-devel-linux-x86_64-debian-clang, r-devel-linux-x86_64-debian-gcc, r-devel-linux-x86_64-fedora-clang, r-devel-linux-x86_64-fedora-gcc, r-devel-osx-x86_64-clang

Version: 0.2-4
Check: R code for possible problems
Result: NOTE
    em.EM: no visible binding for global variable ‘.EMC’
    emcluster: no visible binding for global variable ‘.EMC’
    emcluster.wt: no visible binding for global variable ‘.EMC’
    emgroup: no visible binding for global variable ‘.EMC’
    emgroup.wt: no visible binding for global variable ‘.EMC’
    init.EM: no visible binding for global variable ‘.EMC’
    mb.em.EM: no visible binding for global variable ‘.EMC’
    mb.rand.EM: no visible binding for global variable ‘.EMC.Rnd’
    plotmd: no visible binding for global variable ‘color.class’
    plotpt: no visible binding for global variable ‘color.class’
    rand.EM: no visible binding for global variable ‘.EMC.Rnd’
    starts.via.svd: no visible binding for global variable ‘.EMC’
    starts.via.svd.wt: no visible binding for global variable ‘.EMC’
Flavors: r-devel-linux-x86_64-debian-clang, r-devel-linux-x86_64-debian-gcc, r-devel-linux-x86_64-fedora-clang, r-devel-linux-x86_64-fedora-gcc, r-devel-osx-x86_64-clang, r-devel-windows-ix86+x86_64, r-patched-linux-x86_64, r-patched-solaris-sparc, r-patched-solaris-x86, r-release-linux-ix86, r-release-linux-x86_64, r-release-osx-x86_64-mavericks, r-release-windows-ix86+x86_64

Version: 0.2-4
Check: dependencies in R code
Result: NOTE
    Package in Depends field not imported from: ‘MASS’
     These packages need to be imported from (in the NAMESPACE file)
     for when this namespace is loaded but not attached.
    See the information on DESCRIPTION files in the chapter ‘Creating R
    packages’ of the ‘Writing R Extensions’ manual.
Flavors: r-patched-solaris-sparc, r-release-linux-ix86, r-release-linux-x86_64, r-release-osx-x86_64-mavericks, r-release-windows-ix86+x86_64, r-oldrel-windows-ix86+x86_64