CRAN Package Check Results for Package EMCluster

Last updated on 2017-02-19 18:47:32.

Flavor Version Tinstall Tcheck Ttotal Status Flags
r-devel-linux-x86_64-debian-clang 0.2-6 12.22 40.17 52.39 NOTE
r-devel-linux-x86_64-debian-gcc 0.2-6 12.52 39.86 52.38 NOTE
r-devel-linux-x86_64-fedora-clang 0.2-6 107.64 NOTE --no-stop-on-test-error
r-devel-linux-x86_64-fedora-gcc 0.2-6 104.45 NOTE --no-stop-on-test-error
r-devel-macos-x86_64-clang 0.2-6 85.44 NOTE --no-stop-on-test-error
r-devel-windows-ix86+x86_64 0.2-6 52.00 127.00 179.00 OK
r-patched-linux-x86_64 0.2-6 10.01 37.75 47.77 OK
r-patched-solaris-sparc 0.2-6 541.20 OK
r-patched-solaris-x86 0.2-6 130.40 OK
r-release-linux-x86_64 0.2-6 10.11 37.30 47.42 OK
r-release-osx-x86_64-mavericks 0.2-6 OK
r-release-windows-ix86+x86_64 0.2-6 50.00 80.00 130.00 OK
r-oldrel-windows-ix86+x86_64 0.2-6 120.00 118.00 238.00 OK

Check Details

Version: 0.2-6
Check: compiled code
Result: NOTE
    File ‘EMCluster/libs/EMCluster.so’:
     Found no calls to: ‘R_registerRoutines’, ‘R_useDynamicSymbols’
    
    It is good practice to register native routines and to disable symbol
    search.
    
    See ‘Writing portable packages’ in the ‘Writing R Extensions’ manual.
Flavors: r-devel-linux-x86_64-debian-clang, r-devel-linux-x86_64-debian-gcc

Version: 0.2-6
Flags: --no-stop-on-test-error
Check: compiled code
Result: NOTE
    File ‘EMCluster/libs/EMCluster.so’:
     Found no calls to: ‘R_registerRoutines’, ‘R_useDynamicSymbols’
    
    It is good practice to register native routines and to disable symbol
    search.
    
    See ‘Writing portable packages’ in the ‘Writing R Extensions’ manual.
Flavors: r-devel-linux-x86_64-fedora-clang, r-devel-linux-x86_64-fedora-gcc, r-devel-macos-x86_64-clang