CRAN Package Check Results for Package EMD

Last updated on 2015-04-20 02:48:31.

Flavor Version Tinstall Tcheck Ttotal Status Flags
r-devel-linux-x86_64-debian-clang 1.5.7 2.44 32.94 35.38 NOTE
r-devel-linux-x86_64-debian-gcc 1.5.7 3.02 31.62 34.64 NOTE
r-devel-linux-x86_64-fedora-clang 1.5.7 68.86 NOTE
r-devel-linux-x86_64-fedora-gcc 1.5.7 75.18 NOTE
r-devel-osx-x86_64-clang 1.5.7 64.85 NOTE
r-devel-windows-ix86+x86_64 1.5.7 12.00 80.00 92.00 OK
r-patched-linux-x86_64 1.5.7 2.95 31.58 34.53 NOTE
r-patched-solaris-sparc 1.5.7 439.70 OK
r-patched-solaris-x86 1.5.7 86.90 OK
r-release-linux-x86_64 1.5.7 2.92 30.96 33.88 NOTE
r-release-osx-x86_64-mavericks 1.5.7 OK
r-release-osx-x86_64-snowleopard 1.5.7 ERROR
r-release-windows-ix86+x86_64 1.5.7 6.00 85.00 91.00 OK
r-oldrel-windows-ix86+x86_64 1.5.7 11.00 123.00 134.00 OK

Check Details

Version: 1.5.7
Check: S3 generic/method consistency
Result: NOTE
    Found the following apparent S3 methods exported but not registered:
     image.plot.ts
    See section ‘Registering S3 methods’ in the ‘Writing R Extensions’
    manual.
Flavors: r-devel-linux-x86_64-debian-clang, r-devel-linux-x86_64-debian-gcc, r-devel-linux-x86_64-fedora-clang, r-devel-linux-x86_64-fedora-gcc, r-devel-osx-x86_64-clang, r-patched-linux-x86_64, r-release-linux-x86_64

Version: 1.5.7
Check: package dependencies
Result: ERROR
    Package required but not available: ‘fields’
    
    See section ‘The DESCRIPTION file’ in the ‘Writing R Extensions’
    manual.
Flavor: r-release-osx-x86_64-snowleopard