CRAN Package Check Results for Package EMD

Last updated on 2015-02-01 23:48:52.

Flavor Version Tinstall Tcheck Ttotal Status Flags
r-devel-linux-x86_64-debian-clang 1.5.7 2.42 32.78 35.20 NOTE
r-devel-linux-x86_64-debian-gcc 1.5.7 3.00 30.74 33.74 NOTE
r-devel-linux-x86_64-fedora-clang 1.5.7 69.16 NOTE
r-devel-linux-x86_64-fedora-gcc 1.5.7 64.95 NOTE
r-devel-osx-x86_64-clang 1.5.7 74.04 NOTE
r-devel-windows-ix86+x86_64 1.5.7 14.00 81.00 95.00 OK
r-patched-linux-x86_64 1.5.7 3.76 40.83 44.59 OK
r-patched-solaris-sparc 1.5.7 540.50 OK
r-patched-solaris-x86 1.5.7 112.20 OK
r-release-linux-ix86 1.5.7 4.03 59.28 63.31 OK
r-release-linux-x86_64 1.5.7 3.76 43.06 46.82 OK
r-release-osx-x86_64-mavericks 1.5.7 OK
r-release-osx-x86_64-snowleopard 1.5.7 OK
r-release-windows-ix86+x86_64 1.5.7 12.00 104.00 116.00 OK
r-oldrel-windows-ix86+x86_64 1.5.7 12.00 103.00 115.00 OK

Check Details

Version: 1.5.7
Check: S3 generic/method consistency
Result: NOTE
    Found the following apparent S3 methods exported but not registered:
     image.plot.ts
    See section ‘Registering S3 methods’ in the ‘Writing R Extensions’
    manual.
Flavors: r-devel-linux-x86_64-debian-clang, r-devel-linux-x86_64-debian-gcc, r-devel-linux-x86_64-fedora-clang, r-devel-linux-x86_64-fedora-gcc, r-devel-osx-x86_64-clang