CRAN Package Check Results for Package EMD

Last updated on 2015-03-05 03:47:57.

Flavor Version Tinstall Tcheck Ttotal Status Flags
r-devel-linux-x86_64-debian-clang 1.5.7 2.52 32.13 34.64 NOTE
r-devel-linux-x86_64-debian-gcc 1.5.7 2.87 31.21 34.08 NOTE
r-devel-linux-x86_64-fedora-clang 1.5.7 69.84 NOTE
r-devel-linux-x86_64-fedora-gcc 1.5.7 67.23 NOTE
r-devel-osx-x86_64-clang 1.5.7 73.98 NOTE
r-devel-windows-ix86+x86_64 1.5.7 9.00 77.00 86.00 OK
r-patched-linux-x86_64 1.5.7 3.96 41.79 45.75 OK
r-patched-solaris-sparc 1.5.7 557.30 OK
r-patched-solaris-x86 1.5.7 111.70 OK
r-release-linux-ix86 1.5.7 4.08 59.06 63.13 OK
r-release-linux-x86_64 1.5.7 3.81 43.27 47.08 OK
r-release-osx-x86_64-mavericks 1.5.7 OK
r-release-osx-x86_64-snowleopard 1.5.7 OK
r-release-windows-ix86+x86_64 1.5.7 12.00 104.00 116.00 OK
r-oldrel-windows-ix86+x86_64 1.5.7 11.00 97.00 108.00 OK

Check Details

Version: 1.5.7
Check: S3 generic/method consistency
Result: NOTE
    Found the following apparent S3 methods exported but not registered:
     image.plot.ts
    See section ‘Registering S3 methods’ in the ‘Writing R Extensions’
    manual.
Flavors: r-devel-linux-x86_64-debian-clang, r-devel-linux-x86_64-debian-gcc, r-devel-linux-x86_64-fedora-clang, r-devel-linux-x86_64-fedora-gcc, r-devel-osx-x86_64-clang