CRAN Package Check Results for Package EMD

Last updated on 2015-05-29 23:47:45.

Flavor Version Tinstall Tcheck Ttotal Status Flags
r-devel-linux-x86_64-debian-clang 1.5.7 2.43 32.21 34.64 NOTE
r-devel-linux-x86_64-debian-gcc 1.5.7 2.89 31.58 34.47 NOTE
r-devel-linux-x86_64-fedora-clang 1.5.7 70.90 NOTE
r-devel-linux-x86_64-fedora-gcc 1.5.7 63.82 NOTE
r-devel-osx-x86_64-clang 1.5.7 63.74 NOTE
r-devel-windows-ix86+x86_64 1.5.7 9.00 78.00 87.00 OK
r-patched-linux-x86_64 1.5.7 2.92 31.00 33.92 NOTE
r-patched-solaris-sparc 1.5.7 415.60 NOTE
r-patched-solaris-x86 1.5.7 90.00 NOTE
r-release-linux-x86_64 1.5.7 2.91 31.47 34.38 NOTE
r-release-osx-x86_64-mavericks 1.5.7 OK
r-release-osx-x86_64-snowleopard 1.5.7 ERROR
r-release-windows-ix86+x86_64 1.5.7 9.00 84.00 93.00 OK
r-oldrel-windows-ix86+x86_64 1.5.7 11.00 139.00 150.00 OK

Check Details

Version: 1.5.7
Check: S3 generic/method consistency
Result: NOTE
    Found the following apparent S3 methods exported but not registered:
     image.plot.ts
    See section ‘Registering S3 methods’ in the ‘Writing R Extensions’
    manual.
Flavors: r-devel-linux-x86_64-debian-clang, r-devel-linux-x86_64-debian-gcc, r-devel-linux-x86_64-fedora-clang, r-devel-linux-x86_64-fedora-gcc, r-devel-osx-x86_64-clang, r-patched-linux-x86_64, r-patched-solaris-sparc, r-patched-solaris-x86, r-release-linux-x86_64

Version: 1.5.7
Check: package dependencies
Result: ERROR
    Package required but not available: ‘fields’
    
    See section ‘The DESCRIPTION file’ in the ‘Writing R Extensions’
    manual.
Flavor: r-release-osx-x86_64-snowleopard