CRAN Package Check Results for Package EMD

Last updated on 2015-08-02 05:47:42.

Flavor Version Tinstall Tcheck Ttotal Status Flags
r-devel-linux-x86_64-debian-clang 1.5.7 2.50 30.97 33.47 NOTE
r-devel-linux-x86_64-debian-gcc 1.5.7 2.94 30.68 33.62 NOTE
r-devel-linux-x86_64-fedora-clang 1.5.7 65.68 NOTE
r-devel-linux-x86_64-fedora-gcc 1.5.7 65.26 NOTE
r-devel-osx-x86_64-clang 1.5.7 58.90 NOTE
r-devel-windows-ix86+x86_64 1.5.7 9.00 87.00 96.00 NOTE
r-patched-linux-x86_64 1.5.7 2.84 31.32 34.16 NOTE
r-patched-solaris-sparc 1.5.7 428.20 NOTE
r-patched-solaris-x86 1.5.7 87.90 NOTE
r-release-linux-x86_64 1.5.7 2.85 32.09 34.94 NOTE
r-release-osx-x86_64-mavericks 1.5.7 OK
r-release-windows-ix86+x86_64 1.5.7 13.00 88.00 101.00 OK
r-oldrel-windows-ix86+x86_64 1.5.7 17.00 106.00 123.00 OK

Check Details

Version: 1.5.7
Check: S3 generic/method consistency
Result: NOTE
    Found the following apparent S3 methods exported but not registered:
     image.plot.ts
    See section ‘Registering S3 methods’ in the ‘Writing R Extensions’
    manual.
Flavors: r-devel-linux-x86_64-debian-clang, r-devel-linux-x86_64-debian-gcc, r-devel-linux-x86_64-fedora-clang, r-devel-linux-x86_64-fedora-gcc, r-devel-osx-x86_64-clang, r-patched-linux-x86_64, r-patched-solaris-sparc, r-patched-solaris-x86, r-release-linux-x86_64

Version: 1.5.7
Check: R code for possible problems
Result: NOTE
    cvimpute.by.mean: no visible global function definition for ‘embed’
    emd: no visible global function definition for ‘sd’
    emd: no visible global function definition for ‘is.ts’
    emd: no visible global function definition for ‘plot’
    emd: no visible global function definition for ‘abline’
    emd: no visible global function definition for ‘locator’
    emd.pred: no visible global function definition for ‘qt’
    emd.pred: no visible global function definition for ‘par’
    emd.pred: no visible global function definition for ‘plot’
    emd.pred: no visible global function definition for ‘lines’
    emd2d: no visible global function definition for ‘sd’
    emd2d: no visible global function definition for ‘par’
    emd2d: no visible global function definition for ‘image’
    emd2d: no visible global function definition for ‘gray’
    emd2d: no visible global function definition for ‘box’
    emd2d: no visible global function definition for ‘locator’
    emddenoise: no visible global function definition for ‘sd’
    emddenoise: no visible global function definition for ‘is.ts’
    emddenoise: no visible global function definition for ‘ts’
    extractimf: no visible global function definition for ‘sd’
    extractimf: no visible global function definition for ‘is.ts’
    extractimf: no visible global function definition for ‘splinefun’
    extractimf: no visible global function definition for ‘predict’
    extractimf: no visible global function definition for ‘loess’
    extractimf: no visible global function definition for ‘loess.control’
    extractimf: no visible global function definition for ‘plot’
    extractimf: no visible global function definition for ‘points’
    extractimf: no visible global function definition for ‘lines’
    extractimf: no visible global function definition for ‘locator’
    extractimf2d: no visible global function definition for ‘sd’
    extractimf2d: no visible global function definition for ‘par’
    extractimf2d: no visible global function definition for ‘predict’
    extractimf2d: no visible global function definition for ‘loess’
    extractimf2d: no visible global function definition for ‘loess.control’
    extractimf2d: no visible global function definition for ‘image’
    extractimf2d: no visible global function definition for ‘gray’
    extractimf2d: no visible global function definition for ‘box’
    extractimf2d: no visible global function definition for ‘locator’
    hilbert: no visible global function definition for ‘is.ts’
    hilbert: no visible global function definition for ‘fft’
    image.plot.ts: no visible global function definition for ‘par’
    image.plot.ts: no visible global function definition for ‘image’
    image.plot.ts: no visible global function definition for ‘axis.POSIXct’
    image.plot.ts: no visible global function definition for ‘axis’
    image.plot.ts: no visible global function definition for ‘box’
    imageEMD: no visible global function definition for ‘par’
    imageEMD: no visible global function definition for ‘image’
    imageEMD: no visible global function definition for ‘gray’
    semd: no visible global function definition for ‘sd’
    semd: no visible global function definition for ‘is.ts’
    spectrogram: no visible global function definition for ‘gray’
    spectrogram: no visible global function definition for ‘box’
    spectrogram: no visible global function definition for ‘par’
    Undefined global functions or variables:
     abline axis axis.POSIXct box embed fft gray image is.ts lines locator
     loess loess.control par plot points predict qt sd splinefun ts
    Consider adding
     importFrom("grDevices", "gray")
     importFrom("graphics", "abline", "axis", "axis.POSIXct", "box",
     "image", "lines", "locator", "par", "plot", "points")
     importFrom("stats", "embed", "fft", "is.ts", "loess", "loess.control",
     "predict", "qt", "sd", "splinefun", "ts")
    to your NAMESPACE.
Flavors: r-devel-linux-x86_64-debian-clang, r-devel-linux-x86_64-debian-gcc, r-devel-linux-x86_64-fedora-clang, r-devel-linux-x86_64-fedora-gcc, r-devel-windows-ix86+x86_64