CRAN Package Check Results for Package EMD

Last updated on 2014-04-24 17:49:42.

Flavor Version Tinstall Tcheck Ttotal Status Flags
r-devel-linux-x86_64-debian-clang 1.5.7 2.72 38.55 41.28 OK
r-devel-linux-x86_64-debian-gcc 1.5.7 3.47 38.22 41.69 OK
r-devel-linux-x86_64-fedora-clang 1.5.7 81.83 OK
r-devel-linux-x86_64-fedora-gcc 1.5.7 79.01 OK
r-devel-osx-x86_64-clang 1.5.7 72.57 OK
r-devel-osx-x86_64-gcc 1.5.7 ERROR
r-devel-windows-ix86+x86_64 1.5.7 10.00 89.00 99.00 OK
r-patched-linux-x86_64 1.5.7 3.29 37.55 40.84 OK
r-patched-solaris-sparc 1.5.7 453.30 OK
r-patched-solaris-x86 1.5.7 100.00 OK
r-release-linux-ix86 1.5.7 5.00 73.00 78.00 OK
r-release-linux-x86_64 1.5.7 3.57 37.58 41.14 OK
r-release-osx-x86_64-mavericks 1.5.7 WARN
r-release-osx-x86_64-snowleopard 1.5.7 OK
r-release-windows-ix86+x86_64 1.5.7 9.00 95.00 104.00 OK
r-oldrel-windows-ix86+x86_64 1.5.7 12.00 89.00 101.00 OK

Check Details

Version: 1.5.7
Check: package dependencies
Result: ERROR
    Package required but not available: ‘fields’
    
    See the information on DESCRIPTION files in the chapter ‘Creating R
    packages’ of the ‘Writing R Extensions’ manual.
Flavor: r-devel-osx-x86_64-gcc

Version: 1.5.7
Check: PDF version of manual
Result: WARNING
    LaTeX errors when creating PDF version.
    This typically indicates Rd problems.
    LaTeX errors found:
    ! LaTeX Error: File `upquote.sty' not found.
    
    Type X to quit or <RETURN> to proceed,
    or enter new name. (Default extension: sty)
    
    33469420/Rd2.tex:8: ==> Fatal error occurred, no output PDF file produced!
Flavor: r-release-osx-x86_64-mavericks