CRAN Package Check Results for Package EMDSVRhybrid

Last updated on 2023-06-06 20:09:43 CEST.

Flavor Version Tinstall Tcheck Ttotal Status Flags
r-devel-linux-x86_64-debian-clang 0.1.0 8.56 69.19 77.75 NOTE
r-devel-linux-x86_64-debian-gcc 0.1.0 6.64 51.94 58.58 NOTE
r-devel-linux-x86_64-fedora-clang 0.1.0 94.09 NOTE
r-devel-linux-x86_64-fedora-gcc 0.1.0 90.49 NOTE
r-devel-windows-x86_64 0.1.0 9.00 67.00 76.00 NOTE
r-patched-linux-x86_64 0.1.0 8.30 65.79 74.09 NOTE
r-release-linux-x86_64 0.1.0 4.87 66.14 71.01 NOTE
r-release-macos-arm64 0.1.0 29.00 NOTE
r-release-macos-x86_64 0.1.0 48.00 NOTE
r-release-windows-x86_64 0.1.0 10.00 75.00 85.00 NOTE
r-oldrel-macos-arm64 0.1.0 34.00 NOTE
r-oldrel-macos-x86_64 0.1.0 60.00 NOTE
r-oldrel-windows-x86_64 0.1.0 11.00 81.00 92.00 NOTE

Check Details

Version: 0.1.0
Check: LazyData
Result: NOTE
     'LazyData' is specified without a 'data' directory
Flavors: r-devel-linux-x86_64-debian-clang, r-devel-linux-x86_64-debian-gcc, r-devel-linux-x86_64-fedora-clang, r-devel-linux-x86_64-fedora-gcc, r-devel-windows-x86_64, r-patched-linux-x86_64, r-release-linux-x86_64, r-release-macos-arm64, r-release-macos-x86_64, r-release-windows-x86_64, r-oldrel-macos-arm64, r-oldrel-macos-x86_64, r-oldrel-windows-x86_64