CRAN Package Check Results for Package EMMLi

Last updated on 2024-03-03 10:52:42 CET.

Flavor Version Tinstall Tcheck Ttotal Status Flags
r-devel-linux-x86_64-debian-clang 0.0.3 2.21 27.45 29.66 NOTE
r-devel-linux-x86_64-debian-gcc 0.0.3 2.10 20.90 23.00 NOTE
r-devel-linux-x86_64-fedora-clang 0.0.3 38.17 NOTE
r-devel-linux-x86_64-fedora-gcc 0.0.3 37.54 NOTE
r-devel-windows-x86_64 0.0.3 3.00 49.00 52.00 OK
r-patched-linux-x86_64 0.0.3 2.53 26.58 29.11 OK
r-release-linux-x86_64 0.0.3 2.52 26.44 28.96 OK
r-release-macos-arm64 0.0.3 17.00 OK
r-release-macos-x86_64 0.0.3 25.00 OK
r-release-windows-x86_64 0.0.3 3.00 47.00 50.00 OK
r-oldrel-macos-arm64 0.0.3 17.00 OK
r-oldrel-windows-x86_64 0.0.3 4.00 52.00 56.00 OK

Check Details

Version: 0.0.3
Check: Rd files
Result: NOTE checkRd: (-1) macacaModels.Rd:9: Lost braces in \itemize; meant \describe ? checkRd: (-1) macacaModels.Rd:10-11: Lost braces in \itemize; meant \describe ? Flavors: r-devel-linux-x86_64-debian-clang, r-devel-linux-x86_64-debian-gcc, r-devel-linux-x86_64-fedora-clang, r-devel-linux-x86_64-fedora-gcc