CRAN Package Check Results for Package EMT

Last updated on 2014-08-01 11:48:15.

Flavor Version Tinstall Tcheck Ttotal Status Flags
r-devel-linux-x86_64-debian-clang 1.1 0.47 14.72 15.19 OK
r-devel-linux-x86_64-debian-gcc 1.1 0.48 13.58 14.06 OK
r-devel-linux-x86_64-fedora-clang 1.1 30.71 NOTE
r-devel-linux-x86_64-fedora-gcc 1.1 28.20 NOTE
r-devel-osx-x86_64-clang 1.1 28.96 OK
r-devel-windows-ix86+x86_64 1.1 2.00 21.00 23.00 OK
r-patched-linux-x86_64 1.1 0.52 13.53 14.05 OK
r-patched-solaris-sparc 1.1 169.70 OK
r-patched-solaris-x86 1.1 38.80 OK
r-release-linux-ix86 1.1 0.78 19.99 20.77 OK
r-release-linux-x86_64 1.1 0.48 13.96 14.45 OK
r-release-osx-x86_64-mavericks 1.1 OK
r-release-windows-ix86+x86_64 1.1 3.00 22.00 25.00 OK
r-oldrel-windows-ix86+x86_64 1.1 2.00 24.00 26.00 OK

Check Details

Version: 1.1
Check: Rd line widths
Result: NOTE
    Rd file 'EMT-internal.Rd':
     \usage lines wider than 90 characters:
     MonteCarloMultinomialTestChisquare(observed, prob, size, groups, numEvents, ntrial, atOnce)
    
    Rd file 'multinomial.test.Rd':
     \usage lines wider than 90 characters:
     multinomial.test(observed, prob, useChisq = FALSE, MonteCarlo = FALSE, ntrial = 100000, atOnce = 1000000)
     \examples lines wider than 100 characters:
     observed <- c(5,2,1) # observed data: 5 items in category one, 2 items in category two, 1 item in category three
     prob <- c(0.25, 0.5, 0.25) # model: hypothetical probability that an item falls into category one, two, or three
     ## Test the hypothesis that all sides of a dice pop up with the same probability (a 6-dimesional problem):
     prob <- c(pdice, pdice, pdice, pdice, pdice, pdice) # the model, determined by the hypothetical probabilities
     observed <- c(4, 5, 2, 7, 0, 1) # the observation consisting of 19 throws ( = sample size)
    
    These lines will be truncated in the PDF manual.
Flavors: r-devel-linux-x86_64-fedora-clang, r-devel-linux-x86_64-fedora-gcc