CRAN Package Check Results for Package ENA

Last updated on 2014-04-18 11:47:16.

Flavor Version Tinstall Tcheck Ttotal Status Flags
r-devel-linux-x86_64-debian-clang 1.3-0 2.26 44.12 46.38 OK
r-devel-linux-x86_64-debian-gcc OK
r-devel-linux-x86_64-fedora-clang 1.3-0 86.22 OK
r-devel-linux-x86_64-fedora-gcc 1.3-0 82.82 OK
r-devel-macosx-x86_64-clang 1.3-0 92.64 OK
r-devel-macosx-x86_64-gcc 1.3-0 ERROR
r-devel-windows-ix86+x86_64 1.3-0 10.00 75.00 85.00 OK
r-patched-linux-x86_64 1.3-0 2.14 43.81 45.95 OK
r-patched-solaris-sparc 1.3-0 584.00 OK
r-patched-solaris-x86 1.3-0 124.00 OK
r-release-linux-ix86 1.3-0 7.00 116.00 123.00 OK
r-release-linux-x86_64 1.3-0 2.26 43.24 45.49 OK
r-release-macosx-x86_64 1.3-0 ERROR
r-release-windows-ix86+x86_64 1.3-0 9.00 77.00 86.00 OK
r-oldrel-windows-ix86+x86_64 1.3-0 10.00 85.00 95.00 OK

Check Details

Version: 1.3-0
Check: package dependencies
Result: ERROR
    Packages required but not available: ‘GeneNet’ ‘WGCNA’
    
    See the information on DESCRIPTION files in the chapter ‘Creating R
    packages’ of the ‘Writing R Extensions’ manual.
Flavor: r-devel-macosx-x86_64-gcc

Version: 1.3-0
Check: package dependencies
Result: ERROR
    Package required but not available: ‘WGCNA’
    
    See the information on DESCRIPTION files in the chapter ‘Creating R
    packages’ of the ‘Writing R Extensions’ manual.
Flavor: r-release-macosx-x86_64