CRAN Package Check Results for Package ENiRG

Last updated on 2020-05-27 14:48:52 CEST.

Flavor Version Tinstall Tcheck Ttotal Status Flags
r-devel-linux-x86_64-debian-clang 1.0.1 14.46 111.42 125.88 OK
r-devel-linux-x86_64-debian-gcc 1.0.1 12.40 87.34 99.74 WARN
r-devel-linux-x86_64-fedora-clang 1.0.1 171.68 WARN
r-devel-linux-x86_64-fedora-gcc 1.0.1 157.48 OK
r-devel-windows-ix86+x86_64 1.0.1 29.00 162.00 191.00 ERROR
r-patched-linux-x86_64 1.0.1 13.23 112.10 125.33 OK
r-patched-solaris-x86 1.0.1 218.50 OK
r-release-linux-x86_64 1.0.1 16.41 111.86 128.27 OK
r-release-osx-x86_64 1.0.1 OK
r-release-windows-ix86+x86_64 1.0.1 20.00 163.00 183.00 OK
r-oldrel-osx-x86_64 1.0.1 FAIL
r-oldrel-windows-ix86+x86_64 1.0.1 26.00 118.00 144.00 OK

Check Details

Version: 1.0.1
Check: whether package can be installed
Result: WARN
    Found the following significant warnings:
     Warning: S4 exports specified in 'NAMESPACE' but not defined in package ‘ENiRG’
Flavors: r-devel-linux-x86_64-debian-gcc, r-devel-linux-x86_64-fedora-clang

Version: 1.0.1
Check: whether the namespace can be loaded with stated dependencies
Result: NOTE
    Warning: S4 exports specified in 'NAMESPACE' but not defined in package ‘ENiRG’
    
    A namespace must be able to be loaded with just the base namespace
    loaded: otherwise if the namespace gets loaded by a saved object, the
    session will be unable to start.
    
    Probably some imports need to be declared in the NAMESPACE file.
Flavors: r-devel-linux-x86_64-debian-gcc, r-devel-linux-x86_64-fedora-clang

Version: 1.0.1
Check: examples
Result: ERROR
    Running examples in 'ENiRG-Ex.R' failed
    The error most likely occurred in:
    
    > ### Name: enirg.GUI
    > ### Title: Graphical User Interface of the _ENiRG_ package
    > ### Aliases: enirg.GUI
    > ### Keywords: enirg gui
    >
    > ### ** Examples
    >
    > enirg.GUI()
Flavor: r-devel-windows-ix86+x86_64

Version: 1.0.1
Check: whether package can be installed
Result: FAIL
Flavor: r-oldrel-osx-x86_64