CRAN Package Check Results for Package ENiRG

Last updated on 2019-11-14 06:50:25 CET.

Flavor Version Tinstall Tcheck Ttotal Status Flags
r-devel-linux-x86_64-debian-clang 1.0.1 15.54 102.74 118.28 OK
r-devel-linux-x86_64-debian-gcc 1.0.1 10.86 81.59 92.45 OK
r-devel-linux-x86_64-fedora-clang 1.0.1 145.33 OK
r-devel-linux-x86_64-fedora-gcc 1.0.1 144.67 OK
r-devel-windows-ix86+x86_64 1.0.1 27.00 110.00 137.00 OK
r-patched-linux-x86_64 1.0.1 12.70 100.56 113.26 OK
r-patched-solaris-x86 1.0.1 199.50 OK
r-release-linux-x86_64 1.0.1 12.76 99.72 112.48 OK
r-release-windows-ix86+x86_64 1.0.1 19.00 107.00 126.00 OK
r-release-osx-x86_64 1.0.1 FAIL
r-oldrel-windows-ix86+x86_64 1.0.1 12.00 108.00 120.00 OK
r-oldrel-osx-x86_64 1.0.1 OK

Check Details

Version: 1.0.1
Check: whether package can be installed
Result: FAIL
    
Flavor: r-release-osx-x86_64