CRAN Package Check Results for Package ENmisc

Last updated on 2014-07-25 21:47:51.

Flavor Version Tinstall Tcheck Ttotal Status Flags
r-devel-linux-x86_64-debian-clang 1.2-7 1.25 21.75 23.00 NOTE
r-devel-linux-x86_64-debian-gcc 1.2-7 1.24 21.72 22.96 NOTE
r-devel-linux-x86_64-fedora-clang 1.2-7 49.66 NOTE
r-devel-linux-x86_64-fedora-gcc 1.2-7 44.03 NOTE
r-devel-osx-x86_64-clang 1.2-7 44.33 NOTE
r-devel-windows-ix86+x86_64 1.2-7 6.00 37.00 43.00 NOTE
r-patched-linux-x86_64 1.2-7 1.26 22.14 23.40 NOTE
r-patched-solaris-sparc 1.2-7 280.00 NOTE
r-patched-solaris-x86 1.2-7 63.60 NOTE
r-release-linux-ix86 1.2-7 1.76 31.00 32.77 NOTE
r-release-linux-x86_64 1.2-7 1.33 23.18 24.50 NOTE
r-release-osx-x86_64-mavericks 1.2-7 NOTE
r-release-windows-ix86+x86_64 1.2-7 6.00 39.00 45.00 NOTE
r-oldrel-windows-ix86+x86_64 1.2-7 6.00 40.00 46.00 NOTE

Check Details

Version: 1.2-7
Check: dependencies in R code
Result: NOTE
    'library' or 'require' call to ‘RColorBrewer’ which was already attached by Depends.
     Please remove these calls from your code.
    Packages in Depends field not imported from:
     ‘Hmisc’ ‘RColorBrewer’ ‘vcd’
     These packages need to be imported from (in the NAMESPACE file)
     for when this namespace is loaded but not attached.
    See the information on DESCRIPTION files in the chapter ‘Creating R
    packages’ of the ‘Writing R Extensions’ manual.
Flavors: r-devel-linux-x86_64-debian-clang, r-devel-linux-x86_64-debian-gcc, r-devel-linux-x86_64-fedora-clang, r-devel-linux-x86_64-fedora-gcc, r-devel-osx-x86_64-clang, r-devel-windows-ix86+x86_64, r-patched-linux-x86_64, r-patched-solaris-sparc, r-patched-solaris-x86, r-release-linux-ix86, r-release-linux-x86_64, r-release-osx-x86_64-mavericks, r-release-windows-ix86+x86_64, r-oldrel-windows-ix86+x86_64

Version: 1.2-7
Check: top-level files
Result: NOTE
    Non-standard file/directory found at top level:
     ‘CHANGES.txt’
Flavors: r-devel-linux-x86_64-fedora-clang, r-devel-linux-x86_64-fedora-gcc

Version: 1.2-7
Check: Rd line widths
Result: NOTE
    Rd file 'mosaicPermDialog.Rd':
     \usage lines wider than 90 characters:
     displayPermCommand=TRUE, extendedOptions=TRUE)
     setMosaicPalette(palettename,reverse=FALSE)
    
    These lines will be truncated in the PDF manual.
Flavors: r-devel-linux-x86_64-fedora-clang, r-devel-linux-x86_64-fedora-gcc