CRAN Package Check Results for Package ENmisc

Last updated on 2014-10-23 00:47:56.

Flavor Version Tinstall Tcheck Ttotal Status Flags
r-devel-linux-x86_64-debian-clang 1.2-7 1.23 22.70 23.92 NOTE
r-devel-linux-x86_64-debian-gcc 1.2-7 1.20 23.46 24.65 NOTE
r-devel-linux-x86_64-fedora-clang 1.2-7 47.37 NOTE
r-devel-linux-x86_64-fedora-gcc 1.2-7 44.87 NOTE
r-devel-osx-x86_64-clang 1.2-7 50.23 NOTE
r-devel-windows-ix86+x86_64 1.2-7 8.00 40.00 48.00 NOTE
r-patched-linux-x86_64 1.2-7 1.30 23.14 24.44 NOTE
r-patched-solaris-sparc 1.2-7 253.40 NOTE
r-patched-solaris-x86 1.2-7 63.70 NOTE
r-release-linux-ix86 1.2-7 2.10 46.98 49.07 NOTE
r-release-linux-x86_64 1.2-7 1.34 25.46 26.81 NOTE
r-release-osx-x86_64-mavericks 1.2-7 NOTE
r-release-windows-ix86+x86_64 1.2-7 7.00 43.00 50.00 NOTE
r-oldrel-windows-ix86+x86_64 1.2-7 7.00 45.00 52.00 NOTE

Check Details

Version: 1.2-7
Check: top-level files
Result: NOTE
    Non-standard file/directory found at top level:
     ‘CHANGES.txt’
Flavors: r-devel-linux-x86_64-debian-clang, r-devel-linux-x86_64-debian-gcc, r-devel-linux-x86_64-fedora-clang, r-devel-linux-x86_64-fedora-gcc, r-patched-linux-x86_64, r-release-linux-x86_64

Version: 1.2-7
Check: dependencies in R code
Result: NOTE
    'library' or 'require' call to ‘RColorBrewer’ which was already attached by Depends.
     Please remove these calls from your code.
    Packages in Depends field not imported from:
     ‘Hmisc’ ‘RColorBrewer’ ‘vcd’
     These packages need to be imported from (in the NAMESPACE file)
     for when this namespace is loaded but not attached.
    See the information on DESCRIPTION files in the chapter ‘Creating R
    packages’ of the ‘Writing R Extensions’ manual.
Flavors: r-devel-linux-x86_64-debian-clang, r-devel-linux-x86_64-debian-gcc, r-devel-linux-x86_64-fedora-clang, r-devel-linux-x86_64-fedora-gcc, r-devel-osx-x86_64-clang, r-devel-windows-ix86+x86_64, r-patched-linux-x86_64, r-patched-solaris-sparc, r-patched-solaris-x86, r-release-linux-ix86, r-release-linux-x86_64, r-release-osx-x86_64-mavericks, r-release-windows-ix86+x86_64, r-oldrel-windows-ix86+x86_64

Version: 1.2-7
Check: R code for possible problems
Result: NOTE
    CommanderWindowP: no visible global function definition for
     ‘CommanderWindow’
    aperm.structable: no visible global function definition for
     ‘structable’
    brewer.pal.ext: no visible global function definition for ‘brewer.pal’
    errorMessage: no visible global function definition for ‘Message’
    errorMessage: no visible global function definition for ‘gmessage’
    make_modal: no visible global function definition for ‘tkwait.window’
    margin.table.structable: no visible global function definition for
     ‘structable’
    mosaicPermDialogHelper: no visible global function definition for
     ‘visible<-’
    mosaicPermDialogHelper : updatedisplay: no visible global function
     definition for ‘enabled<-’
    mosaicPermDialogHelper : updatedisplay: no visible global function
     definition for ‘svalue’
    mosaicPermDialogHelper : updatedisplay: no visible global function
     definition for ‘svalue<-’
    mosaicPermDialogHelper : plotmosaic: no visible global function
     definition for ‘svalue’
    mosaicPermDialogHelper : plotmosaic: no visible global function
     definition for ‘svalue<-’
    mosaicPermDialogHelper : checkbuttonhandler : <anonymous>: no visible
     global function definition for ‘svalue’
    mosaicPermDialogHelper : keepMarginHandler: no visible global function
     definition for ‘svalue’
    mosaicPermDialogHelper : hideButton: no visible global function
     definition for ‘delete’
    mosaicPermDialogHelper : showButton: no visible global function
     definition for ‘add’
    mosaicPermDialogHelper : plottypebuttonhandler: no visible global
     function definition for ‘svalue’
    mosaicPermDialogHelper : plottypebuttonhandler: no visible global
     function definition for ‘svalue<-’
    mosaicPermDialogHelper : plottypebuttonhandler: no visible global
     function definition for ‘enabled<-’
    mosaicPermDialogHelper : OKbuttonhandler: no visible global function
     definition for ‘doItAndPrint’
    mosaicPermDialogHelper : resulttypebuttonhandler: no visible global
     function definition for ‘svalue’
    mosaicPermDialogHelper: no visible global function definition for
     ‘gbasicdialog’
    mosaicPermDialogHelper: no visible global function definition for
     ‘ggroup’
    mosaicPermDialogHelper: no visible global function definition for
     ‘addSpring’
    mosaicPermDialogHelper: no visible global function definition for
     ‘glayout’
    mosaicPermDialogHelper: no visible global function definition for
     ‘glabel’
    mosaicPermDialogHelper: no visible global function definition for
     ‘gbutton’
    mosaicPermDialogHelper: no visible global function definition for
     ‘gcheckbox’
    mosaicPermDialogHelper: no visible global function definition for
     ‘svalue<-’
    mosaicPermDialogHelper: no visible global function definition for
     ‘gframe’
    mosaicPermDialogHelper: no visible global function definition for
     ‘gradio’
    mosaicPermDialogHelper: no visible global function definition for
     ‘addHandlerClicked’
    mosaicPermDialogHelper: no visible global function definition for
     ‘addSpace’
    mosaicPermDialogHelper: no visible global function definition for
     ‘gseparator’
    mosaicPermDialogHelper: no visible global function definition for
     ‘gedit’
    mosaicPermDialogHelper: no visible global function definition for
     ‘size<-’
    mosaicPermDialogHelper: no visible global function definition for
     ‘editable<-’
    mosaicPermDialogHelper: no visible global function definition for
     ‘svalue’
    mosaicPermDialogHelper: no visible global function definition for
     ‘visible’
    mosaicPermDialogHelper: no visible global function definition for
     ‘dispose’
    mosaicSelectDialog : dotable: no visible global function definition for
     ‘svalue’
    mosaicSelectDialog: no visible global function definition for ‘gwindow’
    mosaicSelectDialog: no visible global function definition for ‘ggroup’
    mosaicSelectDialog: no visible global function definition for ‘glabel’
    mosaicSelectDialog: no visible global function definition for
     ‘gcombobox’
    mosaicSelectDialog : doOKbutton: no visible global function definition
     for ‘svalue’
    mosaicSelectDialog : doOKbutton: no visible global function definition
     for ‘dispose’
    mosaicSelectDialog: no visible global function definition for
     ‘addSpace’
    mosaicSelectDialog: no visible global function definition for ‘gbutton’
    mosaicSelectDialog: no visible global function definition for ‘focus<-’
    mosaicSelectDialog: no visible global function definition for
     ‘visible<-’
    mosaicableObjectAndNamestring: no visible global function definition
     for ‘structable’
    raise: no visible global function definition for ‘tkraise’
    raise: no visible global function definition for ‘getToolkitWidget’
    setMosaicPalette: no visible binding for global variable
     ‘brewer.pal.info’
    structableExpression: no visible global function definition for
     ‘is.structable’
    warnMessage: no visible global function definition for ‘Message’
    warnMessage: no visible global function definition for ‘gmessage’
Flavors: r-devel-linux-x86_64-debian-clang, r-devel-linux-x86_64-debian-gcc, r-devel-linux-x86_64-fedora-clang, r-devel-linux-x86_64-fedora-gcc, r-devel-osx-x86_64-clang, r-devel-windows-ix86+x86_64, r-patched-linux-x86_64, r-patched-solaris-sparc, r-patched-solaris-x86

Version: 1.2-7
Check: Rd line widths
Result: NOTE
    Rd file 'mosaicPermDialog.Rd':
     \usage lines wider than 90 characters:
     displayPermCommand=TRUE, extendedOptions=TRUE)
     setMosaicPalette(palettename,reverse=FALSE)
    
    These lines will be truncated in the PDF manual.
Flavors: r-devel-linux-x86_64-debian-clang, r-devel-linux-x86_64-debian-gcc, r-devel-linux-x86_64-fedora-clang, r-devel-linux-x86_64-fedora-gcc, r-patched-linux-x86_64, r-release-linux-x86_64

Version: 1.2-7
Check: package dependencies
Result: NOTE
    Package suggested but not available for checking: ‘Rcmdr’
Flavor: r-release-linux-ix86

Version: 1.2-7
Check: R code for possible problems
Result: NOTE
    CommanderWindowP: no visible global function definition for
     ‘CommanderWindow’
    errorMessage: no visible global function definition for ‘Message’
    mosaicPermDialogHelper : OKbuttonhandler: no visible global function
     definition for ‘doItAndPrint’
    warnMessage: no visible global function definition for ‘Message’
Flavor: r-release-linux-ix86