CRAN Package Check Results for Package ENmisc

Last updated on 2014-04-24 17:49:43.

Flavor Version Tinstall Tcheck Ttotal Status Flags
r-devel-linux-x86_64-debian-clang 1.2-7 1.86 23.59 25.44 NOTE
r-devel-linux-x86_64-debian-gcc 1.2-7 1.50 23.64 25.15 NOTE
r-devel-linux-x86_64-fedora-clang 1.2-7 48.69 NOTE
r-devel-linux-x86_64-fedora-gcc 1.2-7 45.74 NOTE
r-devel-osx-x86_64-clang 1.2-7 49.87 NOTE
r-devel-osx-x86_64-gcc 1.2-7 ERROR
r-devel-windows-ix86+x86_64 1.2-7 5.00 38.00 43.00 NOTE
r-patched-linux-x86_64 1.2-7 1.42 23.30 24.71 NOTE
r-patched-solaris-sparc 1.2-7 280.00 NOTE
r-patched-solaris-x86 1.2-7 65.90 NOTE
r-release-linux-ix86 1.2-7 3.00 58.00 61.00 NOTE
r-release-linux-x86_64 1.2-7 1.40 23.79 25.19 NOTE
r-release-osx-x86_64-mavericks 1.2-7 WARN
r-release-windows-ix86+x86_64 1.2-7 5.00 41.00 46.00 NOTE
r-oldrel-windows-ix86+x86_64 1.2-7 6.00 39.00 45.00 NOTE

Check Details

Version: 1.2-7
Check: dependencies in R code
Result: NOTE
    'library' or 'require' call to ‘RColorBrewer’ which was already attached by Depends.
     Please remove these calls from your code.
    Packages in Depends field not imported from:
     ‘Hmisc’ ‘RColorBrewer’ ‘vcd’
     These packages need to be imported from (in the NAMESPACE file)
     for when this namespace is loaded but not attached.
    See the information on DESCRIPTION files in the chapter ‘Creating R
    packages’ of the ‘Writing R Extensions’ manual.
Flavors: r-devel-linux-x86_64-debian-clang, r-devel-linux-x86_64-debian-gcc, r-devel-linux-x86_64-fedora-clang, r-devel-linux-x86_64-fedora-gcc, r-devel-osx-x86_64-clang, r-devel-windows-ix86+x86_64, r-patched-linux-x86_64, r-patched-solaris-sparc, r-patched-solaris-x86, r-release-linux-ix86, r-release-linux-x86_64, r-release-osx-x86_64-mavericks, r-release-windows-ix86+x86_64, r-oldrel-windows-ix86+x86_64

Version: 1.2-7
Check: top-level files
Result: NOTE
    Non-standard file/directory found at top level:
     ‘CHANGES.txt’
Flavors: r-devel-linux-x86_64-fedora-clang, r-devel-linux-x86_64-fedora-gcc

Version: 1.2-7
Check: Rd line widths
Result: NOTE
    Rd file 'mosaicPermDialog.Rd':
     \usage lines wider than 90 characters:
     displayPermCommand=TRUE, extendedOptions=TRUE)
     setMosaicPalette(palettename,reverse=FALSE)
    
    These lines will be truncated in the PDF manual.
Flavors: r-devel-linux-x86_64-fedora-clang, r-devel-linux-x86_64-fedora-gcc

Version: 1.2-7
Check: package dependencies
Result: ERROR
    Package required but not available: ‘Hmisc’
    
    Package suggested but not available for checking: ‘Rcmdr’
    
    See the information on DESCRIPTION files in the chapter ‘Creating R
    packages’ of the ‘Writing R Extensions’ manual.
Flavor: r-devel-osx-x86_64-gcc

Version: 1.2-7
Check: PDF version of manual
Result: WARNING
    LaTeX errors when creating PDF version.
    This typically indicates Rd problems.
    LaTeX errors found:
    ! LaTeX Error: File `upquote.sty' not found.
    
    Type X to quit or <RETURN> to proceed,
    or enter new name. (Default extension: sty)
    
    16ed36eb/Rd2.tex:8: ==> Fatal error occurred, no output PDF file produced!
Flavor: r-release-osx-x86_64-mavericks