CRAN Package Check Results for Package EQL

Last updated on 2015-03-27 21:47:47.

Flavor Version Tinstall Tcheck Ttotal Status Flags
r-devel-linux-x86_64-debian-clang 1.0-0 0.69 12.58 13.26 NOTE
r-devel-linux-x86_64-debian-gcc 1.0-0 1.00 12.44 13.44 NOTE
r-devel-linux-x86_64-fedora-clang 1.0-0 26.80 NOTE
r-devel-linux-x86_64-fedora-gcc 1.0-0 26.23 NOTE
r-devel-osx-x86_64-clang 1.0-0 34.09 NOTE
r-prerel-windows-ix86+x86_64 1.0-0 3.00 22.00 25.00 NOTE
r-prerel-linux-x86_64 1.0-0 0.71 12.70 13.42 NOTE
r-prerel-solaris-sparc 1.0-0 173.80 NOTE
r-prerel-solaris-x86 1.0-0 35.30 NOTE
r-release-linux-x86_64 1.0-0 0.87 14.88 15.75 OK
r-release-osx-x86_64-mavericks 1.0-0 OK
r-release-windows-ix86+x86_64 1.0-0 3.00 24.00 27.00 OK
r-oldrel-windows-ix86+x86_64 1.0-0 3.00 24.00 27.00 OK

Check Details

Version: 1.0-0
Check: DESCRIPTION meta-information
Result: NOTE
    Malformed Description field: should contain one or more complete sentences.
Flavors: r-devel-linux-x86_64-debian-clang, r-devel-linux-x86_64-debian-gcc, r-devel-linux-x86_64-fedora-clang, r-devel-linux-x86_64-fedora-gcc, r-devel-osx-x86_64-clang, r-prerel-windows-ix86+x86_64, r-prerel-linux-x86_64, r-prerel-solaris-sparc, r-prerel-solaris-x86