CRAN Package Check Results for Package EQL

Last updated on 2015-07-30 05:46:33.

Flavor Version Tinstall Tcheck Ttotal Status Flags
r-devel-linux-x86_64-debian-clang 1.0-0 0.68 12.59 13.27 NOTE
r-devel-linux-x86_64-debian-gcc 1.0-0 0.66 12.08 12.74 NOTE
r-devel-linux-x86_64-fedora-clang 1.0-0 24.49 NOTE
r-devel-linux-x86_64-fedora-gcc 1.0-0 23.21 NOTE
r-devel-osx-x86_64-clang 1.0-0 26.85 NOTE
r-devel-windows-ix86+x86_64 1.0-0 4.00 39.00 43.00 NOTE
r-patched-linux-x86_64 1.0-0 0.83 12.34 13.17 NOTE
r-patched-solaris-sparc 1.0-0 164.30 NOTE
r-patched-solaris-x86 1.0-0 35.70 NOTE
r-release-linux-x86_64 1.0-0 0.66 13.26 13.92 NOTE
r-release-osx-x86_64-mavericks 1.0-0 NOTE
r-release-windows-ix86+x86_64 1.0-0 4.00 40.00 44.00 NOTE
r-oldrel-windows-ix86+x86_64 1.0-0 6.00 26.00 32.00 OK

Check Details

Version: 1.0-0
Check: DESCRIPTION meta-information
Result: NOTE
    Malformed Description field: should contain one or more complete sentences.
Flavors: r-devel-linux-x86_64-debian-clang, r-devel-linux-x86_64-debian-gcc, r-devel-linux-x86_64-fedora-clang, r-devel-linux-x86_64-fedora-gcc, r-devel-osx-x86_64-clang, r-devel-windows-ix86+x86_64, r-patched-linux-x86_64, r-patched-solaris-sparc, r-patched-solaris-x86, r-release-linux-x86_64, r-release-osx-x86_64-mavericks, r-release-windows-ix86+x86_64

Version: 1.0-0
Check: R code for possible problems
Result: NOTE
    .getFactor: no visible global function definition for ‘integrate’
    check.cumulants: no visible global function definition for ‘runif’
    edgeworth: no visible global function definition for ‘dnorm’
    eql : getEQL: no visible binding for global variable ‘glm’
    eql: no visible global function definition for ‘splinefun’
    eql: no visible binding for global variable ‘glm’
    eql : <anonymous>: no visible global function definition for ‘glm’
    plot.approximation: no visible global function definition for ‘mtext’
    plot.eql: no visible global function definition for ‘points’
    plot.eql: no visible global function definition for ‘par’
    plot.eql: no visible global function definition for ‘segments’
    plot.eql: no visible global function definition for ‘qchisq’
    plot.eql: no visible global function definition for ‘text’
    plot.eql: no visible global function definition for ‘abline’
    plot.eql : eql.panel: no visible global function definition for
     ‘qchisq’
    plot.eql: no visible global function definition for ‘colorRampPalette’
    plot.eql: no visible global function definition for ‘heat.colors’
    varianceFamily : devf : <anonymous>: no visible global function
     definition for ‘integrate’
    varianceFamily: no visible global function definition for ‘make.link’
    Undefined global functions or variables:
     abline colorRampPalette dnorm glm heat.colors integrate make.link
     mtext par points qchisq runif segments splinefun text
    Consider adding
     importFrom("grDevices", "colorRampPalette", "heat.colors")
     importFrom("graphics", "abline", "mtext", "par", "points", "segments",
     "text")
     importFrom("stats", "dnorm", "glm", "integrate", "make.link", "qchisq",
     "runif", "splinefun")
    to your NAMESPACE.
Flavors: r-devel-linux-x86_64-debian-clang, r-devel-linux-x86_64-debian-gcc, r-devel-linux-x86_64-fedora-clang, r-devel-linux-x86_64-fedora-gcc, r-devel-windows-ix86+x86_64