CRAN Package Check Results for Package EQL

Last updated on 2015-05-30 13:47:14.

Flavor Version Tinstall Tcheck Ttotal Status Flags
r-devel-linux-x86_64-debian-clang 1.0-0 0.68 12.92 13.60 NOTE
r-devel-linux-x86_64-debian-gcc 1.0-0 0.70 12.38 13.08 NOTE
r-devel-linux-x86_64-fedora-clang 1.0-0 25.50 NOTE
r-devel-linux-x86_64-fedora-gcc 1.0-0 23.55 NOTE
r-devel-osx-x86_64-clang 1.0-0 29.94 NOTE
r-devel-windows-ix86+x86_64 1.0-0 3.00 23.00 26.00 NOTE
r-patched-linux-x86_64 1.0-0 0.68 13.25 13.94 NOTE
r-patched-solaris-sparc 1.0-0 164.40 NOTE
r-patched-solaris-x86 1.0-0 35.80 NOTE
r-release-linux-x86_64 1.0-0 0.68 12.46 13.14 NOTE
r-release-osx-x86_64-mavericks 1.0-0 NOTE
r-release-osx-x86_64-snowleopard 1.0-0 NOTE
r-release-windows-ix86+x86_64 1.0-0 3.00 21.00 24.00 NOTE
r-oldrel-windows-ix86+x86_64 1.0-0 3.00 40.00 43.00 OK

Check Details

Version: 1.0-0
Check: DESCRIPTION meta-information
Result: NOTE
    Malformed Description field: should contain one or more complete sentences.
Flavors: r-devel-linux-x86_64-debian-clang, r-devel-linux-x86_64-debian-gcc, r-devel-linux-x86_64-fedora-clang, r-devel-linux-x86_64-fedora-gcc, r-devel-osx-x86_64-clang, r-devel-windows-ix86+x86_64, r-patched-linux-x86_64, r-patched-solaris-sparc, r-patched-solaris-x86, r-release-linux-x86_64, r-release-osx-x86_64-mavericks, r-release-osx-x86_64-snowleopard, r-release-windows-ix86+x86_64