CRAN Package Check Results for Package ESG

Last updated on 2014-07-23 21:47:05.

Flavor Version Tinstall Tcheck Ttotal Status Flags
r-devel-linux-x86_64-debian-clang 0.1 1.09 15.05 16.14 NOTE
r-devel-linux-x86_64-debian-gcc 0.1 1.06 14.66 15.72 NOTE
r-devel-linux-x86_64-fedora-clang 0.1 32.89 NOTE
r-devel-linux-x86_64-fedora-gcc 0.1 30.37 NOTE
r-devel-osx-x86_64-clang 0.1 32.51 NOTE
r-devel-windows-ix86+x86_64 0.1 4.00 24.00 28.00 NOTE
r-patched-linux-x86_64 0.1 1.05 14.63 15.68 NOTE
r-patched-solaris-sparc 0.1 204.60 NOTE
r-patched-solaris-x86 0.1 43.70 NOTE
r-release-linux-ix86 0.1 1.46 21.47 22.93 NOTE
r-release-linux-x86_64 0.1 1.08 14.99 16.07 NOTE
r-release-osx-x86_64-mavericks 0.1 NOTE
r-release-windows-ix86+x86_64 0.1 5.00 25.00 30.00 NOTE
r-oldrel-windows-ix86+x86_64 0.1 3.00 27.00 30.00 NOTE

Check Details

Version: 0.1
Check: dependencies in R code
Result: NOTE
    Package in Depends field not imported from: ‘methods’
     These packages need to be imported from (in the NAMESPACE file)
     for when this namespace is loaded but not attached.
    See the information on DESCRIPTION files in the chapter ‘Creating R
    packages’ of the ‘Writing R Extensions’ manual.
Flavors: r-devel-linux-x86_64-debian-clang, r-devel-linux-x86_64-debian-gcc, r-devel-linux-x86_64-fedora-clang, r-devel-linux-x86_64-fedora-gcc, r-devel-osx-x86_64-clang, r-devel-windows-ix86+x86_64, r-patched-linux-x86_64, r-patched-solaris-sparc, r-patched-solaris-x86, r-release-linux-ix86, r-release-linux-x86_64, r-release-osx-x86_64-mavericks, r-release-windows-ix86+x86_64, r-oldrel-windows-ix86+x86_64

Version: 0.1
Check: top-level files
Result: NOTE
    Non-standard file/directory found at top level:
     ‘ESG-Ex.R’
Flavors: r-devel-linux-x86_64-fedora-clang, r-devel-linux-x86_64-fedora-gcc

Version: 0.1
Check: Rd line widths
Result: NOTE
    Rd file 'Asset_PriceDistribution.Rd':
     \examples lines wider than 100 characters:
     objScenario <- setRiskParamsScenariosS(objScenario, vol = .1, k = 2, volStock = .2, stock0 = 100, rho=.5)
     objScenario <- setRiskParamsScenariosdefSpr(objScenario, volDefault=.2, defaultSpread0=.01, alpha=.1, beta=1)
    
    Rd file 'MartingaleTest.Rd':
     \examples lines wider than 100 characters:
     objScenario <- setRiskParamsScenariosS(objScenario, vol = .1, k = 2, volStock = .2, stock0 = 100, rho=.5)
     objScenario <- setRiskParamsScenariosdefSpr(objScenario, volDefault=.2, defaultSpread0=.01, alpha=.1, beta=1)
    
    Rd file 'customPathsGeneration.Rd':
     \examples lines wider than 100 characters:
     objScenario <- setRiskParamsScenariosS(objScenario, vol = .1, k = 2, volStock = .2, stock0 = 100, rho=.5)
     objScenario <- setRiskParamsScenariosdefSpr(objScenario, volDefault=.2, defaultSpread0=.01, alpha=.1, beta=1)
    
    Rd file 'getForwardRates.Rd':
     \examples lines wider than 100 characters:
     scenarios1 <- setRiskParamsScenarios(scenarios1, vol=.1, k=2,volStock=.2, volRealEstate=.15,volDefault=.2, alpha=.1,beta=1, eta=.05,rho ... [TRUNCATED]
    
    Rd file 'getRiskParamsScenarios.Rd':
     \examples lines wider than 100 characters:
     scenarios1 <- setRiskParamsScenarios(scenarios1, vol=.1, k=2,volStock=.2, volRealEstate=.15,volDefault=.2, alpha=.1,beta=1, eta=.05,rho ... [TRUNCATED]
    
    Rd file 'getRiskParamsScenariosRE.Rd':
     \examples lines wider than 100 characters:
     scenarios1 <- setRiskParamsScenarios(scenarios1, vol=.1, k=2,volStock=.2, volRealEstate=.15,volDefault=.2, alpha=.1,beta=1, eta=.05,rho ... [TRUNCATED]
    
    Rd file 'getRiskParamsScenariosS.Rd':
     \examples lines wider than 100 characters:
     scenarios1 <- setRiskParamsScenarios(scenarios1, vol=.1, k=2,volStock=.2, volRealEstate=.15,volDefault=.2, alpha=.1,beta=1, eta=.05,rho ... [TRUNCATED]
    
    Rd file 'getRiskParamsScenariosdefSpr.Rd':
     \examples lines wider than 100 characters:
     scenarios1 <- setRiskParamsScenarios(scenarios1, vol=.1, k=2,volStock=.2, volRealEstate=.15,volDefault=.2, alpha=.1,beta=1, eta=.05,rho ... [TRUNCATED]
    
    Rd file 'getRiskParamsScenariosliqSpr.Rd':
     \examples lines wider than 100 characters:
     scenarios1 <- setRiskParamsScenarios(scenarios1, vol=.1, k=2,volStock=.2, volRealEstate=.15,volDefault=.2, alpha=.1,beta=1, eta=.05,rho ... [TRUNCATED]
    
    Rd file 'getRiskParamsScenariosrt.Rd':
     \examples lines wider than 100 characters:
     scenarios1 <- setRiskParamsScenarios(scenarios1, vol=.1, k=2,volStock=.2, volRealEstate=.15,volDefault=.2, alpha=.1,beta=1, eta=.05,rho ... [TRUNCATED]
    
    Rd file 'getZCRates.Rd':
     \examples lines wider than 100 characters:
     scenarios1 <- setRiskParamsScenarios(scenarios1, vol=.1, k=2,volStock=.2, volRealEstate=.15,volDefault=.2, alpha=.1,beta=1, eta=.05,rho ... [TRUNCATED]
    
    Rd file 'rAllRisksFactors.Rd':
     \examples lines wider than 100 characters:
     rAllRisksFactors(horizon=5, nScenarios=10, ZC, vol=.1, k=2, volStock=.2, stock0=100, rho=.5, volRealEstate=.15, realEstate0=50, eta=.05 ... [TRUNCATED]
    
    Rd file 'rAssetDistribution.Rd':
     \examples lines wider than 100 characters:
     rAssetDistribution(type="Bond",t=3,T=35,nCoupons=20, couponsRate=0.3,vol=.1, k=2, ZC=ZC, nScenarios=10)
     rAssetDistribution(type="CBond",t=5,T=35,nCoupons=5, couponsRate=0.3, omega=5,vol=.1, k=2, ZC=ZC, nScenarios=10,eta=.05, liquiditySprea ... [TRUNCATED]
     rAssetDistribution(type="EuroPut_Stock",5,25,Strike=98.5,vol=.1,k=2,ZC=ZC,volStock=.2, stock0=100, rho=.5,nScenarios=10)
    
    Rd file 'setForwardRates.Rd':
     \examples lines wider than 100 characters:
     scenarios1 <- setRiskParamsScenarios(scenarios1, vol=.1, k=2,volStock=.2, volRealEstate=.15,volDefault=.2, alpha=.1,beta=1, eta=.05,rho ... [TRUNCATED]
    
    Rd file 'setRiskParamsScenarios.Rd':
     \examples lines wider than 100 characters:
     scenarios1 <- setRiskParamsScenarios(scenarios1, vol=.1, k=2,volStock=.2, volRealEstate=.15,volDefault=.2, alpha=.1,beta=1, eta=.05,rho ... [TRUNCATED]
    
    Rd file 'setZCRates.Rd':
     \examples lines wider than 100 characters:
     scenarios1 <- setRiskParamsScenarios(scenarios1, vol=.1, k=2,volStock=.2, volRealEstate=.15,volDefault=.2, alpha=.1,beta=1, eta=.05,rho ... [TRUNCATED]
    
    These lines will be truncated in the PDF manual.
Flavors: r-devel-linux-x86_64-fedora-clang, r-devel-linux-x86_64-fedora-gcc