CRAN Package Check Results for Package ESG

Last updated on 2016-12-07 19:48:23.

Flavor Version Tinstall Tcheck Ttotal Status Flags
r-devel-linux-x86_64-debian-clang 0.1 0.97 17.16 18.13 NOTE
r-devel-linux-x86_64-debian-gcc 0.1 1.00 17.10 18.10 NOTE
r-devel-linux-x86_64-fedora-clang 0.1 34.28 NOTE --no-stop-on-test-error
r-devel-linux-x86_64-fedora-gcc 0.1 31.42 NOTE --no-stop-on-test-error
r-devel-macos-x86_64-clang 0.1 28.09 NOTE
r-devel-windows-ix86+x86_64 0.1 10.00 56.00 66.00 NOTE
r-patched-linux-x86_64 0.1 0.96 15.15 16.11 NOTE
r-patched-solaris-sparc 0.1 173.80 NOTE
r-patched-solaris-x86 0.1 37.90 NOTE
r-release-linux-x86_64 0.1 1.00 14.71 15.71 NOTE
r-release-osx-x86_64-mavericks 0.1 NOTE
r-release-windows-ix86+x86_64 0.1 4.00 36.00 40.00 NOTE
r-oldrel-windows-ix86+x86_64 0.1 5.00 35.00 40.00 NOTE

Check Details

Version: 0.1
Check: top-level files
Result: NOTE
    Non-standard file/directory found at top level:
     ‘ESG-Ex.R’
Flavors: r-devel-linux-x86_64-debian-clang, r-devel-linux-x86_64-debian-gcc, r-patched-linux-x86_64, r-release-linux-x86_64

Version: 0.1
Check: dependencies in R code
Result: NOTE
    Package in Depends field not imported from: ‘methods’
     These packages need to be imported from (in the NAMESPACE file)
     for when this namespace is loaded but not attached.
Flavors: r-devel-linux-x86_64-debian-clang, r-devel-linux-x86_64-debian-gcc, r-devel-macos-x86_64-clang, r-devel-windows-ix86+x86_64, r-patched-linux-x86_64, r-patched-solaris-sparc, r-patched-solaris-x86, r-release-linux-x86_64, r-release-osx-x86_64-mavericks, r-release-windows-ix86+x86_64, r-oldrel-windows-ix86+x86_64

Version: 0.1
Check: R code for possible problems
Result: NOTE
    rAllRisksFactors: no visible global function definition for ‘new’
    rAssetDistribution: no visible global function definition for ‘new’
    rDefaultSpread: no visible global function definition for ‘new’
    rLiquiditySpread: no visible global function definition for ‘new’
    rRealEstate: no visible global function definition for ‘new’
    rShortRate: no visible global function definition for ‘new’
    rStock: no visible global function definition for ‘new’
    EuroCall_Stock_PriceDistribution,Scenarios: no visible global function
     definition for ‘pnorm’
    EuroCall_ZC_PriceDistribution,Scenarios: no visible global function
     definition for ‘pnorm’
    EuroPut_Stock_PriceDistribution,Scenarios: no visible global function
     definition for ‘pnorm’
    EuroPut_ZC_PriceDistribution,Scenarios: no visible global function
     definition for ‘pnorm’
    MartingaleTest,Scenarios: no visible global function definition for
     ‘plot’
    MartingaleTest,Scenarios: no visible global function definition for
     ‘lines’
    MartingaleTest,Scenarios: no visible global function definition for
     ‘title’
    customPathsGeneration,Scenarios: no visible global function definition
     for ‘rnorm’
    Undefined global functions or variables:
     lines new plot pnorm rnorm title
    Consider adding
     importFrom("graphics", "lines", "plot", "title")
     importFrom("methods", "new")
     importFrom("stats", "pnorm", "rnorm")
    to your NAMESPACE file (and ensure that your DESCRIPTION Imports field
    contains 'methods').
Flavors: r-devel-linux-x86_64-debian-clang, r-devel-linux-x86_64-debian-gcc, r-devel-macos-x86_64-clang, r-devel-windows-ix86+x86_64, r-patched-linux-x86_64, r-patched-solaris-sparc, r-patched-solaris-x86, r-release-linux-x86_64, r-release-osx-x86_64-mavericks, r-release-windows-ix86+x86_64

Version: 0.1
Check: Rd line widths
Result: NOTE
    Rd file 'Asset_PriceDistribution.Rd':
     \examples lines wider than 100 characters:
     objScenario <- setRiskParamsScenariosS(objScenario, vol = .1, k = 2, volStock = .2, stock0 = 100, rho=.5)
     objScenario <- setRiskParamsScenariosdefSpr(objScenario, volDefault=.2, defaultSpread0=.01, alpha=.1, beta=1)
    
    Rd file 'MartingaleTest.Rd':
     \examples lines wider than 100 characters:
     objScenario <- setRiskParamsScenariosS(objScenario, vol = .1, k = 2, volStock = .2, stock0 = 100, rho=.5)
     objScenario <- setRiskParamsScenariosdefSpr(objScenario, volDefault=.2, defaultSpread0=.01, alpha=.1, beta=1)
    
    Rd file 'customPathsGeneration.Rd':
     \examples lines wider than 100 characters:
     objScenario <- setRiskParamsScenariosS(objScenario, vol = .1, k = 2, volStock = .2, stock0 = 100, rho=.5)
     objScenario <- setRiskParamsScenariosdefSpr(objScenario, volDefault=.2, defaultSpread0=.01, alpha=.1, beta=1)
    
    Rd file 'getForwardRates.Rd':
     \examples lines wider than 100 characters:
     scenarios1 <- setRiskParamsScenarios(scenarios1, vol=.1, k=2,volStock=.2, volRealEstate=.15,volDefault=.2, alpha=.1,beta=1, eta=.05,rho ... [TRUNCATED]
    
    Rd file 'getRiskParamsScenarios.Rd':
     \examples lines wider than 100 characters:
     scenarios1 <- setRiskParamsScenarios(scenarios1, vol=.1, k=2,volStock=.2, volRealEstate=.15,volDefault=.2, alpha=.1,beta=1, eta=.05,rho ... [TRUNCATED]
    
    Rd file 'getRiskParamsScenariosRE.Rd':
     \examples lines wider than 100 characters:
     scenarios1 <- setRiskParamsScenarios(scenarios1, vol=.1, k=2,volStock=.2, volRealEstate=.15,volDefault=.2, alpha=.1,beta=1, eta=.05,rho ... [TRUNCATED]
    
    Rd file 'getRiskParamsScenariosS.Rd':
     \examples lines wider than 100 characters:
     scenarios1 <- setRiskParamsScenarios(scenarios1, vol=.1, k=2,volStock=.2, volRealEstate=.15,volDefault=.2, alpha=.1,beta=1, eta=.05,rho ... [TRUNCATED]
    
    Rd file 'getRiskParamsScenariosdefSpr.Rd':
     \examples lines wider than 100 characters:
     scenarios1 <- setRiskParamsScenarios(scenarios1, vol=.1, k=2,volStock=.2, volRealEstate=.15,volDefault=.2, alpha=.1,beta=1, eta=.05,rho ... [TRUNCATED]
    
    Rd file 'getRiskParamsScenariosliqSpr.Rd':
     \examples lines wider than 100 characters:
     scenarios1 <- setRiskParamsScenarios(scenarios1, vol=.1, k=2,volStock=.2, volRealEstate=.15,volDefault=.2, alpha=.1,beta=1, eta=.05,rho ... [TRUNCATED]
    
    Rd file 'getRiskParamsScenariosrt.Rd':
     \examples lines wider than 100 characters:
     scenarios1 <- setRiskParamsScenarios(scenarios1, vol=.1, k=2,volStock=.2, volRealEstate=.15,volDefault=.2, alpha=.1,beta=1, eta=.05,rho ... [TRUNCATED]
    
    Rd file 'getZCRates.Rd':
     \examples lines wider than 100 characters:
     scenarios1 <- setRiskParamsScenarios(scenarios1, vol=.1, k=2,volStock=.2, volRealEstate=.15,volDefault=.2, alpha=.1,beta=1, eta=.05,rho ... [TRUNCATED]
    
    Rd file 'rAllRisksFactors.Rd':
     \examples lines wider than 100 characters:
     rAllRisksFactors(horizon=5, nScenarios=10, ZC, vol=.1, k=2, volStock=.2, stock0=100, rho=.5, volRealEstate=.15, realEstate0=50, eta=.05 ... [TRUNCATED]
    
    Rd file 'rAssetDistribution.Rd':
     \examples lines wider than 100 characters:
     rAssetDistribution(type="Bond",t=3,T=35,nCoupons=20, couponsRate=0.3,vol=.1, k=2, ZC=ZC, nScenarios=10)
     rAssetDistribution(type="CBond",t=5,T=35,nCoupons=5, couponsRate=0.3, omega=5,vol=.1, k=2, ZC=ZC, nScenarios=10,eta=.05, liquiditySprea ... [TRUNCATED]
     rAssetDistribution(type="EuroPut_Stock",5,25,Strike=98.5,vol=.1,k=2,ZC=ZC,volStock=.2, stock0=100, rho=.5,nScenarios=10)
    
    Rd file 'setForwardRates.Rd':
     \examples lines wider than 100 characters:
     scenarios1 <- setRiskParamsScenarios(scenarios1, vol=.1, k=2,volStock=.2, volRealEstate=.15,volDefault=.2, alpha=.1,beta=1, eta=.05,rho ... [TRUNCATED]
    
    Rd file 'setRiskParamsScenarios.Rd':
     \examples lines wider than 100 characters:
     scenarios1 <- setRiskParamsScenarios(scenarios1, vol=.1, k=2,volStock=.2, volRealEstate=.15,volDefault=.2, alpha=.1,beta=1, eta=.05,rho ... [TRUNCATED]
    
    Rd file 'setZCRates.Rd':
     \examples lines wider than 100 characters:
     scenarios1 <- setRiskParamsScenarios(scenarios1, vol=.1, k=2,volStock=.2, volRealEstate=.15,volDefault=.2, alpha=.1,beta=1, eta=.05,rho ... [TRUNCATED]
    
    These lines will be truncated in the PDF manual.
Flavors: r-devel-linux-x86_64-debian-clang, r-devel-linux-x86_64-debian-gcc, r-patched-linux-x86_64, r-release-linux-x86_64

Version: 0.1
Flags: --no-stop-on-test-error
Check: top-level files
Result: NOTE
    Non-standard file/directory found at top level:
     ‘ESG-Ex.R’
Flavors: r-devel-linux-x86_64-fedora-clang, r-devel-linux-x86_64-fedora-gcc

Version: 0.1
Flags: --no-stop-on-test-error
Check: dependencies in R code
Result: NOTE
    Package in Depends field not imported from: ‘methods’
     These packages need to be imported from (in the NAMESPACE file)
     for when this namespace is loaded but not attached.
Flavors: r-devel-linux-x86_64-fedora-clang, r-devel-linux-x86_64-fedora-gcc

Version: 0.1
Flags: --no-stop-on-test-error
Check: R code for possible problems
Result: NOTE
    rAllRisksFactors: no visible global function definition for ‘new’
    rAssetDistribution: no visible global function definition for ‘new’
    rDefaultSpread: no visible global function definition for ‘new’
    rLiquiditySpread: no visible global function definition for ‘new’
    rRealEstate: no visible global function definition for ‘new’
    rShortRate: no visible global function definition for ‘new’
    rStock: no visible global function definition for ‘new’
    EuroCall_Stock_PriceDistribution,Scenarios: no visible global function
     definition for ‘pnorm’
    EuroCall_ZC_PriceDistribution,Scenarios: no visible global function
     definition for ‘pnorm’
    EuroPut_Stock_PriceDistribution,Scenarios: no visible global function
     definition for ‘pnorm’
    EuroPut_ZC_PriceDistribution,Scenarios: no visible global function
     definition for ‘pnorm’
    MartingaleTest,Scenarios: no visible global function definition for
     ‘plot’
    MartingaleTest,Scenarios: no visible global function definition for
     ‘lines’
    MartingaleTest,Scenarios: no visible global function definition for
     ‘title’
    customPathsGeneration,Scenarios: no visible global function definition
     for ‘rnorm’
    Undefined global functions or variables:
     lines new plot pnorm rnorm title
    Consider adding
     importFrom("graphics", "lines", "plot", "title")
     importFrom("methods", "new")
     importFrom("stats", "pnorm", "rnorm")
    to your NAMESPACE file (and ensure that your DESCRIPTION Imports field
    contains 'methods').
Flavors: r-devel-linux-x86_64-fedora-clang, r-devel-linux-x86_64-fedora-gcc

Version: 0.1
Flags: --no-stop-on-test-error
Check: Rd line widths
Result: NOTE
    Rd file 'Asset_PriceDistribution.Rd':
     \examples lines wider than 100 characters:
     objScenario <- setRiskParamsScenariosS(objScenario, vol = .1, k = 2, volStock = .2, stock0 = 100, rho=.5)
     objScenario <- setRiskParamsScenariosdefSpr(objScenario, volDefault=.2, defaultSpread0=.01, alpha=.1, beta=1)
    
    Rd file 'MartingaleTest.Rd':
     \examples lines wider than 100 characters:
     objScenario <- setRiskParamsScenariosS(objScenario, vol = .1, k = 2, volStock = .2, stock0 = 100, rho=.5)
     objScenario <- setRiskParamsScenariosdefSpr(objScenario, volDefault=.2, defaultSpread0=.01, alpha=.1, beta=1)
    
    Rd file 'customPathsGeneration.Rd':
     \examples lines wider than 100 characters:
     objScenario <- setRiskParamsScenariosS(objScenario, vol = .1, k = 2, volStock = .2, stock0 = 100, rho=.5)
     objScenario <- setRiskParamsScenariosdefSpr(objScenario, volDefault=.2, defaultSpread0=.01, alpha=.1, beta=1)
    
    Rd file 'getForwardRates.Rd':
     \examples lines wider than 100 characters:
     scenarios1 <- setRiskParamsScenarios(scenarios1, vol=.1, k=2,volStock=.2, volRealEstate=.15,volDefault=.2, alpha=.1,beta=1, eta=.05,rho ... [TRUNCATED]
    
    Rd file 'getRiskParamsScenarios.Rd':
     \examples lines wider than 100 characters:
     scenarios1 <- setRiskParamsScenarios(scenarios1, vol=.1, k=2,volStock=.2, volRealEstate=.15,volDefault=.2, alpha=.1,beta=1, eta=.05,rho ... [TRUNCATED]
    
    Rd file 'getRiskParamsScenariosRE.Rd':
     \examples lines wider than 100 characters:
     scenarios1 <- setRiskParamsScenarios(scenarios1, vol=.1, k=2,volStock=.2, volRealEstate=.15,volDefault=.2, alpha=.1,beta=1, eta=.05,rho ... [TRUNCATED]
    
    Rd file 'getRiskParamsScenariosS.Rd':
     \examples lines wider than 100 characters:
     scenarios1 <- setRiskParamsScenarios(scenarios1, vol=.1, k=2,volStock=.2, volRealEstate=.15,volDefault=.2, alpha=.1,beta=1, eta=.05,rho ... [TRUNCATED]
    
    Rd file 'getRiskParamsScenariosdefSpr.Rd':
     \examples lines wider than 100 characters:
     scenarios1 <- setRiskParamsScenarios(scenarios1, vol=.1, k=2,volStock=.2, volRealEstate=.15,volDefault=.2, alpha=.1,beta=1, eta=.05,rho ... [TRUNCATED]
    
    Rd file 'getRiskParamsScenariosliqSpr.Rd':
     \examples lines wider than 100 characters:
     scenarios1 <- setRiskParamsScenarios(scenarios1, vol=.1, k=2,volStock=.2, volRealEstate=.15,volDefault=.2, alpha=.1,beta=1, eta=.05,rho ... [TRUNCATED]
    
    Rd file 'getRiskParamsScenariosrt.Rd':
     \examples lines wider than 100 characters:
     scenarios1 <- setRiskParamsScenarios(scenarios1, vol=.1, k=2,volStock=.2, volRealEstate=.15,volDefault=.2, alpha=.1,beta=1, eta=.05,rho ... [TRUNCATED]
    
    Rd file 'getZCRates.Rd':
     \examples lines wider than 100 characters:
     scenarios1 <- setRiskParamsScenarios(scenarios1, vol=.1, k=2,volStock=.2, volRealEstate=.15,volDefault=.2, alpha=.1,beta=1, eta=.05,rho ... [TRUNCATED]
    
    Rd file 'rAllRisksFactors.Rd':
     \examples lines wider than 100 characters:
     rAllRisksFactors(horizon=5, nScenarios=10, ZC, vol=.1, k=2, volStock=.2, stock0=100, rho=.5, volRealEstate=.15, realEstate0=50, eta=.05 ... [TRUNCATED]
    
    Rd file 'rAssetDistribution.Rd':
     \examples lines wider than 100 characters:
     rAssetDistribution(type="Bond",t=3,T=35,nCoupons=20, couponsRate=0.3,vol=.1, k=2, ZC=ZC, nScenarios=10)
     rAssetDistribution(type="CBond",t=5,T=35,nCoupons=5, couponsRate=0.3, omega=5,vol=.1, k=2, ZC=ZC, nScenarios=10,eta=.05, liquiditySprea ... [TRUNCATED]
     rAssetDistribution(type="EuroPut_Stock",5,25,Strike=98.5,vol=.1,k=2,ZC=ZC,volStock=.2, stock0=100, rho=.5,nScenarios=10)
    
    Rd file 'setForwardRates.Rd':
     \examples lines wider than 100 characters:
     scenarios1 <- setRiskParamsScenarios(scenarios1, vol=.1, k=2,volStock=.2, volRealEstate=.15,volDefault=.2, alpha=.1,beta=1, eta=.05,rho ... [TRUNCATED]
    
    Rd file 'setRiskParamsScenarios.Rd':
     \examples lines wider than 100 characters:
     scenarios1 <- setRiskParamsScenarios(scenarios1, vol=.1, k=2,volStock=.2, volRealEstate=.15,volDefault=.2, alpha=.1,beta=1, eta=.05,rho ... [TRUNCATED]
    
    Rd file 'setZCRates.Rd':
     \examples lines wider than 100 characters:
     scenarios1 <- setRiskParamsScenarios(scenarios1, vol=.1, k=2,volStock=.2, volRealEstate=.15,volDefault=.2, alpha=.1,beta=1, eta=.05,rho ... [TRUNCATED]
    
    These lines will be truncated in the PDF manual.
Flavors: r-devel-linux-x86_64-fedora-clang, r-devel-linux-x86_64-fedora-gcc