CRAN Package Check Results for Package ESPRESSO

Last updated on 2014-04-23 07:54:58.

Flavor Version Tinstall Tcheck Ttotal Status Flags
r-devel-linux-x86_64-debian-clang 2.0 0.58 9.15 9.72 OK
r-devel-linux-x86_64-debian-gcc 2.0 0.54 9.39 9.92 OK
r-devel-linux-x86_64-fedora-clang 2.0 18.27 OK
r-devel-linux-x86_64-fedora-gcc 2.0 16.98 OK
r-devel-osx-x86_64-clang 2.0 21.91 OK
r-devel-osx-x86_64-gcc 2.0 OK
r-devel-windows-ix86+x86_64 2.0 2.00 16.00 18.00 OK
r-patched-linux-x86_64 2.0 0.52 9.45 9.97 OK
r-patched-solaris-sparc 2.0 103.40 OK
r-patched-solaris-x86 2.0 27.70 OK
r-release-linux-ix86 2.0 1.00 22.00 23.00 OK
r-release-linux-x86_64 2.0 0.53 9.20 9.73 OK
r-release-osx-x86_64-mavericks 2.0 WARN
r-release-osx-x86_64-snowleopard 2.0 OK
r-release-windows-ix86+x86_64 2.0 2.00 15.00 17.00 OK
r-oldrel-windows-ix86+x86_64 2.0 3.00 20.00 23.00 OK

Check Details

Version: 2.0
Check: PDF version of manual
Result: WARNING
    LaTeX errors when creating PDF version.
    This typically indicates Rd problems.
    LaTeX errors found:
    ! LaTeX Error: File `upquote.sty' not found.
    
    Type X to quit or <RETURN> to proceed,
    or enter new name. (Default extension: sty)
    
    5f3de946/Rd2.tex:8: ==> Fatal error occurred, no output PDF file produced!
Flavor: r-release-osx-x86_64-mavericks