CRAN Package Check Results for Package ETAS

Last updated on 2017-05-26 19:47:48.

Flavor Version Tinstall Tcheck Ttotal Status Flags
r-devel-linux-x86_64-debian-clang 0.4.1 12.38 20.94 33.32 NOTE
r-devel-linux-x86_64-debian-gcc 0.4.1 12.44 20.85 33.29 NOTE
r-devel-linux-x86_64-fedora-clang 0.4.1 61.38 NOTE
r-devel-linux-x86_64-fedora-gcc 0.4.1 59.35 NOTE
r-devel-windows-ix86+x86_64 0.4.1 39.00 59.00 98.00 OK
r-patched-linux-x86_64 0.4.1 11.59 21.52 33.11 NOTE
r-patched-solaris-sparc 0.4.1 330.80 OK
r-patched-solaris-x86 0.4.1 70.20 OK
r-release-linux-x86_64 0.4.1 10.53 20.29 30.83 NOTE
r-release-windows-ix86+x86_64 0.4.1 38.00 54.00 92.00 OK
r-release-osx-x86_64 0.4.1 OK
r-oldrel-windows-ix86+x86_64 0.4.1 50.00 76.00 126.00 OK
r-oldrel-osx-x86_64 0.4.1 OK

Check Details

Version: 0.4.1
Check: compiled code
Result: NOTE
    File ‘ETAS/libs/ETAS.so’:
     Found no calls to: ‘R_registerRoutines’, ‘R_useDynamicSymbols’
    
    It is good practice to register native routines and to disable symbol
    search.
    
    See ‘Writing portable packages’ in the ‘Writing R Extensions’ manual.
Flavors: r-devel-linux-x86_64-debian-clang, r-devel-linux-x86_64-debian-gcc, r-devel-linux-x86_64-fedora-clang, r-devel-linux-x86_64-fedora-gcc, r-patched-linux-x86_64, r-release-linux-x86_64