CRAN Package Check Results for Package ETAS

Last updated on 2017-01-22 03:47:00.

Flavor Version Tinstall Tcheck Ttotal Status Flags
r-devel-linux-x86_64-debian-clang 0.4 11.38 20.46 31.84 OK
r-devel-linux-x86_64-debian-gcc 0.4 11.12 20.32 31.44 OK
r-devel-linux-x86_64-fedora-clang 0.4 61.03 OK --no-stop-on-test-error
r-devel-linux-x86_64-fedora-gcc 0.4 57.00 OK --no-stop-on-test-error
r-devel-macos-x86_64-clang 0.4 11.33 ERROR --no-stop-on-test-error
r-devel-windows-ix86+x86_64 0.4 47.00 66.00 113.00 OK
r-patched-linux-x86_64 0.4 9.90 18.19 28.09 OK
r-patched-solaris-sparc 0.4 286.60 OK
r-patched-solaris-x86 0.4 65.00 OK
r-release-linux-x86_64 0.4 9.75 18.21 27.96 OK
r-release-osx-x86_64-mavericks 0.4 ERROR
r-release-windows-ix86+x86_64 0.4 75.00 61.00 136.00 OK
r-oldrel-windows-ix86+x86_64 0.4 75.00 76.00 151.00 OK

Check Details

Version: 0.4
Flags: --no-stop-on-test-error
Check: whether package can be installed
Result: ERROR
    Installation failed.
Flavor: r-devel-macos-x86_64-clang

Version: 0.4
Check: whether package can be installed
Result: ERROR
    Installation failed.
Flavor: r-release-osx-x86_64-mavericks