CRAN Package Check Results for Package ETAS

Last updated on 2017-03-24 23:55:41.

Flavor Version Tinstall Tcheck Ttotal Status Flags
r-devel-linux-x86_64-debian-clang 0.4.1 11.32 20.40 31.72 NOTE
r-devel-linux-x86_64-debian-gcc 0.4.1 11.66 20.45 32.11 NOTE
r-devel-linux-x86_64-fedora-clang 0.4.1 60.89 NOTE --no-stop-on-test-error
r-devel-linux-x86_64-fedora-gcc 0.4.1 58.82 NOTE --no-stop-on-test-error
r-devel-macos-x86_64-clang 0.4.1 47.19 NOTE --no-stop-on-test-error
r-devel-windows-ix86+x86_64 0.4.1 40.00 66.00 106.00 OK
r-patched-linux-x86_64 0.4.1 9.72 18.08 27.80 OK
r-patched-solaris-sparc 0.4.1 330.80 OK
r-patched-solaris-x86 0.4.1 74.30 OK
r-release-linux-x86_64 0.4.1 10.16 18.31 28.47 OK
r-release-osx-x86_64-mavericks 0.4.1 OK
r-release-windows-ix86+x86_64 0.4.1 53.00 72.00 125.00 OK
r-oldrel-windows-ix86+x86_64 0.4.1 33.00 57.00 90.00 OK

Check Details

Version: 0.4.1
Check: compiled code
Result: NOTE
    File ‘ETAS/libs/ETAS.so’:
     Found no calls to: ‘R_registerRoutines’, ‘R_useDynamicSymbols’
    
    It is good practice to register native routines and to disable symbol
    search.
    
    See ‘Writing portable packages’ in the ‘Writing R Extensions’ manual.
Flavors: r-devel-linux-x86_64-debian-clang, r-devel-linux-x86_64-debian-gcc

Version: 0.4.1
Flags: --no-stop-on-test-error
Check: compiled code
Result: NOTE
    File ‘ETAS/libs/ETAS.so’:
     Found no calls to: ‘R_registerRoutines’, ‘R_useDynamicSymbols’
    
    It is good practice to register native routines and to disable symbol
    search.
    
    See ‘Writing portable packages’ in the ‘Writing R Extensions’ manual.
Flavors: r-devel-linux-x86_64-fedora-clang, r-devel-linux-x86_64-fedora-gcc, r-devel-macos-x86_64-clang