CRAN Package Check Results for Package ETAS

Last updated on 2015-07-03 16:47:17.

Flavor Version Tinstall Tcheck Ttotal Status Flags
r-devel-linux-x86_64-debian-clang 0.0-1 4.22 33.07 37.29 WARN
r-devel-linux-x86_64-debian-gcc 0.0-1 4.19 32.69 36.88 WARN
r-devel-linux-x86_64-fedora-clang 0.0-1 72.91 WARN
r-devel-linux-x86_64-fedora-gcc 0.0-1 71.03 WARN
r-devel-osx-x86_64-clang 0.0-1 63.15 WARN
r-devel-windows-ix86+x86_64 0.0-1 16.00 68.00 84.00 WARN
r-patched-linux-x86_64 0.0-1 4.36 32.00 36.37 WARN
r-patched-solaris-sparc 0.0-1 450.20 NOTE
r-patched-solaris-x86 0.0-1 108.20 NOTE
r-release-linux-x86_64 0.0-1 4.46 32.89 37.35 WARN
r-release-osx-x86_64-mavericks 0.0-1 WARN
r-release-windows-ix86+x86_64 0.0-1 22.00 64.00 86.00 WARN
r-oldrel-windows-ix86+x86_64 0.0-1 22.00 87.00 109.00 WARN

Memtest notes: UBSAN UBSAN-gcc valgrind

Check Details

Version: 0.0-1
Check: whether package can be installed
Result: WARN
    Found the following significant warnings:
     fit.c:517:1: warning: control may reach end of non-void function [-Wreturn-type]
    Found the following additional warnings:
     fit.c:517:1: warning: control may reach end of non-void function [-Wreturn-type]
Flavors: r-devel-linux-x86_64-debian-clang, r-devel-linux-x86_64-fedora-clang, r-devel-osx-x86_64-clang, r-release-osx-x86_64-mavericks

Version: 0.0-1
Check: DESCRIPTION meta-information
Result: NOTE
    Malformed Description field: should contain one or more complete sentences.
Flavors: r-devel-linux-x86_64-debian-clang, r-devel-linux-x86_64-debian-gcc, r-devel-linux-x86_64-fedora-clang, r-devel-linux-x86_64-fedora-gcc, r-devel-osx-x86_64-clang, r-devel-windows-ix86+x86_64, r-patched-linux-x86_64, r-patched-solaris-sparc, r-patched-solaris-x86, r-release-linux-x86_64, r-release-osx-x86_64-mavericks, r-release-windows-ix86+x86_64

Version: 0.0-1
Check: dependencies in R code
Result: NOTE
    Packages in Depends field not imported from:
     ‘methods’ ‘spatstat’
     These packages need to be imported from (in the NAMESPACE file)
     for when this namespace is loaded but not attached.
Flavors: r-devel-linux-x86_64-debian-clang, r-devel-linux-x86_64-debian-gcc, r-devel-linux-x86_64-fedora-clang, r-devel-linux-x86_64-fedora-gcc, r-devel-osx-x86_64-clang, r-devel-windows-ix86+x86_64, r-patched-linux-x86_64, r-patched-solaris-sparc, r-patched-solaris-x86, r-release-linux-x86_64, r-release-osx-x86_64-mavericks, r-release-windows-ix86+x86_64, r-oldrel-windows-ix86+x86_64

Version: 0.0-1
Check: S3 generic/method consistency
Result: NOTE
    Found the following apparent S3 methods exported but not registered:
     print.etas
    See section ‘Registering S3 methods’ in the ‘Writing R Extensions’
    manual.
Flavors: r-devel-linux-x86_64-debian-clang, r-devel-linux-x86_64-debian-gcc, r-devel-linux-x86_64-fedora-clang, r-devel-linux-x86_64-fedora-gcc, r-devel-osx-x86_64-clang, r-patched-linux-x86_64, r-patched-solaris-sparc, r-patched-solaris-x86, r-release-linux-x86_64

Version: 0.0-1
Check: R code for possible problems
Result: NOTE
    etas: no visible global function definition for ‘par’
    etas: no visible global function definition for ‘plot’
    etas.prepare: no visible global function definition for ‘verifyclass’
    etas.prepare: no visible global function definition for ‘inside.owin’
    etas.prepare: no visible global function definition for
     ‘nndist.default’
    lambda: no visible global function definition for ‘verifyclass’
    long2flat: no visible global function definition for ‘centroid.owin’
    long2flat: no visible global function definition for ‘affine’
    rates: no visible global function definition for ‘ppp’
    rates: no visible global function definition for ‘owin’
    rates: no visible global function definition for ‘density’
    rates: no visible global function definition for ‘smooth.ppp’
    rates: no visible global function definition for ‘%mark%’
    rates: no visible global function definition for ‘gridcenters’
    rates: no visible global function definition for ‘bounding.box’
    rates: no visible global function definition for ‘as.im’
    rates: no visible global function definition for ‘dev.new’
    rates: no visible global function definition for ‘par’
    rates: no visible global function definition for ‘plot’
    Undefined global functions or variables:
     %mark% affine as.im bounding.box centroid.owin density dev.new
     gridcenters inside.owin nndist.default owin par plot ppp smooth.ppp
     verifyclass
Flavors: r-devel-linux-x86_64-debian-clang, r-devel-linux-x86_64-debian-gcc, r-devel-linux-x86_64-fedora-clang, r-devel-linux-x86_64-fedora-gcc, r-devel-windows-ix86+x86_64

Version: 0.0-1
Check: whether package can be installed
Result: WARN
    Found the following significant warnings:
     fit.c:517:1: warning: control reaches end of non-void function [-Wreturn-type]
Flavors: r-devel-linux-x86_64-debian-gcc, r-devel-linux-x86_64-fedora-gcc, r-devel-windows-ix86+x86_64, r-patched-linux-x86_64, r-release-linux-x86_64, r-release-windows-ix86+x86_64, r-oldrel-windows-ix86+x86_64

Version: 0.0-1
Check: R code for possible problems
Result: NOTE
    etas.prepare: no visible global function definition for ‘verifyclass’
    etas.prepare: no visible global function definition for ‘inside.owin’
    etas.prepare: no visible global function definition for
     ‘nndist.default’
    lambda: no visible global function definition for ‘verifyclass’
    long2flat: no visible global function definition for ‘centroid.owin’
    long2flat: no visible global function definition for ‘affine’
    rates: no visible global function definition for ‘ppp’
    rates: no visible global function definition for ‘owin’
    rates: no visible global function definition for ‘smooth.ppp’
    rates: no visible global function definition for ‘%mark%’
    rates: no visible global function definition for ‘gridcenters’
    rates: no visible global function definition for ‘bounding.box’
    rates: no visible global function definition for ‘as.im’
    Undefined global functions or variables:
     %mark% affine as.im bounding.box centroid.owin gridcenters
     inside.owin nndist.default owin ppp smooth.ppp verifyclass
Flavor: r-devel-osx-x86_64-clang

Version: 0.0-1
Check: R code for possible problems
Result: NOTE
    etas.prepare: no visible global function definition for ‘verifyclass’
    etas.prepare: no visible global function definition for ‘inside.owin’
    etas.prepare: no visible global function definition for
     ‘nndist.default’
    lambda: no visible global function definition for ‘verifyclass’
    long2flat: no visible global function definition for ‘centroid.owin’
    long2flat: no visible global function definition for ‘affine’
    rates: no visible global function definition for ‘ppp’
    rates: no visible global function definition for ‘owin’
    rates: no visible global function definition for ‘smooth.ppp’
    rates: no visible global function definition for ‘%mark%’
    rates: no visible global function definition for ‘gridcenters’
    rates: no visible global function definition for ‘bounding.box’
    rates: no visible global function definition for ‘as.im’
Flavors: r-patched-linux-x86_64, r-patched-solaris-sparc, r-patched-solaris-x86, r-release-linux-x86_64, r-release-osx-x86_64-mavericks, r-release-windows-ix86+x86_64, r-oldrel-windows-ix86+x86_64