CRAN Package Check Results for Package ETAS

Last updated on 2014-09-24 03:48:54.

Flavor Version Tinstall Tcheck Ttotal Status Flags
r-devel-linux-x86_64-debian-clang 0.0-1 4.49 38.64 43.13 WARN
r-devel-linux-x86_64-debian-gcc 0.0-1 4.72 38.24 42.96 WARN
r-devel-linux-x86_64-fedora-clang 0.0-1 107.60 WARN
r-devel-linux-x86_64-fedora-gcc 0.0-1 98.83 WARN
r-devel-osx-x86_64-clang 0.0-1 87.87 WARN
r-devel-windows-ix86+x86_64 0.0-1 17.00 68.00 85.00 WARN
r-patched-linux-x86_64 0.0-1 5.09 42.37 47.46 WARN
r-patched-solaris-sparc 0.0-1 579.50 NOTE
r-patched-solaris-x86 0.0-1 147.30 NOTE
r-release-linux-ix86 0.0-1 6.12 53.37 59.49 WARN
r-release-linux-x86_64 0.0-1 5.17 42.81 47.98 WARN
r-release-osx-x86_64-mavericks 0.0-1 NOTE
r-release-windows-ix86+x86_64 0.0-1 18.00 79.00 97.00 WARN
r-oldrel-windows-ix86+x86_64 0.0-1 17.00 73.00 90.00 NOTE

Memtest notes: UBSAN UBSAN-gcc valgrind

Check Details

Version: 0.0-1
Check: whether package can be installed
Result: WARN
    Found the following significant warnings:
     fit.c:517:1: warning: control may reach end of non-void function [-Wreturn-type]
    Found the following additional warnings:
     fit.c:517:1: warning: control may reach end of non-void function [-Wreturn-type]
Flavors: r-devel-linux-x86_64-debian-clang, r-devel-linux-x86_64-fedora-clang, r-devel-osx-x86_64-clang

Version: 0.0-1
Check: dependencies in R code
Result: NOTE
    Packages in Depends field not imported from:
     ‘methods’ ‘spatstat’
     These packages need to be imported from (in the NAMESPACE file)
     for when this namespace is loaded but not attached.
    See the information on DESCRIPTION files in the chapter ‘Creating R
    packages’ of the ‘Writing R Extensions’ manual.
Flavors: r-devel-linux-x86_64-debian-clang, r-devel-linux-x86_64-debian-gcc, r-devel-linux-x86_64-fedora-clang, r-devel-linux-x86_64-fedora-gcc, r-devel-osx-x86_64-clang, r-devel-windows-ix86+x86_64, r-patched-linux-x86_64, r-patched-solaris-sparc, r-patched-solaris-x86, r-release-linux-ix86, r-release-linux-x86_64, r-release-osx-x86_64-mavericks, r-release-windows-ix86+x86_64, r-oldrel-windows-ix86+x86_64

Version: 0.0-1
Check: R code for possible problems
Result: NOTE
    etas.prepare: no visible global function definition for ‘verifyclass’
    etas.prepare: no visible global function definition for ‘inside.owin’
    etas.prepare: no visible global function definition for
     ‘nndist.default’
    lambda: no visible global function definition for ‘verifyclass’
    long2flat: no visible global function definition for ‘centroid.owin’
    long2flat: no visible global function definition for ‘affine’
    rates: no visible global function definition for ‘ppp’
    rates: no visible global function definition for ‘owin’
    rates: no visible global function definition for ‘smooth.ppp’
    rates: no visible global function definition for ‘%mark%’
    rates: no visible global function definition for ‘gridcenters’
    rates: no visible global function definition for ‘bounding.box’
    rates: no visible global function definition for ‘as.im’
Flavors: r-devel-linux-x86_64-debian-clang, r-devel-linux-x86_64-debian-gcc, r-devel-linux-x86_64-fedora-clang, r-devel-linux-x86_64-fedora-gcc, r-devel-osx-x86_64-clang, r-devel-windows-ix86+x86_64

Version: 0.0-1
Check: whether package can be installed
Result: WARN
    Found the following significant warnings:
     fit.c:517:1: warning: control reaches end of non-void function [-Wreturn-type]
Flavors: r-devel-linux-x86_64-debian-gcc, r-devel-linux-x86_64-fedora-gcc, r-devel-windows-ix86+x86_64, r-patched-linux-x86_64, r-release-linux-ix86, r-release-linux-x86_64, r-release-windows-ix86+x86_64

Version: 0.0-1
Check: package dependencies
Result: NOTE
    Package suggested but not available for checking: ‘maptools’
Flavor: r-release-osx-x86_64-mavericks