CRAN Package Check Results for Package ETAS

Last updated on 2014-11-29 08:53:16.

Flavor Version Tinstall Tcheck Ttotal Status Flags
r-devel-linux-x86_64-debian-clang 0.0-1 4.49 38.44 42.94 WARN
r-devel-linux-x86_64-debian-gcc 0.0-1 4.67 37.71 42.38 WARN
r-devel-linux-x86_64-fedora-clang 0.0-1 115.34 WARN
r-devel-linux-x86_64-fedora-gcc 0.0-1 106.49 WARN
r-devel-osx-x86_64-clang 0.0-1 87.30 WARN
r-devel-windows-ix86+x86_64 0.0-1 18.00 73.00 91.00 WARN
r-patched-linux-x86_64 0.0-1 5.18 40.82 45.99 WARN
r-patched-solaris-sparc 0.0-1 554.20 NOTE
r-patched-solaris-x86 0.0-1 143.00 NOTE
r-release-linux-ix86 0.0-1 5.78 47.95 53.73 WARN
r-release-linux-x86_64 0.0-1 5.29 40.57 45.86 WARN
r-release-osx-x86_64-mavericks 0.0-1 NOTE
r-release-windows-ix86+x86_64 0.0-1 9.00 1.00 10.00 ERROR
r-oldrel-windows-ix86+x86_64 0.0-1 18.00 81.00 99.00 NOTE

Memtest notes: UBSAN UBSAN-gcc valgrind

Check Details

Version: 0.0-1
Check: whether package can be installed
Result: WARN
    Found the following significant warnings:
     fit.c:517:1: warning: control may reach end of non-void function [-Wreturn-type]
    Found the following additional warnings:
     fit.c:517:1: warning: control may reach end of non-void function [-Wreturn-type]
Flavors: r-devel-linux-x86_64-debian-clang, r-devel-linux-x86_64-fedora-clang, r-devel-osx-x86_64-clang

Version: 0.0-1
Check: dependencies in R code
Result: NOTE
    Packages in Depends field not imported from:
     ‘methods’ ‘spatstat’
     These packages need to be imported from (in the NAMESPACE file)
     for when this namespace is loaded but not attached.
    See the information on DESCRIPTION files in the chapter ‘Creating R
    packages’ of the ‘Writing R Extensions’ manual.
Flavors: r-devel-linux-x86_64-debian-clang, r-devel-linux-x86_64-debian-gcc, r-devel-linux-x86_64-fedora-clang, r-devel-linux-x86_64-fedora-gcc, r-devel-osx-x86_64-clang, r-devel-windows-ix86+x86_64, r-patched-linux-x86_64, r-patched-solaris-sparc, r-patched-solaris-x86, r-release-linux-ix86, r-release-linux-x86_64, r-release-osx-x86_64-mavericks, r-oldrel-windows-ix86+x86_64

Version: 0.0-1
Check: R code for possible problems
Result: NOTE
    etas.prepare: no visible global function definition for ‘verifyclass’
    etas.prepare: no visible global function definition for ‘inside.owin’
    etas.prepare: no visible global function definition for
     ‘nndist.default’
    lambda: no visible global function definition for ‘verifyclass’
    long2flat: no visible global function definition for ‘centroid.owin’
    long2flat: no visible global function definition for ‘affine’
    rates: no visible global function definition for ‘ppp’
    rates: no visible global function definition for ‘owin’
    rates: no visible global function definition for ‘smooth.ppp’
    rates: no visible global function definition for ‘%mark%’
    rates: no visible global function definition for ‘gridcenters’
    rates: no visible global function definition for ‘bounding.box’
    rates: no visible global function definition for ‘as.im’
Flavors: r-devel-linux-x86_64-debian-clang, r-devel-linux-x86_64-debian-gcc, r-devel-linux-x86_64-fedora-clang, r-devel-linux-x86_64-fedora-gcc, r-devel-osx-x86_64-clang, r-devel-windows-ix86+x86_64, r-patched-linux-x86_64, r-patched-solaris-sparc, r-patched-solaris-x86, r-release-linux-ix86, r-release-linux-x86_64

Version: 0.0-1
Check: whether package can be installed
Result: WARN
    Found the following significant warnings:
     fit.c:517:1: warning: control reaches end of non-void function [-Wreturn-type]
Flavors: r-devel-linux-x86_64-debian-gcc, r-devel-linux-x86_64-fedora-gcc, r-devel-windows-ix86+x86_64, r-patched-linux-x86_64, r-release-linux-ix86, r-release-linux-x86_64

Version: 0.0-1
Check: package dependencies
Result: NOTE
    Package suggested but not available for checking: ‘maptools’
Flavor: r-release-osx-x86_64-mavericks

Version: 0.0-1
Check: whether package can be installed
Result: ERROR
    Installation failed.
Flavor: r-release-windows-ix86+x86_64