CRAN Package Check Results for Package ETAS

Last updated on 2015-04-02 06:46:41.

Flavor Version Tinstall Tcheck Ttotal Status Flags
r-devel-linux-x86_64-debian-clang 0.0-1 3.81 30.95 34.76 WARN
r-devel-linux-x86_64-debian-gcc 0.0-1 4.00 31.51 35.51 WARN
r-devel-linux-x86_64-fedora-clang 0.0-1 73.33 WARN
r-devel-linux-x86_64-fedora-gcc 0.0-1 70.13 WARN
r-devel-osx-x86_64-clang 0.0-1 70.59 WARN
r-prerel-windows-ix86+x86_64 0.0-1 21.00 57.00 78.00 WARN
r-prerel-linux-x86_64 0.0-1 3.96 30.46 34.42 WARN
r-prerel-solaris-sparc 0.0-1 446.00 NOTE
r-prerel-solaris-x86 0.0-1 103.80 NOTE
r-release-linux-x86_64 0.0-1 5.18 41.57 46.75 WARN
r-release-osx-x86_64-mavericks 0.0-1 WARN
r-release-windows-ix86+x86_64 0.0-1 17.00 79.00 96.00 WARN
r-oldrel-windows-ix86+x86_64 0.0-1 20.00 81.00 101.00 NOTE

Memtest notes: UBSAN UBSAN-gcc valgrind

Check Details

Version: 0.0-1
Check: whether package can be installed
Result: WARN
    Found the following significant warnings:
     fit.c:517:1: warning: control may reach end of non-void function [-Wreturn-type]
    Found the following additional warnings:
     fit.c:517:1: warning: control may reach end of non-void function [-Wreturn-type]
Flavors: r-devel-linux-x86_64-debian-clang, r-devel-linux-x86_64-fedora-clang, r-devel-osx-x86_64-clang, r-release-osx-x86_64-mavericks

Version: 0.0-1
Check: DESCRIPTION meta-information
Result: NOTE
    Malformed Description field: should contain one or more complete sentences.
Flavors: r-devel-linux-x86_64-debian-clang, r-devel-linux-x86_64-debian-gcc, r-devel-linux-x86_64-fedora-clang, r-devel-linux-x86_64-fedora-gcc, r-devel-osx-x86_64-clang, r-prerel-windows-ix86+x86_64, r-prerel-linux-x86_64, r-prerel-solaris-sparc, r-prerel-solaris-x86

Version: 0.0-1
Check: dependencies in R code
Result: NOTE
    Packages in Depends field not imported from:
     ‘methods’ ‘spatstat’
     These packages need to be imported from (in the NAMESPACE file)
     for when this namespace is loaded but not attached.
Flavors: r-devel-linux-x86_64-debian-clang, r-devel-linux-x86_64-debian-gcc, r-devel-linux-x86_64-fedora-clang, r-devel-linux-x86_64-fedora-gcc, r-devel-osx-x86_64-clang, r-prerel-windows-ix86+x86_64, r-prerel-linux-x86_64, r-prerel-solaris-sparc, r-prerel-solaris-x86, r-release-linux-x86_64, r-release-windows-ix86+x86_64

Version: 0.0-1
Check: S3 generic/method consistency
Result: NOTE
    Found the following apparent S3 methods exported but not registered:
     print.etas
    See section ‘Registering S3 methods’ in the ‘Writing R Extensions’
    manual.
Flavors: r-devel-linux-x86_64-debian-clang, r-devel-linux-x86_64-debian-gcc, r-devel-linux-x86_64-fedora-clang, r-devel-linux-x86_64-fedora-gcc, r-devel-osx-x86_64-clang, r-prerel-linux-x86_64

Version: 0.0-1
Check: R code for possible problems
Result: NOTE
    etas.prepare: no visible global function definition for ‘verifyclass’
    etas.prepare: no visible global function definition for ‘inside.owin’
    etas.prepare: no visible global function definition for
     ‘nndist.default’
    lambda: no visible global function definition for ‘verifyclass’
    long2flat: no visible global function definition for ‘centroid.owin’
    long2flat: no visible global function definition for ‘affine’
    rates: no visible global function definition for ‘ppp’
    rates: no visible global function definition for ‘owin’
    rates: no visible global function definition for ‘smooth.ppp’
    rates: no visible global function definition for ‘%mark%’
    rates: no visible global function definition for ‘gridcenters’
    rates: no visible global function definition for ‘bounding.box’
    rates: no visible global function definition for ‘as.im’
Flavors: r-devel-linux-x86_64-debian-clang, r-devel-linux-x86_64-debian-gcc, r-devel-linux-x86_64-fedora-clang, r-devel-linux-x86_64-fedora-gcc, r-devel-osx-x86_64-clang, r-prerel-windows-ix86+x86_64, r-prerel-linux-x86_64, r-prerel-solaris-sparc, r-prerel-solaris-x86, r-release-linux-x86_64, r-release-osx-x86_64-mavericks, r-release-windows-ix86+x86_64

Version: 0.0-1
Check: whether package can be installed
Result: WARN
    Found the following significant warnings:
     fit.c:517:1: warning: control reaches end of non-void function [-Wreturn-type]
Flavors: r-devel-linux-x86_64-debian-gcc, r-devel-linux-x86_64-fedora-gcc, r-prerel-windows-ix86+x86_64, r-prerel-linux-x86_64, r-release-linux-x86_64, r-release-windows-ix86+x86_64

Version: 0.0-1
Check: dependencies in R code
Result: NOTE
    Packages in Depends field not imported from:
     ‘methods’ ‘spatstat’
     These packages need to be imported from (in the NAMESPACE file)
     for when this namespace is loaded but not attached.
    See the information on DESCRIPTION files in the chapter ‘Creating R
    packages’ of the ‘Writing R Extensions’ manual.
Flavors: r-release-osx-x86_64-mavericks, r-oldrel-windows-ix86+x86_64