CRAN Package Check Results for Package ETAS

Last updated on 2014-07-25 12:47:31.

Flavor Version Tinstall Tcheck Ttotal Status Flags
r-devel-linux-x86_64-debian-clang 0.0-1 4.54 40.96 45.50 NOTE
r-devel-linux-x86_64-debian-gcc 0.0-1 4.90 40.31 45.21 WARN
r-devel-linux-x86_64-fedora-clang 0.0-1 115.34 NOTE
r-devel-linux-x86_64-fedora-gcc 0.0-1 104.39 WARN
r-devel-osx-x86_64-clang 0.0-1 86.86 NOTE
r-devel-windows-ix86+x86_64 0.0-1 19.00 78.00 97.00 WARN
r-patched-linux-x86_64 0.0-1 5.31 40.80 46.11 WARN
r-patched-solaris-sparc 0.0-1 579.40 NOTE
r-patched-solaris-x86 0.0-1 141.70 NOTE
r-release-linux-ix86 0.0-1 6.03 51.20 57.23 WARN
r-release-linux-x86_64 0.0-1 4.94 42.41 47.35 WARN
r-release-osx-x86_64-mavericks 0.0-1 NOTE
r-release-windows-ix86+x86_64 0.0-1 15.00 73.00 88.00 WARN
r-oldrel-windows-ix86+x86_64 0.0-1 18.00 76.00 94.00 NOTE

Memtest notes: UBSAN valgrind

Check Details

Version: 0.0-1
Check: whether package can be installed
Result: NOTE
    Found the following warnings:
     fit.c:517:1: warning: control may reach end of non-void function [-Wreturn-type]
    See ‘/home/hornik/tmp/R.check/r-devel-clang/Work/PKGS/ETAS.Rcheck/00install.out’ for details.
Flavor: r-devel-linux-x86_64-debian-clang

Version: 0.0-1
Check: dependencies in R code
Result: NOTE
    Packages in Depends field not imported from:
     ‘methods’ ‘spatstat’
     These packages need to be imported from (in the NAMESPACE file)
     for when this namespace is loaded but not attached.
    See the information on DESCRIPTION files in the chapter ‘Creating R
    packages’ of the ‘Writing R Extensions’ manual.
Flavors: r-devel-linux-x86_64-debian-clang, r-devel-linux-x86_64-debian-gcc, r-devel-linux-x86_64-fedora-clang, r-devel-linux-x86_64-fedora-gcc, r-devel-osx-x86_64-clang, r-devel-windows-ix86+x86_64, r-patched-linux-x86_64, r-patched-solaris-sparc, r-patched-solaris-x86, r-release-linux-ix86, r-release-linux-x86_64, r-release-osx-x86_64-mavericks, r-release-windows-ix86+x86_64, r-oldrel-windows-ix86+x86_64

Version: 0.0-1
Check: whether package can be installed
Result: WARNING
    Found the following significant warnings:
     fit.c:517:1: warning: control reaches end of non-void function [-Wreturn-type]
    See ‘/home/hornik/tmp/R.check/r-devel-gcc/Work/PKGS/ETAS.Rcheck/00install.out’ for details.
Flavor: r-devel-linux-x86_64-debian-gcc

Version: 0.0-1
Check: whether package can be installed
Result: NOTE
    Found the following warnings:
     fit.c:517:1: warning: control may reach end of non-void function [-Wreturn-type]
    See ‘/data/gannet/ripley/R/packages/tests-clang/ETAS.Rcheck/00install.out’ for details.
Flavor: r-devel-linux-x86_64-fedora-clang

Version: 0.0-1
Check: whether package can be installed
Result: WARNING
    Found the following significant warnings:
     fit.c:517:1: warning: control reaches end of non-void function [-Wreturn-type]
    See ‘/data/gannet/ripley/R/packages/tests-devel/ETAS.Rcheck/00install.out’ for details.
Flavor: r-devel-linux-x86_64-fedora-gcc

Version: 0.0-1
Check: whether package can be installed
Result: NOTE
    Found the following warnings:
     fit.c:517:1: warning: control may reach end of non-void function [-Wreturn-type]
    See ‘/Users/ripley/R/packages/tests-devel/ETAS.Rcheck/00install.out’ for details.
Flavor: r-devel-osx-x86_64-clang

Version: 0.0-1
Check: whether package can be installed
Result: WARNING
    Found the following significant warnings:
     fit.c:517:1: warning: control reaches end of non-void function [-Wreturn-type]
    See 'd:/Rcompile/CRANpkg/local/3.2/ETAS.Rcheck/00install.out' for details.
Flavor: r-devel-windows-ix86+x86_64

Version: 0.0-1
Check: whether package can be installed
Result: WARNING
    Found the following significant warnings:
     fit.c:517:1: warning: control reaches end of non-void function [-Wreturn-type]
    See ‘/home/hornik/tmp/R.check/r-patched-gcc/Work/PKGS/ETAS.Rcheck/00install.out’ for details.
Flavor: r-patched-linux-x86_64

Version: 0.0-1
Check: whether package can be installed
Result: WARNING
    Found the following significant warnings:
     fit.c:517:1: warning: control reaches end of non-void function [-Wreturn-type]
    See ‘/home/hornik/tmp/R.check/r-release-gcc/Work/PKGS/ETAS.Rcheck/00install.out’ for details.
Flavors: r-release-linux-ix86, r-release-linux-x86_64

Version: 0.0-1
Check: package dependencies
Result: NOTE
    Package suggested but not available for checking: ‘maptools’
Flavor: r-release-osx-x86_64-mavericks

Version: 0.0-1
Check: whether package can be installed
Result: WARNING
    Found the following significant warnings:
     fit.c:517:1: warning: control reaches end of non-void function [-Wreturn-type]
    See 'd:/Rcompile/CRANpkg/local/3.1/ETAS.Rcheck/00install.out' for details.
Flavor: r-release-windows-ix86+x86_64