CRAN Package Check Results for Package ETAS

Last updated on 2017-02-24 11:48:09.

Flavor Version Tinstall Tcheck Ttotal Status Flags
r-devel-linux-x86_64-debian-clang 0.4.1 11.28 20.80 32.08 NOTE
r-devel-linux-x86_64-debian-gcc 0.4.1 11.15 20.66 31.82 NOTE
r-devel-linux-x86_64-fedora-clang 0.4.1 60.30 NOTE --no-stop-on-test-error
r-devel-linux-x86_64-fedora-gcc 0.4.1 59.61 NOTE --no-stop-on-test-error
r-devel-macos-x86_64-clang 0.4.1 47.83 NOTE --no-stop-on-test-error
r-devel-windows-ix86+x86_64 0.4.1 73.00 82.00 155.00 OK
r-patched-linux-x86_64 0.4.1 9.81 18.23 28.04 OK
r-patched-solaris-sparc 0.4.1 301.50 OK
r-patched-solaris-x86 0.4.1 57.80 OK
r-release-linux-x86_64 0.4.1 9.92 18.73 28.64 OK
r-release-osx-x86_64-mavericks 0.4.1 OK
r-release-windows-ix86+x86_64 0.4.1 73.00 108.00 181.00 OK
r-oldrel-windows-ix86+x86_64 0.4.1 67.00 110.00 177.00 OK

Check Details

Version: 0.4.1
Check: compiled code
Result: NOTE
    File ‘ETAS/libs/ETAS.so’:
     Found no calls to: ‘R_registerRoutines’, ‘R_useDynamicSymbols’
    
    It is good practice to register native routines and to disable symbol
    search.
    
    See ‘Writing portable packages’ in the ‘Writing R Extensions’ manual.
Flavors: r-devel-linux-x86_64-debian-clang, r-devel-linux-x86_64-debian-gcc

Version: 0.4.1
Flags: --no-stop-on-test-error
Check: compiled code
Result: NOTE
    File ‘ETAS/libs/ETAS.so’:
     Found no calls to: ‘R_registerRoutines’, ‘R_useDynamicSymbols’
    
    It is good practice to register native routines and to disable symbol
    search.
    
    See ‘Writing portable packages’ in the ‘Writing R Extensions’ manual.
Flavors: r-devel-linux-x86_64-fedora-clang, r-devel-linux-x86_64-fedora-gcc, r-devel-macos-x86_64-clang