CRAN Package Check Results for Package ETAS

Last updated on 2015-05-22 19:48:04.

Flavor Version Tinstall Tcheck Ttotal Status Flags
r-devel-linux-x86_64-debian-clang 0.0-1 3.98 32.97 36.95 WARN
r-devel-linux-x86_64-debian-gcc 0.0-1 4.04 31.46 35.50 WARN
r-devel-linux-x86_64-fedora-clang 0.0-1 73.69 WARN
r-devel-linux-x86_64-fedora-gcc 0.0-1 71.39 WARN
r-devel-osx-x86_64-clang 0.0-1 64.70 WARN
r-devel-windows-ix86+x86_64 0.0-1 20.00 62.00 82.00 WARN
r-patched-linux-x86_64 0.0-1 4.69 32.18 36.88 WARN
r-patched-solaris-sparc 0.0-1 450.20 NOTE
r-patched-solaris-x86 0.0-1 107.10 NOTE
r-release-linux-x86_64 0.0-1 4.05 32.70 36.74 WARN
r-release-osx-x86_64-mavericks 0.0-1 WARN
r-release-osx-x86_64-snowleopard 0.0-1 NOTE
r-release-windows-ix86+x86_64 0.0-1 18.00 62.00 80.00 WARN
r-oldrel-windows-ix86+x86_64 0.0-1 16.00 79.00 95.00 WARN

Memtest notes: UBSAN UBSAN-gcc valgrind

Check Details

Version: 0.0-1
Check: whether package can be installed
Result: WARN
    Found the following significant warnings:
     fit.c:517:1: warning: control may reach end of non-void function [-Wreturn-type]
    Found the following additional warnings:
     fit.c:517:1: warning: control may reach end of non-void function [-Wreturn-type]
Flavors: r-devel-linux-x86_64-debian-clang, r-devel-linux-x86_64-fedora-clang, r-devel-osx-x86_64-clang, r-release-osx-x86_64-mavericks

Version: 0.0-1
Check: DESCRIPTION meta-information
Result: NOTE
    Malformed Description field: should contain one or more complete sentences.
Flavors: r-devel-linux-x86_64-debian-clang, r-devel-linux-x86_64-debian-gcc, r-devel-linux-x86_64-fedora-clang, r-devel-linux-x86_64-fedora-gcc, r-devel-osx-x86_64-clang, r-devel-windows-ix86+x86_64, r-patched-linux-x86_64, r-patched-solaris-sparc, r-patched-solaris-x86, r-release-linux-x86_64, r-release-osx-x86_64-mavericks, r-release-windows-ix86+x86_64

Version: 0.0-1
Check: dependencies in R code
Result: NOTE
    Packages in Depends field not imported from:
     ‘methods’ ‘spatstat’
     These packages need to be imported from (in the NAMESPACE file)
     for when this namespace is loaded but not attached.
Flavors: r-devel-linux-x86_64-debian-clang, r-devel-linux-x86_64-debian-gcc, r-devel-linux-x86_64-fedora-clang, r-devel-linux-x86_64-fedora-gcc, r-devel-osx-x86_64-clang, r-devel-windows-ix86+x86_64, r-patched-linux-x86_64, r-patched-solaris-sparc, r-patched-solaris-x86, r-release-linux-x86_64, r-release-osx-x86_64-mavericks, r-release-windows-ix86+x86_64, r-oldrel-windows-ix86+x86_64

Version: 0.0-1
Check: S3 generic/method consistency
Result: NOTE
    Found the following apparent S3 methods exported but not registered:
     print.etas
    See section ‘Registering S3 methods’ in the ‘Writing R Extensions’
    manual.
Flavors: r-devel-linux-x86_64-debian-clang, r-devel-linux-x86_64-debian-gcc, r-devel-linux-x86_64-fedora-clang, r-devel-linux-x86_64-fedora-gcc, r-devel-osx-x86_64-clang, r-patched-linux-x86_64, r-patched-solaris-sparc, r-patched-solaris-x86, r-release-linux-x86_64

Version: 0.0-1
Check: R code for possible problems
Result: NOTE
    etas.prepare: no visible global function definition for ‘verifyclass’
    etas.prepare: no visible global function definition for ‘inside.owin’
    etas.prepare: no visible global function definition for
     ‘nndist.default’
    lambda: no visible global function definition for ‘verifyclass’
    long2flat: no visible global function definition for ‘centroid.owin’
    long2flat: no visible global function definition for ‘affine’
    rates: no visible global function definition for ‘ppp’
    rates: no visible global function definition for ‘owin’
    rates: no visible global function definition for ‘smooth.ppp’
    rates: no visible global function definition for ‘%mark%’
    rates: no visible global function definition for ‘gridcenters’
    rates: no visible global function definition for ‘bounding.box’
    rates: no visible global function definition for ‘as.im’
Flavors: r-devel-linux-x86_64-debian-clang, r-devel-linux-x86_64-debian-gcc, r-devel-linux-x86_64-fedora-clang, r-devel-linux-x86_64-fedora-gcc, r-devel-osx-x86_64-clang, r-devel-windows-ix86+x86_64, r-patched-linux-x86_64, r-patched-solaris-sparc, r-patched-solaris-x86, r-release-linux-x86_64, r-release-osx-x86_64-mavericks, r-release-windows-ix86+x86_64, r-oldrel-windows-ix86+x86_64

Version: 0.0-1
Check: whether package can be installed
Result: WARN
    Found the following significant warnings:
     fit.c:517:1: warning: control reaches end of non-void function [-Wreturn-type]
Flavors: r-devel-linux-x86_64-debian-gcc, r-devel-linux-x86_64-fedora-gcc, r-devel-windows-ix86+x86_64, r-patched-linux-x86_64, r-release-linux-x86_64, r-release-windows-ix86+x86_64, r-oldrel-windows-ix86+x86_64

Version: 0.0-1
Check: package dependencies
Result: NOTE
    Package suggested but not available for checking: ‘maptools’
Flavor: r-release-osx-x86_64-snowleopard

Version: 0.0-1
Check: dependencies in R code
Result: NOTE
    Packages in Depends field not imported from:
     ‘methods’ ‘spatstat’
     These packages need to be imported from (in the NAMESPACE file)
     for when this namespace is loaded but not attached.
    See the information on DESCRIPTION files in the chapter ‘Creating R
    packages’ of the ‘Writing R Extensions’ manual.
Flavor: r-release-osx-x86_64-snowleopard