CRAN Package Check Results for Package ETAS

Last updated on 2017-04-24 18:47:14.

Flavor Version Tinstall Tcheck Ttotal Status Flags
r-devel-linux-x86_64-debian-clang 0.4.1 11.93 20.58 32.51 NOTE
r-devel-linux-x86_64-debian-gcc 0.4.1 11.30 20.29 31.58 NOTE
r-devel-linux-x86_64-fedora-clang 0.4.1 61.43 NOTE --no-stop-on-test-error
r-devel-linux-x86_64-fedora-gcc 0.4.1 58.23 NOTE --no-stop-on-test-error
r-devel-windows-ix86+x86_64 0.4.1 OK
r-patched-linux-x86_64 0.4.1 10.23 20.23 30.46 NOTE
r-patched-solaris-sparc 0.4.1 330.80 OK
r-patched-solaris-x86 0.4.1 72.20 OK
r-release-linux-x86_64 0.4.1 9.98 20.31 30.29 NOTE
r-release-windows-ix86+x86_64 0.4.1 34.00 61.00 95.00 OK
r-release-osx-x86_64 0.4.1 OK
r-oldrel-windows-ix86+x86_64 0.4.1 38.00 57.00 95.00 OK
r-oldrel-osx-x86_64 0.4.1 OK

Check Details

Version: 0.4.1
Check: compiled code
Result: NOTE
    File ‘ETAS/libs/ETAS.so’:
     Found no calls to: ‘R_registerRoutines’, ‘R_useDynamicSymbols’
    
    It is good practice to register native routines and to disable symbol
    search.
    
    See ‘Writing portable packages’ in the ‘Writing R Extensions’ manual.
Flavors: r-devel-linux-x86_64-debian-clang, r-devel-linux-x86_64-debian-gcc, r-patched-linux-x86_64, r-release-linux-x86_64

Version: 0.4.1
Flags: --no-stop-on-test-error
Check: compiled code
Result: NOTE
    File ‘ETAS/libs/ETAS.so’:
     Found no calls to: ‘R_registerRoutines’, ‘R_useDynamicSymbols’
    
    It is good practice to register native routines and to disable symbol
    search.
    
    See ‘Writing portable packages’ in the ‘Writing R Extensions’ manual.
Flavors: r-devel-linux-x86_64-fedora-clang, r-devel-linux-x86_64-fedora-gcc