CRAN Package Check Results for Package ETAS

Last updated on 2014-04-23 07:54:58.

Flavor Version Tinstall Tcheck Ttotal Status Flags
r-devel-linux-x86_64-debian-clang 0.0-1 5.62 42.82 48.44 NOTE
r-devel-linux-x86_64-debian-gcc 0.0-1 6.37 42.40 48.77 WARN
r-devel-linux-x86_64-fedora-clang 0.0-1 108.63 NOTE
r-devel-linux-x86_64-fedora-gcc 0.0-1 105.89 WARN
r-devel-osx-x86_64-clang 0.0-1 91.18 NOTE
r-devel-osx-x86_64-gcc 0.0-1 NOTE
r-devel-windows-ix86+x86_64 0.0-1 17.00 75.00 92.00 WARN
r-patched-linux-x86_64 0.0-1 5.05 42.20 47.26 WARN
r-patched-solaris-sparc 0.0-1 579.40 NOTE
r-patched-solaris-x86 0.0-1 141.20 NOTE
r-release-linux-ix86 0.0-1 8.00 298.00 306.00 WARN
r-release-linux-x86_64 0.0-1 5.31 42.49 47.80 WARN
r-release-osx-x86_64-mavericks 0.0-1 WARN
r-release-windows-ix86+x86_64 0.0-1 15.00 75.00 90.00 WARN
r-oldrel-windows-ix86+x86_64 0.0-1 16.00 81.00 97.00 NOTE

Memtest notes: UBSAN valgrind

Check Details

Version: 0.0-1
Check: dependencies in R code
Result: NOTE
    Packages in Depends field not imported from:
     ‘methods’ ‘spatstat’
     These packages need to be imported from (in the NAMESPACE file)
     for when this namespace is loaded but not attached.
    See the information on DESCRIPTION files in the chapter ‘Creating R
    packages’ of the ‘Writing R Extensions’ manual.
Flavors: r-devel-linux-x86_64-debian-clang, r-devel-linux-x86_64-debian-gcc, r-devel-linux-x86_64-fedora-clang, r-devel-linux-x86_64-fedora-gcc, r-devel-osx-x86_64-clang, r-devel-osx-x86_64-gcc, r-devel-windows-ix86+x86_64, r-patched-linux-x86_64, r-patched-solaris-sparc, r-patched-solaris-x86, r-release-linux-ix86, r-release-linux-x86_64, r-release-osx-x86_64-mavericks, r-release-windows-ix86+x86_64, r-oldrel-windows-ix86+x86_64

Version: 0.0-1
Check: whether package can be installed
Result: WARNING
    Found the following significant warnings:
     fit.c:517:1: warning: control reaches end of non-void function [-Wreturn-type]
    See ‘/home/hornik/tmp/R.check/r-devel-gcc/Work/PKGS/ETAS.Rcheck/00install.out’ for details.
Flavor: r-devel-linux-x86_64-debian-gcc

Version: 0.0-1
Check: whether package can be installed
Result: WARNING
    Found the following significant warnings:
     fit.c:517:1: warning: control reaches end of non-void function [-Wreturn-type]
    See ‘/data/gannet/ripley/R/packages/tests-devel/ETAS.Rcheck/00install.out’ for details.
Flavor: r-devel-linux-x86_64-fedora-gcc

Version: 0.0-1
Check: package dependencies
Result: NOTE
    Package suggested but not available for checking: ‘maptools’
Flavors: r-devel-osx-x86_64-gcc, r-release-osx-x86_64-mavericks

Version: 0.0-1
Check: whether package can be installed
Result: WARNING
    Found the following significant warnings:
     fit.c:517:1: warning: control reaches end of non-void function [-Wreturn-type]
     fit.c:517:1: warning: control reaches end of non-void function [-Wreturn-type]
    See 'd:/Rcompile/CRANpkg/local/3.2/ETAS.Rcheck/00install.out' for details.
Flavor: r-devel-windows-ix86+x86_64

Version: 0.0-1
Check: whether package can be installed
Result: WARNING
    Found the following significant warnings:
     fit.c:517:1: warning: control reaches end of non-void function [-Wreturn-type]
    See ‘/home/hornik/tmp/R.check/r-patched-gcc/Work/PKGS/ETAS.Rcheck/00install.out’ for details.
Flavor: r-patched-linux-x86_64

Version: 0.0-1
Check: whether package can be installed
Result: WARNING
    Found the following significant warnings:
     fit.c:517:1: warning: control reaches end of non-void function [-Wreturn-type]
    See ‘/home/hornik/tmp/R.check/r-release-gcc/Work/PKGS/ETAS.Rcheck/00install.out’ for details.
Flavors: r-release-linux-ix86, r-release-linux-x86_64

Version: 0.0-1
Check: PDF version of manual
Result: WARNING
    LaTeX errors when creating PDF version.
    This typically indicates Rd problems.
    LaTeX errors found:
    ! LaTeX Error: File `upquote.sty' not found.
    
    Type X to quit or <RETURN> to proceed,
    or enter new name. (Default extension: sty)
    
    5370a348/Rd2.tex:8: ==> Fatal error occurred, no output PDF file produced!
Flavor: r-release-osx-x86_64-mavericks

Version: 0.0-1
Check: whether package can be installed
Result: WARNING
    Found the following significant warnings:
     fit.c:517:1: warning: control reaches end of non-void function [-Wreturn-type]
     fit.c:517:1: warning: control reaches end of non-void function [-Wreturn-type]
    See 'd:/Rcompile/CRANpkg/local/3.1/ETAS.Rcheck/00install.out' for details.
Flavor: r-release-windows-ix86+x86_64