CRAN Package Check Results for Package ETC

Last updated on 2017-06-28 03:48:26.

Flavor Version Tinstall Tcheck Ttotal Status Flags
r-devel-linux-x86_64-debian-clang 1.3 0.67 14.91 15.57 NOTE
r-devel-linux-x86_64-debian-gcc 1.3 0.59 14.73 15.32 NOTE
r-devel-linux-x86_64-fedora-clang 1.3 26.36 NOTE
r-devel-linux-x86_64-fedora-gcc 1.3 24.67 NOTE
r-devel-windows-ix86+x86_64 1.3 3.00 30.00 33.00 NOTE
r-patched-linux-x86_64 1.3 0.62 14.47 15.09 NOTE
r-patched-solaris-sparc 1.3 155.70 NOTE
r-patched-solaris-x86 1.3 35.40 NOTE
r-release-linux-x86_64 1.3 0.65 14.81 15.46 NOTE
r-release-windows-ix86+x86_64 1.3 3.00 41.00 44.00 NOTE
r-release-osx-x86_64 1.3 NOTE
r-oldrel-windows-ix86+x86_64 1.3 4.00 45.00 49.00 NOTE
r-oldrel-osx-x86_64 1.3 NOTE

Check Details

Version: 1.3
Check: R code for possible problems
Result: NOTE
    etc.diff: no visible global function definition for ‘model.frame’
    etc.diff: no visible binding for global variable ‘sd’
    etc.diff: no visible global function definition for ‘qt’
    etc.diff: no visible global function definition for ‘pt’
    etc.diff: no visible global function definition for ‘wilcox.test’
    etc.rat: no visible global function definition for ‘model.frame’
    etc.rat: no visible binding for global variable ‘sd’
    etc.rat: no visible global function definition for ‘qt’
    etc.rat: no visible global function definition for ‘pt’
    Undefined global functions or variables:
     model.frame pt qt sd wilcox.test
    Consider adding
     importFrom("stats", "model.frame", "pt", "qt", "sd", "wilcox.test")
    to your NAMESPACE file.
Flavors: r-devel-linux-x86_64-debian-clang, r-devel-linux-x86_64-debian-gcc, r-devel-linux-x86_64-fedora-clang, r-devel-linux-x86_64-fedora-gcc, r-devel-windows-ix86+x86_64, r-patched-linux-x86_64, r-patched-solaris-sparc, r-patched-solaris-x86, r-release-linux-x86_64, r-release-windows-ix86+x86_64, r-release-osx-x86_64, r-oldrel-windows-ix86+x86_64, r-oldrel-osx-x86_64