CRAN Package Check Results for Package ETC

Last updated on 2016-07-23 21:49:43.

Flavor Version Tinstall Tcheck Ttotal Status Flags
r-devel-linux-x86_64-debian-clang 1.3 0.72 14.74 15.46 NOTE
r-devel-linux-x86_64-debian-gcc 1.3 0.75 14.79 15.54 NOTE
r-devel-linux-x86_64-fedora-clang 1.3 20.60 NOTE
r-devel-linux-x86_64-fedora-gcc 1.3 19.66 NOTE
r-devel-osx-x86_64-clang 1.3 18.92 NOTE
r-devel-windows-ix86+x86_64 1.3 4.00 28.00 32.00 NOTE
r-patched-linux-x86_64 1.3 0.74 14.38 15.12 NOTE
r-patched-solaris-sparc 1.3 138.90 NOTE
r-patched-solaris-x86 1.3 29.60 NOTE
r-release-linux-x86_64 1.3 0.76 14.75 15.51 NOTE
r-release-osx-x86_64-mavericks 1.3 NOTE
r-release-windows-ix86+x86_64 1.3 2.00 30.00 32.00 NOTE
r-oldrel-windows-ix86+x86_64 1.3 5.00 28.00 33.00 OK

Check Details

Version: 1.3
Check: R code for possible problems
Result: NOTE
    etc.diff: no visible global function definition for ‘model.frame’
    etc.diff: no visible binding for global variable ‘sd’
    etc.diff: no visible global function definition for ‘qt’
    etc.diff: no visible global function definition for ‘pt’
    etc.diff: no visible global function definition for ‘wilcox.test’
    etc.rat: no visible global function definition for ‘model.frame’
    etc.rat: no visible binding for global variable ‘sd’
    etc.rat: no visible global function definition for ‘qt’
    etc.rat: no visible global function definition for ‘pt’
    Undefined global functions or variables:
     model.frame pt qt sd wilcox.test
    Consider adding
     importFrom("stats", "model.frame", "pt", "qt", "sd", "wilcox.test")
    to your NAMESPACE file.
Flavors: r-devel-linux-x86_64-debian-clang, r-devel-linux-x86_64-debian-gcc, r-devel-linux-x86_64-fedora-clang, r-devel-linux-x86_64-fedora-gcc, r-devel-osx-x86_64-clang, r-devel-windows-ix86+x86_64, r-patched-linux-x86_64, r-patched-solaris-sparc, r-patched-solaris-x86, r-release-linux-x86_64, r-release-osx-x86_64-mavericks, r-release-windows-ix86+x86_64