CRAN Package Check Results for Package ETC

Last updated on 2016-04-29 09:47:01.

Flavor Version Tinstall Tcheck Ttotal Status Flags
r-devel-linux-x86_64-debian-gcc 1.3 0.68 11.85 12.53 NOTE
r-devel-linux-x86_64-fedora-clang 1.3 20.76 NOTE
r-devel-linux-x86_64-fedora-gcc 1.3 19.74 NOTE
r-devel-osx-x86_64-clang 1.3 24.17 NOTE
r-devel-windows-ix86+x86_64 1.3 2.00 26.00 28.00 NOTE
r-patched-linux-x86_64 1.3 0.63 11.90 12.53 NOTE
r-patched-solaris-sparc 1.3 136.90 NOTE
r-patched-solaris-x86 1.3 30.50 NOTE
r-release-linux-x86_64 1.3 0.62 12.41 13.03 OK
r-release-osx-x86_64-mavericks 1.3 OK
r-release-windows-ix86+x86_64 1.3 2.00 26.00 28.00 OK
r-oldrel-windows-ix86+x86_64 1.3 4.00 26.00 30.00 OK

Check Details

Version: 1.3
Check: R code for possible problems
Result: NOTE
    etc.diff: no visible global function definition for ‘model.frame’
    etc.diff: no visible binding for global variable ‘sd’
    etc.diff: no visible global function definition for ‘qt’
    etc.diff: no visible global function definition for ‘pt’
    etc.diff: no visible global function definition for ‘wilcox.test’
    etc.rat: no visible global function definition for ‘model.frame’
    etc.rat: no visible binding for global variable ‘sd’
    etc.rat: no visible global function definition for ‘qt’
    etc.rat: no visible global function definition for ‘pt’
    Undefined global functions or variables:
     model.frame pt qt sd wilcox.test
    Consider adding
     importFrom("stats", "model.frame", "pt", "qt", "sd", "wilcox.test")
    to your NAMESPACE file.
Flavors: r-devel-linux-x86_64-debian-gcc, r-devel-linux-x86_64-fedora-clang, r-devel-linux-x86_64-fedora-gcc, r-devel-osx-x86_64-clang, r-devel-windows-ix86+x86_64, r-patched-linux-x86_64, r-patched-solaris-sparc, r-patched-solaris-x86