CRAN Package Check Results for Package ETC

Last updated on 2019-08-26 11:48:43 CEST.

Flavor Version Tinstall Tcheck Ttotal Status Flags
r-devel-linux-x86_64-debian-clang 1.3 2.54 22.91 25.45 NOTE
r-devel-linux-x86_64-debian-gcc 1.3 2.18 18.50 20.68 NOTE
r-devel-linux-x86_64-fedora-clang 1.3 32.62 NOTE
r-devel-linux-x86_64-fedora-gcc 1.3 30.13 NOTE
r-devel-windows-ix86+x86_64 1.3 9.00 50.00 59.00 NOTE
r-patched-linux-x86_64 1.3 2.31 22.88 25.19 NOTE
r-patched-solaris-x86 1.3 47.10 NOTE
r-release-linux-x86_64 1.3 2.40 23.15 25.55 NOTE
r-release-windows-ix86+x86_64 1.3 12.00 53.00 65.00 NOTE
r-release-osx-x86_64 1.3 NOTE
r-oldrel-windows-ix86+x86_64 1.3 4.00 46.00 50.00 NOTE
r-oldrel-osx-x86_64 1.3 NOTE

Check Details

Version: 1.3
Check: R code for possible problems
Result: NOTE
    etc.diff: no visible global function definition for 'model.frame'
    etc.diff: no visible binding for global variable 'sd'
    etc.diff: no visible global function definition for 'qt'
    etc.diff: no visible global function definition for 'pt'
    etc.diff: no visible global function definition for 'wilcox.test'
    etc.rat: no visible global function definition for 'model.frame'
    etc.rat: no visible binding for global variable 'sd'
    etc.rat: no visible global function definition for 'qt'
    etc.rat: no visible global function definition for 'pt'
    Undefined global functions or variables:
     model.frame pt qt sd wilcox.test
    Consider adding
     importFrom("stats", "model.frame", "pt", "qt", "sd", "wilcox.test")
    to your NAMESPACE file.
Flavors: r-devel-linux-x86_64-debian-clang, r-devel-linux-x86_64-debian-gcc, r-devel-linux-x86_64-fedora-clang, r-devel-linux-x86_64-fedora-gcc, r-devel-windows-ix86+x86_64, r-patched-linux-x86_64, r-patched-solaris-x86, r-release-linux-x86_64, r-release-windows-ix86+x86_64, r-release-osx-x86_64, r-oldrel-windows-ix86+x86_64, r-oldrel-osx-x86_64