CRAN Package Check Results for Package ETC

Last updated on 2017-10-18 05:47:35.

Flavor Version Tinstall Tcheck Ttotal Status Flags
r-devel-linux-x86_64-debian-clang 1.3 0.63 15.56 16.19 NOTE
r-devel-linux-x86_64-debian-gcc 1.3 0.52 16.39 16.91 NOTE
r-devel-linux-x86_64-fedora-clang 1.3 26.31 NOTE
r-devel-linux-x86_64-fedora-gcc 1.3 25.84 NOTE
r-devel-windows-ix86+x86_64 1.3 3.00 31.00 34.00 NOTE
r-patched-linux-x86_64 1.3 0.60 14.93 15.53 NOTE
r-patched-solaris-x86 1.3 35.10 NOTE
r-release-linux-x86_64 1.3 0.63 14.78 15.41 NOTE
r-release-windows-ix86+x86_64 1.3 3.00 42.00 45.00 NOTE
r-release-osx-x86_64 1.3 NOTE
r-oldrel-windows-ix86+x86_64 1.3 4.00 31.00 35.00 NOTE
r-oldrel-osx-x86_64 1.3 NOTE

Check Details

Version: 1.3
Check: R code for possible problems
Result: NOTE
    etc.diff: no visible global function definition for ‘model.frame’
    etc.diff: no visible binding for global variable ‘sd’
    etc.diff: no visible global function definition for ‘qt’
    etc.diff: no visible global function definition for ‘pt’
    etc.diff: no visible global function definition for ‘wilcox.test’
    etc.rat: no visible global function definition for ‘model.frame’
    etc.rat: no visible binding for global variable ‘sd’
    etc.rat: no visible global function definition for ‘qt’
    etc.rat: no visible global function definition for ‘pt’
    Undefined global functions or variables:
     model.frame pt qt sd wilcox.test
    Consider adding
     importFrom("stats", "model.frame", "pt", "qt", "sd", "wilcox.test")
    to your NAMESPACE file.
Flavors: r-devel-linux-x86_64-debian-clang, r-devel-linux-x86_64-debian-gcc, r-devel-linux-x86_64-fedora-clang, r-devel-linux-x86_64-fedora-gcc, r-devel-windows-ix86+x86_64, r-patched-linux-x86_64, r-patched-solaris-x86, r-release-linux-x86_64, r-release-windows-ix86+x86_64, r-release-osx-x86_64, r-oldrel-windows-ix86+x86_64, r-oldrel-osx-x86_64