CRAN Package Check Results for Package ETC

Last updated on 2015-05-22 17:46:36.

Flavor Version Tinstall Tcheck Ttotal Status Flags
r-devel-linux-x86_64-debian-clang 1.3 0.57 10.98 11.54 OK
r-devel-linux-x86_64-debian-gcc 1.3 0.56 10.82 11.38 OK
r-devel-linux-x86_64-fedora-clang 1.3 20.94 OK
r-devel-linux-x86_64-fedora-gcc 1.3 19.79 OK
r-devel-osx-x86_64-clang 1.3 24.51 OK
r-devel-windows-ix86+x86_64 1.3 3.00 20.00 23.00 OK
r-patched-linux-x86_64 1.3 0.54 10.74 11.27 OK
r-patched-solaris-sparc 1.3 152.50 OK
r-patched-solaris-x86 1.3 30.70 OK
r-release-linux-x86_64 1.3 0.72 10.90 11.62 OK
r-release-osx-x86_64-mavericks 1.3 OK
r-release-osx-x86_64-snowleopard 1.3 NOTE
r-release-windows-ix86+x86_64 1.3 2.00 19.00 21.00 OK
r-oldrel-windows-ix86+x86_64 1.3 3.00 21.00 24.00 OK

Check Details

Version: 1.3
Check: package dependencies
Result: NOTE
    Packages suggested but not available for checking: ‘SimComp’ ‘multcomp’
Flavor: r-release-osx-x86_64-snowleopard