CRAN Package Check Results for Package ETC

Last updated on 2024-04-22 14:54:15 CEST.

Flavor Version Tinstall Tcheck Ttotal Status Flags
r-devel-linux-x86_64-debian-clang 1.5 2.36 26.74 29.10 NOTE
r-devel-linux-x86_64-debian-gcc 1.5 2.52 20.77 23.29 NOTE
r-devel-linux-x86_64-fedora-clang 1.5 37.72 NOTE
r-devel-linux-x86_64-fedora-gcc 1.5 35.62 NOTE
r-prerel-macos-arm64 1.5 16.00 NOTE
r-prerel-windows-x86_64 1.5 3.00 43.00 46.00 NOTE
r-patched-linux-x86_64 1.5 2.99 26.20 29.19 NOTE
r-release-linux-x86_64 1.5 2.31 25.93 28.24 OK
r-release-macos-arm64 1.5 17.00 OK
r-release-macos-x86_64 1.5 22.00 NOTE
r-release-windows-x86_64 1.5 4.00 43.00 47.00 OK
r-oldrel-macos-arm64 1.5 17.00 OK
r-oldrel-windows-x86_64 1.5 5.00 48.00 53.00 OK

Check Details

Version: 1.5
Check: Rd files
Result: NOTE checkRd: (-1) ETC-package.Rd:28-29: Lost braces in \itemize; meant \describe ? checkRd: (-1) ETC-package.Rd:30-31: Lost braces in \itemize; meant \describe ? checkRd: (-1) ETC-package.Rd:32: Lost braces in \itemize; meant \describe ? Flavors: r-devel-linux-x86_64-debian-clang, r-devel-linux-x86_64-debian-gcc, r-devel-linux-x86_64-fedora-clang, r-devel-linux-x86_64-fedora-gcc, r-prerel-macos-arm64, r-prerel-windows-x86_64, r-patched-linux-x86_64

Version: 1.5
Check: package dependencies
Result: NOTE Packages suggested but not available for checking: 'SimComp', 'multcomp', 'mratios' Flavor: r-release-macos-x86_64