CRAN Package Check Results for Package ETC

Last updated on 2016-09-30 20:47:31.

Flavor Version Tinstall Tcheck Ttotal Status Flags
r-devel-linux-x86_64-debian-clang 1.3 0.62 13.45 14.08 NOTE
r-devel-linux-x86_64-debian-gcc 1.3 0.58 13.09 13.67 NOTE
r-devel-linux-x86_64-fedora-clang 1.3 28.08 NOTE
r-devel-linux-x86_64-fedora-gcc 1.3 20.11 NOTE
r-devel-macos-x86_64-clang 1.3 18.85 NOTE
r-devel-windows-ix86+x86_64 1.3 2.00 28.00 30.00 NOTE
r-patched-linux-x86_64 1.3 0.57 12.46 13.03 NOTE
r-patched-solaris-sparc 1.3 138.90 NOTE
r-patched-solaris-x86 1.3 30.10 NOTE
r-release-linux-x86_64 1.3 0.56 12.12 12.68 NOTE
r-release-osx-x86_64-mavericks 1.3 NOTE
r-release-windows-ix86+x86_64 1.3 2.00 28.00 30.00 NOTE
r-oldrel-windows-ix86+x86_64 1.3 4.00 34.00 38.00 OK

Check Details

Version: 1.3
Check: R code for possible problems
Result: NOTE
    etc.diff: no visible global function definition for ‘model.frame’
    etc.diff: no visible binding for global variable ‘sd’
    etc.diff: no visible global function definition for ‘qt’
    etc.diff: no visible global function definition for ‘pt’
    etc.diff: no visible global function definition for ‘wilcox.test’
    etc.rat: no visible global function definition for ‘model.frame’
    etc.rat: no visible binding for global variable ‘sd’
    etc.rat: no visible global function definition for ‘qt’
    etc.rat: no visible global function definition for ‘pt’
    Undefined global functions or variables:
     model.frame pt qt sd wilcox.test
    Consider adding
     importFrom("stats", "model.frame", "pt", "qt", "sd", "wilcox.test")
    to your NAMESPACE file.
Flavors: r-devel-linux-x86_64-debian-clang, r-devel-linux-x86_64-debian-gcc, r-devel-linux-x86_64-fedora-clang, r-devel-linux-x86_64-fedora-gcc, r-devel-macos-x86_64-clang, r-devel-windows-ix86+x86_64, r-patched-linux-x86_64, r-patched-solaris-sparc, r-patched-solaris-x86, r-release-linux-x86_64, r-release-osx-x86_64-mavericks, r-release-windows-ix86+x86_64