CRAN Package Check Results for Package ETC

Last updated on 2014-04-24 17:49:43.

Flavor Version Tinstall Tcheck Ttotal Status Flags
r-devel-linux-x86_64-debian-clang 1.3 0.62 12.57 13.20 OK
r-devel-linux-x86_64-debian-gcc 1.3 0.60 12.81 13.41 OK
r-devel-linux-x86_64-fedora-clang 1.3 23.68 OK
r-devel-linux-x86_64-fedora-gcc 1.3 22.65 OK
r-devel-osx-x86_64-clang 1.3 26.88 OK
r-devel-osx-x86_64-gcc 1.3 NOTE
r-devel-windows-ix86+x86_64 1.3 2.00 24.00 26.00 OK
r-patched-linux-x86_64 1.3 0.61 12.58 13.19 OK
r-patched-solaris-sparc 1.3 135.70 OK
r-patched-solaris-x86 1.3 33.90 OK
r-release-linux-ix86 1.3 1.00 27.00 28.00 OK
r-release-linux-x86_64 1.3 0.61 12.29 12.90 OK
r-release-osx-x86_64-mavericks 1.3 WARN
r-release-windows-ix86+x86_64 1.3 2.00 21.00 23.00 OK
r-oldrel-windows-ix86+x86_64 1.3 3.00 22.00 25.00 OK

Check Details

Version: 1.3
Check: package dependencies
Result: NOTE
    Packages suggested but not available for checking: ‘SimComp’ ‘multcomp’
Flavors: r-devel-osx-x86_64-gcc, r-release-osx-x86_64-mavericks

Version: 1.3
Check: PDF version of manual
Result: WARNING
    LaTeX errors when creating PDF version.
    This typically indicates Rd problems.
    LaTeX errors found:
    ! LaTeX Error: File `upquote.sty' not found.
    
    Type X to quit or <RETURN> to proceed,
    or enter new name. (Default extension: sty)
    
    22f278b/Rd2.tex:8: ==> Fatal error occurred, no output PDF file produced!
Flavor: r-release-osx-x86_64-mavericks