CRAN Package Check Results for Package ETC

Last updated on 2016-02-10 16:47:02.

Flavor Version Tinstall Tcheck Ttotal Status Flags
r-devel-linux-x86_64-debian-gcc 1.3 0.54 10.94 11.48 NOTE
r-devel-linux-x86_64-fedora-clang 1.3 20.60 NOTE
r-devel-linux-x86_64-fedora-gcc 1.3 19.50 NOTE
r-devel-osx-x86_64-clang 1.3 23.96 NOTE
r-devel-windows-ix86+x86_64 1.3 5.00 26.00 31.00 NOTE
r-patched-linux-x86_64 1.3 0.61 11.52 12.13 OK
r-patched-solaris-sparc 1.3 133.70 OK
r-patched-solaris-x86 1.3 29.70 OK
r-release-linux-x86_64 1.3 0.61 11.54 12.15 OK
r-release-osx-x86_64-mavericks 1.3 OK
r-release-windows-ix86+x86_64 1.3 3.00 22.00 25.00 OK
r-oldrel-windows-ix86+x86_64 1.3 4.00 38.00 42.00 OK

Check Details

Version: 1.3
Check: R code for possible problems
Result: NOTE
    etc.diff: no visible global function definition for ‘model.frame’
    etc.diff: no visible binding for global variable ‘sd’
    etc.diff: no visible global function definition for ‘qt’
    etc.diff: no visible global function definition for ‘pt’
    etc.diff: no visible global function definition for ‘wilcox.test’
    etc.rat: no visible global function definition for ‘model.frame’
    etc.rat: no visible binding for global variable ‘sd’
    etc.rat: no visible global function definition for ‘qt’
    etc.rat: no visible global function definition for ‘pt’
    Undefined global functions or variables:
     model.frame pt qt sd wilcox.test
    Consider adding
     importFrom("stats", "model.frame", "pt", "qt", "sd", "wilcox.test")
    to your NAMESPACE file.
Flavors: r-devel-linux-x86_64-debian-gcc, r-devel-linux-x86_64-fedora-clang, r-devel-linux-x86_64-fedora-gcc, r-devel-osx-x86_64-clang, r-devel-windows-ix86+x86_64