CRAN Package Check Results for Package ETC

Last updated on 2016-06-30 06:46:58.

Flavor Version Tinstall Tcheck Ttotal Status Flags
r-devel-linux-x86_64-debian-gcc 1.3 0.62 12.95 13.57 NOTE
r-devel-linux-x86_64-fedora-clang 1.3 20.70 NOTE
r-devel-linux-x86_64-fedora-gcc 1.3 19.14 NOTE
r-devel-osx-x86_64-clang 1.3 18.82 NOTE
r-devel-windows-ix86+x86_64 1.3 2.00 31.00 33.00 NOTE
r-patched-linux-x86_64 1.3 0.73 12.17 12.90 NOTE
r-patched-solaris-sparc 1.3 138.90 NOTE
r-patched-solaris-x86 1.3 30.70 NOTE
r-release-linux-x86_64 1.3 0.68 12.01 12.68 NOTE
r-release-osx-x86_64-mavericks 1.3 NOTE
r-release-windows-ix86+x86_64 1.3 3.00 36.00 39.00 NOTE
r-oldrel-windows-ix86+x86_64 1.3 3.00 24.00 27.00 OK

Check Details

Version: 1.3
Check: R code for possible problems
Result: NOTE
    etc.diff: no visible global function definition for ‘model.frame’
    etc.diff: no visible binding for global variable ‘sd’
    etc.diff: no visible global function definition for ‘qt’
    etc.diff: no visible global function definition for ‘pt’
    etc.diff: no visible global function definition for ‘wilcox.test’
    etc.rat: no visible global function definition for ‘model.frame’
    etc.rat: no visible binding for global variable ‘sd’
    etc.rat: no visible global function definition for ‘qt’
    etc.rat: no visible global function definition for ‘pt’
    Undefined global functions or variables:
     model.frame pt qt sd wilcox.test
    Consider adding
     importFrom("stats", "model.frame", "pt", "qt", "sd", "wilcox.test")
    to your NAMESPACE file.
Flavors: r-devel-linux-x86_64-debian-gcc, r-devel-linux-x86_64-fedora-clang, r-devel-linux-x86_64-fedora-gcc, r-devel-osx-x86_64-clang, r-devel-windows-ix86+x86_64, r-patched-linux-x86_64, r-patched-solaris-sparc, r-patched-solaris-x86, r-release-linux-x86_64, r-release-osx-x86_64-mavericks, r-release-windows-ix86+x86_64