CRAN Package Check Results for Package ETC

Last updated on 2015-04-19 03:49:35.

Flavor Version Tinstall Tcheck Ttotal Status Flags
r-devel-linux-x86_64-debian-clang 1.3 0.56 11.33 11.89 OK
r-devel-linux-x86_64-debian-gcc 1.3 0.56 11.10 11.65 OK
r-devel-linux-x86_64-fedora-clang 1.3 21.09 OK
r-devel-linux-x86_64-fedora-gcc 1.3 23.45 OK
r-devel-osx-x86_64-clang 1.3 25.55 OK
r-patched-linux-x86_64 1.3 0.56 10.95 11.52 OK
r-patched-solaris-sparc 1.3 152.50 OK
r-patched-solaris-x86 1.3 30.50 OK
r-release-linux-x86_64 1.3 0.57 10.68 11.25 OK
r-release-osx-x86_64-mavericks 1.3 NOTE
r-release-osx-x86_64-snowleopard 1.3 NOTE
r-release-windows-ix86+x86_64 1.3 2.00 20.00 22.00 OK
r-oldrel-windows-ix86+x86_64 1.3 3.00 20.00 23.00 OK

Check Details

Version: 1.3
Check: package dependencies
Result: NOTE
    Packages suggested but not available for checking: ‘SimComp’ ‘multcomp’
Flavors: r-release-osx-x86_64-mavericks, r-release-osx-x86_64-snowleopard