CRAN Package Check Results for Package ETC

Last updated on 2015-07-28 09:46:59.

Flavor Version Tinstall Tcheck Ttotal Status Flags
r-devel-linux-x86_64-debian-clang 1.3 0.59 11.50 12.10 NOTE
r-devel-linux-x86_64-debian-gcc 1.3 0.61 11.17 11.78 NOTE
r-devel-linux-x86_64-fedora-clang 1.3 21.89 NOTE
r-devel-linux-x86_64-fedora-gcc 1.3 21.44 NOTE
r-devel-osx-x86_64-clang 1.3 23.45 OK
r-devel-windows-ix86+x86_64 1.3 2.00 20.00 22.00 NOTE
r-patched-linux-x86_64 1.3 0.56 12.05 12.61 OK
r-patched-solaris-sparc 1.3 139.30 OK
r-patched-solaris-x86 1.3 34.20 OK
r-release-linux-x86_64 1.3 0.55 11.87 12.42 OK
r-release-osx-x86_64-mavericks 1.3 OK
r-release-windows-ix86+x86_64 1.3 5.00 21.00 26.00 OK
r-oldrel-windows-ix86+x86_64 1.3 5.00 23.00 28.00 OK

Check Details

Version: 1.3
Check: R code for possible problems
Result: NOTE
    etc.diff: no visible global function definition for ‘model.frame’
    etc.diff: no visible binding for global variable ‘sd’
    etc.diff: no visible global function definition for ‘qt’
    etc.diff: no visible global function definition for ‘pt’
    etc.diff: no visible global function definition for ‘wilcox.test’
    etc.rat: no visible global function definition for ‘model.frame’
    etc.rat: no visible binding for global variable ‘sd’
    etc.rat: no visible global function definition for ‘qt’
    etc.rat: no visible global function definition for ‘pt’
    Undefined global functions or variables:
     model.frame pt qt sd wilcox.test
    Consider adding
     importFrom("stats", "model.frame", "pt", "qt", "sd", "wilcox.test")
    to your NAMESPACE.
Flavors: r-devel-linux-x86_64-debian-clang, r-devel-linux-x86_64-debian-gcc, r-devel-linux-x86_64-fedora-clang, r-devel-linux-x86_64-fedora-gcc, r-devel-windows-ix86+x86_64