CRAN Package Check Results for Package ETC

Last updated on 2017-03-30 09:47:43.

Flavor Version Tinstall Tcheck Ttotal Status Flags
r-devel-linux-x86_64-debian-clang 1.3 0.64 15.27 15.91 NOTE
r-devel-linux-x86_64-debian-gcc 1.3 0.64 14.69 15.33 NOTE
r-devel-linux-x86_64-fedora-clang 1.3 25.98 NOTE --no-stop-on-test-error
r-devel-linux-x86_64-fedora-gcc 1.3 24.65 NOTE --no-stop-on-test-error
r-devel-macos-x86_64-clang 1.3 21.83 NOTE --no-stop-on-test-error
r-devel-windows-ix86+x86_64 1.3 3.00 28.00 31.00 NOTE
r-patched-linux-x86_64 1.3 0.64 14.73 15.37 NOTE
r-patched-solaris-sparc 1.3 155.70 NOTE
r-patched-solaris-x86 1.3 35.80 NOTE
r-release-linux-x86_64 1.3 0.58 12.18 12.76 NOTE
r-release-osx-x86_64-mavericks 1.3 NOTE
r-release-windows-ix86+x86_64 1.3 7.00 37.00 44.00 NOTE
r-oldrel-windows-ix86+x86_64 1.3 6.00 37.00 43.00 OK

Check Details

Version: 1.3
Check: R code for possible problems
Result: NOTE
    etc.diff: no visible global function definition for ‘model.frame’
    etc.diff: no visible binding for global variable ‘sd’
    etc.diff: no visible global function definition for ‘qt’
    etc.diff: no visible global function definition for ‘pt’
    etc.diff: no visible global function definition for ‘wilcox.test’
    etc.rat: no visible global function definition for ‘model.frame’
    etc.rat: no visible binding for global variable ‘sd’
    etc.rat: no visible global function definition for ‘qt’
    etc.rat: no visible global function definition for ‘pt’
    Undefined global functions or variables:
     model.frame pt qt sd wilcox.test
    Consider adding
     importFrom("stats", "model.frame", "pt", "qt", "sd", "wilcox.test")
    to your NAMESPACE file.
Flavors: r-devel-linux-x86_64-debian-clang, r-devel-linux-x86_64-debian-gcc, r-devel-windows-ix86+x86_64, r-patched-linux-x86_64, r-patched-solaris-sparc, r-patched-solaris-x86, r-release-linux-x86_64, r-release-osx-x86_64-mavericks, r-release-windows-ix86+x86_64

Version: 1.3
Flags: --no-stop-on-test-error
Check: R code for possible problems
Result: NOTE
    etc.diff: no visible global function definition for ‘model.frame’
    etc.diff: no visible binding for global variable ‘sd’
    etc.diff: no visible global function definition for ‘qt’
    etc.diff: no visible global function definition for ‘pt’
    etc.diff: no visible global function definition for ‘wilcox.test’
    etc.rat: no visible global function definition for ‘model.frame’
    etc.rat: no visible binding for global variable ‘sd’
    etc.rat: no visible global function definition for ‘qt’
    etc.rat: no visible global function definition for ‘pt’
    Undefined global functions or variables:
     model.frame pt qt sd wilcox.test
    Consider adding
     importFrom("stats", "model.frame", "pt", "qt", "sd", "wilcox.test")
    to your NAMESPACE file.
Flavors: r-devel-linux-x86_64-fedora-clang, r-devel-linux-x86_64-fedora-gcc, r-devel-macos-x86_64-clang