CRAN Package Check Results for Package ETC

Last updated on 2015-09-03 23:47:29.

Flavor Version Tinstall Tcheck Ttotal Status Flags
r-devel-linux-x86_64-debian-clang 1.3 0.56 11.33 11.89 NOTE
r-devel-linux-x86_64-debian-gcc 1.3 0.52 11.05 11.57 NOTE
r-devel-linux-x86_64-fedora-clang 1.3 21.61 NOTE
r-devel-linux-x86_64-fedora-gcc 1.3 20.63 NOTE
r-devel-osx-x86_64-clang 1.3 22.15 OK
r-devel-windows-ix86+x86_64 1.3 2.00 22.00 24.00 NOTE
r-patched-linux-x86_64 1.3 0.61 11.59 12.20 OK
r-patched-solaris-sparc 1.3 139.30 OK
r-patched-solaris-x86 1.3 34.10 OK
r-release-linux-x86_64 1.3 0.60 12.08 12.68 OK
r-release-osx-x86_64-mavericks 1.3 OK
r-release-windows-ix86+x86_64 1.3 4.00 21.00 25.00 OK
r-oldrel-windows-ix86+x86_64 1.3 4.00 24.00 28.00 OK

Check Details

Version: 1.3
Check: R code for possible problems
Result: NOTE
    etc.diff: no visible global function definition for ‘model.frame’
    etc.diff: no visible binding for global variable ‘sd’
    etc.diff: no visible global function definition for ‘qt’
    etc.diff: no visible global function definition for ‘pt’
    etc.diff: no visible global function definition for ‘wilcox.test’
    etc.rat: no visible global function definition for ‘model.frame’
    etc.rat: no visible binding for global variable ‘sd’
    etc.rat: no visible global function definition for ‘qt’
    etc.rat: no visible global function definition for ‘pt’
    Undefined global functions or variables:
     model.frame pt qt sd wilcox.test
    Consider adding
     importFrom("stats", "model.frame", "pt", "qt", "sd", "wilcox.test")
    to your NAMESPACE.
Flavors: r-devel-linux-x86_64-debian-clang, r-devel-linux-x86_64-debian-gcc, r-devel-linux-x86_64-fedora-clang, r-devel-linux-x86_64-fedora-gcc, r-devel-windows-ix86+x86_64