CRAN Package Check Results for Package ETLUtils

Last updated on 2015-05-24 10:46:56.

Flavor Version Tinstall Tcheck Ttotal Status Flags
r-devel-linux-x86_64-debian-clang 1.3 0.91 14.50 15.41 OK
r-devel-linux-x86_64-debian-gcc 1.3 0.74 13.07 13.80 OK
r-devel-linux-x86_64-fedora-clang 1.3 26.33 OK
r-devel-linux-x86_64-fedora-gcc 1.3 25.10 OK
r-devel-osx-x86_64-clang 1.3 29.54 OK
r-devel-windows-ix86+x86_64 1.3 2.00 26.00 28.00 OK
r-patched-linux-x86_64 1.3 0.71 13.80 14.51 OK
r-patched-solaris-sparc 1.3 174.80 OK
r-patched-solaris-x86 1.3 38.70 OK
r-release-linux-x86_64 1.3 0.72 13.26 13.98 OK
r-release-osx-x86_64-mavericks 1.3 NOTE
r-release-osx-x86_64-snowleopard 1.3 OK
r-release-windows-ix86+x86_64 1.3 3.00 24.00 27.00 OK
r-oldrel-windows-ix86+x86_64 1.3 5.00 38.00 43.00 OK

Check Details

Version: 1.3
Check: package dependencies
Result: NOTE
    Package suggested but not available for checking: ‘RODBC’
Flavor: r-release-osx-x86_64-mavericks

Version: 1.3
Check: Rd cross-references
Result: NOTE
    Package unavailable to check Rd xrefs: ‘RODBC’
Flavor: r-release-osx-x86_64-mavericks