CRAN Package Check Results for Package ETLUtils

Last updated on 2014-04-24 09:49:00.

Flavor Version Tinstall Tcheck Ttotal Status Flags
r-devel-linux-x86_64-debian-clang 1.2 0.78 14.48 15.26 NOTE
r-devel-linux-x86_64-debian-gcc 1.2 0.78 14.71 15.49 NOTE
r-devel-linux-x86_64-fedora-clang 1.2 28.89 NOTE
r-devel-linux-x86_64-fedora-gcc 1.2 27.49 NOTE
r-devel-osx-x86_64-clang 1.2 31.61 NOTE
r-devel-osx-x86_64-gcc 1.2 ERROR
r-devel-windows-ix86+x86_64 1.2 3.00 22.00 25.00 NOTE
r-patched-linux-x86_64 1.2 0.84 14.46 15.30 NOTE
r-patched-solaris-sparc 1.2 187.50 NOTE
r-patched-solaris-x86 1.2 40.70 NOTE
r-release-linux-ix86 1.2 2.00 30.00 32.00 NOTE
r-release-linux-x86_64 1.2 0.78 14.49 15.27 NOTE
r-release-osx-x86_64-mavericks 1.2 WARN
r-release-windows-ix86+x86_64 1.2 3.00 26.00 29.00 NOTE
r-oldrel-windows-ix86+x86_64 1.2 4.00 24.00 28.00 NOTE

Check Details

Version: 1.2
Check: dependencies in R code
Result: NOTE
    Package in Depends field not imported from: ‘ff’
     These packages need to be imported from (in the NAMESPACE file)
     for when this namespace is loaded but not attached.
    See the information on DESCRIPTION files in the chapter ‘Creating R
    packages’ of the ‘Writing R Extensions’ manual.
Flavors: r-devel-linux-x86_64-debian-clang, r-devel-linux-x86_64-debian-gcc, r-devel-linux-x86_64-fedora-clang, r-devel-linux-x86_64-fedora-gcc, r-devel-osx-x86_64-clang, r-devel-osx-x86_64-gcc, r-devel-windows-ix86+x86_64, r-patched-linux-x86_64, r-patched-solaris-sparc, r-patched-solaris-x86, r-release-linux-ix86, r-release-linux-x86_64, r-release-osx-x86_64-mavericks, r-release-windows-ix86+x86_64, r-oldrel-windows-ix86+x86_64

Version: 1.2
Check: Rd line widths
Result: NOTE
    Rd file 'matchmerge.Rd':
     \examples lines wider than 100 characters:
     info <- matchmerge(x=sales, y=products, by.x=sales$item, by.y=products$key, all.x=TRUE, by.iskey=TRUE,
    
    Rd file 'read.dbi.ffdf.Rd':
     \examples lines wider than 100 characters:
     ## show it is the same as getting the data directly using RSQLite apart from characters which are factors in ffdf objects
     ## show how to use the transFUN argument to transform the data before saving into the ffdf, and shows the use of the levels argument
     first.rows = 100, next.rows = 1000, x = x, VERBOSE=TRUE, transFUN = transformexample, subtractdays=1000)
    
    Rd file 'read.jdbc.ffdf.Rd':
     \examples lines wider than 100 characters:
     x <- read.jdbc.ffdf(query = query, dbConnect.args = list(drv = drv, url = sprintf("jdbc:sqlite:%s", dbfile)),
    
    Rd file 'read.odbc.ffdf.Rd':
     \examples lines wider than 100 characters:
     ## set up the sqlite ODBC driver (www.stats.ox.ac.uk/pub/bdr/RODBC-manual.pd) and call it 'smalltestsqlitedb'
    
    These lines will be truncated in the PDF manual.
Flavors: r-devel-linux-x86_64-fedora-clang, r-devel-linux-x86_64-fedora-gcc

Version: 1.2
Check: package dependencies
Result: NOTE
    Package suggested but not available for checking: ‘zoo’
Flavor: r-devel-osx-x86_64-gcc

Version: 1.2
Check: R code for possible problems
Result: NOTE
    naLOCFPlusone: no visible global function definition for ‘na.locf’
Flavor: r-devel-osx-x86_64-gcc

Version: 1.2
Check: Rd cross-references
Result: NOTE
    Package unavailable to check Rd xrefs: ‘zoo’
Flavor: r-devel-osx-x86_64-gcc

Version: 1.2
Check: examples
Result: ERROR
    Running examples in ‘ETLUtils-Ex.R’ failed
    The error most likely occurred in:
    
    > ### Name: naLOCFPlusone
    > ### Title: Performs NA replacement by last observation carried forward but
    > ### adds 1 to the last observation carried forward.
    > ### Aliases: naLOCFPlusone
    >
    > ### ** Examples
    >
    > require(zoo)
    Loading required package: zoo
    Warning in library(package, lib.loc = lib.loc, character.only = TRUE, logical.return = TRUE, :
     there is no package called ‘zoo’
    > x <- c(2,NA,NA,4,5,2,NA)
    > naLOCFPlusone(x)
    Loading required package: zoo
    Warning in library(package, lib.loc = lib.loc, character.only = TRUE, logical.return = TRUE, :
     there is no package called ‘zoo’
    Error in naLOCFPlusone(x) : could not find function "na.locf"
    Execution halted
Flavor: r-devel-osx-x86_64-gcc

Version: 1.2
Check: package dependencies
Result: NOTE
    Package suggested but not available for checking: ‘RODBC’
Flavor: r-release-osx-x86_64-mavericks

Version: 1.2
Check: R code for possible problems
Result: NOTE
    read.odbc.ffdf : cleanupConnection: no visible global function
     definition for ‘odbcClose’
Flavor: r-release-osx-x86_64-mavericks

Version: 1.2
Check: Rd cross-references
Result: NOTE
    Package unavailable to check Rd xrefs: ‘RODBC’
Flavor: r-release-osx-x86_64-mavericks

Version: 1.2
Check: PDF version of manual
Result: WARNING
    LaTeX errors when creating PDF version.
    This typically indicates Rd problems.
    LaTeX errors found:
    ! LaTeX Error: File `upquote.sty' not found.
    
    Type X to quit or <RETURN> to proceed,
    or enter new name. (Default extension: sty)
    
    41a2e955/Rd2.tex:8: ==> Fatal error occurred, no output PDF file produced!
Flavor: r-release-osx-x86_64-mavericks