CRAN Package Check Results for Package ETLUtils

Last updated on 2014-08-02 01:50:00.

Flavor Version Tinstall Tcheck Ttotal Status Flags
r-devel-linux-x86_64-debian-clang 1.2 0.74 13.70 14.44 NOTE
r-devel-linux-x86_64-debian-gcc 1.2 0.73 13.86 14.59 NOTE
r-devel-linux-x86_64-fedora-clang 1.2 30.19 NOTE
r-devel-linux-x86_64-fedora-gcc 1.2 26.69 NOTE
r-devel-osx-x86_64-clang 1.2 29.87 NOTE
r-devel-windows-ix86+x86_64 1.2 3.00 21.00 24.00 NOTE
r-patched-linux-x86_64 1.2 0.72 14.16 14.87 NOTE
r-patched-solaris-sparc 1.2 174.40 NOTE
r-patched-solaris-x86 1.2 40.10 NOTE
r-release-linux-ix86 1.2 1.08 20.27 21.34 NOTE
r-release-linux-x86_64 1.2 0.76 13.72 14.48 NOTE
r-release-osx-x86_64-mavericks 1.2 NOTE
r-release-windows-ix86+x86_64 1.2 3.00 32.00 35.00 NOTE
r-oldrel-windows-ix86+x86_64 1.2 6.00 34.00 40.00 NOTE

Check Details

Version: 1.2
Check: dependencies in R code
Result: NOTE
    Package in Depends field not imported from: ff
     These packages need to be imported from (in the NAMESPACE file)
     for when this namespace is loaded but not attached.
    See the information on DESCRIPTION files in the chapter Creating R
    packages of the Writing R Extensions manual.
Flavors: r-devel-linux-x86_64-debian-clang, r-devel-linux-x86_64-debian-gcc, r-devel-linux-x86_64-fedora-clang, r-devel-linux-x86_64-fedora-gcc, r-devel-osx-x86_64-clang, r-devel-windows-ix86+x86_64, r-patched-linux-x86_64, r-patched-solaris-sparc, r-patched-solaris-x86, r-release-linux-ix86, r-release-linux-x86_64, r-release-osx-x86_64-mavericks, r-release-windows-ix86+x86_64, r-oldrel-windows-ix86+x86_64

Version: 1.2
Check: Rd line widths
Result: NOTE
    Rd file 'matchmerge.Rd':
     \examples lines wider than 100 characters:
     info <- matchmerge(x=sales, y=products, by.x=sales$item, by.y=products$key, all.x=TRUE, by.iskey=TRUE,
    
    Rd file 'read.dbi.ffdf.Rd':
     \examples lines wider than 100 characters:
     ## show it is the same as getting the data directly using RSQLite apart from characters which are factors in ffdf objects
     ## show how to use the transFUN argument to transform the data before saving into the ffdf, and shows the use of the levels argument
     first.rows = 100, next.rows = 1000, x = x, VERBOSE=TRUE, transFUN = transformexample, subtractdays=1000)
    
    Rd file 'read.jdbc.ffdf.Rd':
     \examples lines wider than 100 characters:
     x <- read.jdbc.ffdf(query = query, dbConnect.args = list(drv = drv, url = sprintf("jdbc:sqlite:%s", dbfile)),
    
    Rd file 'read.odbc.ffdf.Rd':
     \examples lines wider than 100 characters:
     ## set up the sqlite ODBC driver (www.stats.ox.ac.uk/pub/bdr/RODBC-manual.pd) and call it 'smalltestsqlitedb'
    
    These lines will be truncated in the PDF manual.
Flavors: r-devel-linux-x86_64-fedora-clang, r-devel-linux-x86_64-fedora-gcc

Version: 1.2
Check: package dependencies
Result: NOTE
    Package suggested but not available for checking: RODBC
Flavor: r-release-osx-x86_64-mavericks

Version: 1.2
Check: R code for possible problems
Result: NOTE
    read.odbc.ffdf : cleanupConnection: no visible global function
     definition for odbcClose
Flavor: r-release-osx-x86_64-mavericks

Version: 1.2
Check: Rd cross-references
Result: NOTE
    Package unavailable to check Rd xrefs: RODBC
Flavor: r-release-osx-x86_64-mavericks