CRAN Package Check Results for Package ETLUtils

Last updated on 2015-07-30 13:47:24.

Flavor Version Tinstall Tcheck Ttotal Status Flags
r-devel-linux-x86_64-debian-clang 1.3 0.87 13.08 13.95 OK
r-devel-linux-x86_64-debian-gcc 1.3 0.71 12.53 13.24 OK
r-devel-linux-x86_64-fedora-clang 1.3 25.33 OK
r-devel-linux-x86_64-fedora-gcc 1.3 24.71 OK
r-devel-osx-x86_64-clang 1.3 27.34 OK
r-devel-windows-ix86+x86_64 1.3 4.00 24.00 28.00 OK
r-patched-linux-x86_64 1.3 0.74 13.30 14.04 OK
r-patched-solaris-sparc 1.3 170.40 OK
r-patched-solaris-x86 1.3 39.20 OK
r-release-linux-x86_64 1.3 0.74 13.00 13.73 OK
r-release-osx-x86_64-mavericks 1.3 NOTE
r-release-windows-ix86+x86_64 1.3 5.00 25.00 30.00 OK
r-oldrel-windows-ix86+x86_64 1.3 5.00 28.00 33.00 OK

Check Details

Version: 1.3
Check: package dependencies
Result: NOTE
    Package suggested but not available for checking: ‘RODBC’
Flavor: r-release-osx-x86_64-mavericks

Version: 1.3
Check: Rd cross-references
Result: NOTE
    Package unavailable to check Rd xrefs: ‘RODBC’
Flavor: r-release-osx-x86_64-mavericks