CRAN Package Check Results for Package ETLUtils

Last updated on 2017-01-18 08:47:43.

Flavor Version Tinstall Tcheck Ttotal Status Flags
r-devel-linux-x86_64-debian-clang 1.3 0.82 15.13 15.95 OK
r-devel-linux-x86_64-debian-gcc 1.3 0.80 14.99 15.79 OK
r-devel-linux-x86_64-fedora-clang 1.3 27.56 OK --no-stop-on-test-error
r-devel-linux-x86_64-fedora-gcc 1.3 27.20 OK --no-stop-on-test-error
r-devel-macos-x86_64-clang 1.3 23.74 OK --no-stop-on-test-error
r-devel-windows-ix86+x86_64 1.3 5.00 35.00 40.00 OK
r-patched-linux-x86_64 1.3 0.69 13.43 14.12 OK
r-patched-solaris-sparc 1.3 154.20 OK
r-patched-solaris-x86 1.3 33.00 OK
r-release-linux-x86_64 1.3 0.79 13.53 14.33 OK
r-release-osx-x86_64-mavericks 1.3 NOTE
r-release-windows-ix86+x86_64 1.3 2.00 34.00 36.00 OK
r-oldrel-windows-ix86+x86_64 1.3 3.00 32.00 35.00 OK

Check Details

Version: 1.3
Check: package dependencies
Result: NOTE
    Package suggested but not available for checking: ‘RODBC’
Flavor: r-release-osx-x86_64-mavericks

Version: 1.3
Check: Rd cross-references
Result: NOTE
    Package unavailable to check Rd xrefs: ‘RODBC’
Flavor: r-release-osx-x86_64-mavericks