CRAN Package Check Results for Package ETLUtils

Last updated on 2015-08-29 20:47:58.

Flavor Version Tinstall Tcheck Ttotal Status Flags
r-devel-linux-x86_64-debian-clang 1.3 0.82 12.56 13.37 OK
r-devel-linux-x86_64-debian-gcc 1.3 0.64 12.30 12.94 OK
r-devel-linux-x86_64-fedora-clang 1.3 25.31 OK
r-devel-linux-x86_64-fedora-gcc 1.3 23.11 OK
r-devel-osx-x86_64-clang 1.3 24.96 OK
r-devel-windows-ix86+x86_64 1.3 5.00 27.00 32.00 OK
r-patched-linux-x86_64 1.3 0.72 13.30 14.02 OK
r-patched-solaris-sparc 1.3 170.40 OK
r-patched-solaris-x86 1.3 39.10 OK
r-release-linux-x86_64 1.3 0.70 13.38 14.08 OK
r-release-osx-x86_64-mavericks 1.3 NOTE
r-release-windows-ix86+x86_64 1.3 4.00 25.00 29.00 OK
r-oldrel-windows-ix86+x86_64 1.3 5.00 31.00 36.00 OK

Check Details

Version: 1.3
Check: package dependencies
Result: NOTE
    Package suggested but not available for checking: ‘RODBC’
Flavor: r-release-osx-x86_64-mavericks

Version: 1.3
Check: Rd cross-references
Result: NOTE
    Package unavailable to check Rd xrefs: ‘RODBC’
Flavor: r-release-osx-x86_64-mavericks