CRAN Package Check Results for Package ETLUtils

Last updated on 2016-12-03 20:47:02.

Flavor Version Tinstall Tcheck Ttotal Status Flags
r-devel-linux-x86_64-debian-clang 1.3 0.76 15.05 15.80 OK
r-devel-linux-x86_64-debian-gcc 1.3 0.85 15.43 16.28 OK
r-devel-linux-x86_64-fedora-clang 1.3 28.16 OK
r-devel-linux-x86_64-fedora-gcc 1.3 27.39 OK
r-devel-macos-x86_64-clang 1.3 24.29 OK
r-devel-windows-ix86+x86_64 1.3 3.00 34.00 37.00 OK
r-patched-linux-x86_64 1.3 0.72 13.53 14.25 OK
r-patched-solaris-sparc 1.3 150.80 OK
r-patched-solaris-x86 1.3 32.50 OK
r-release-linux-x86_64 1.3 0.69 13.26 13.95 OK
r-release-osx-x86_64-mavericks 1.3 NOTE
r-release-windows-ix86+x86_64 1.3 4.00 41.00 45.00 OK
r-oldrel-windows-ix86+x86_64 1.3 9.00 29.00 38.00 OK

Check Details

Version: 1.3
Check: package dependencies
Result: NOTE
    Package suggested but not available for checking: ‘RODBC’
Flavor: r-release-osx-x86_64-mavericks

Version: 1.3
Check: Rd cross-references
Result: NOTE
    Package unavailable to check Rd xrefs: ‘RODBC’
Flavor: r-release-osx-x86_64-mavericks