CRAN Package Check Results for Package ETLUtils

Last updated on 2016-07-31 10:46:50.

Flavor Version Tinstall Tcheck Ttotal Status Flags
r-devel-linux-x86_64-debian-clang 1.3 0.71 13.14 13.85 OK
r-devel-linux-x86_64-debian-gcc 1.3 0.72 13.48 14.20 OK
r-devel-linux-x86_64-fedora-clang 1.3 22.90 OK
r-devel-linux-x86_64-fedora-gcc 1.3 21.66 OK
r-devel-osx-x86_64-clang 1.3 21.18 OK
r-devel-windows-ix86+x86_64 1.3 3.00 32.00 35.00 OK
r-patched-linux-x86_64 1.3 0.72 12.93 13.65 OK
r-patched-solaris-sparc 1.3 150.80 OK
r-patched-solaris-x86 1.3 32.10 OK
r-release-linux-x86_64 1.3 0.93 16.24 17.17 OK
r-release-osx-x86_64-mavericks 1.3 NOTE
r-release-windows-ix86+x86_64 1.3 5.00 33.00 38.00 OK
r-oldrel-windows-ix86+x86_64 1.3 5.00 31.00 36.00 OK

Check Details

Version: 1.3
Check: package dependencies
Result: NOTE
    Package suggested but not available for checking: ‘RODBC’
Flavor: r-release-osx-x86_64-mavericks

Version: 1.3
Check: Rd cross-references
Result: NOTE
    Package unavailable to check Rd xrefs: ‘RODBC’
Flavor: r-release-osx-x86_64-mavericks