CRAN Package Check Results for Package ETLUtils

Last updated on 2016-02-10 02:49:04.

Flavor Version Tinstall Tcheck Ttotal Status Flags
r-devel-linux-x86_64-debian-gcc 1.3 0.68 11.83 12.50 OK
r-devel-linux-x86_64-fedora-clang 1.3 23.19 OK
r-devel-linux-x86_64-fedora-gcc 1.3 21.73 OK
r-devel-osx-x86_64-clang 1.3 27.24 OK
r-devel-windows-ix86+x86_64 1.3 5.00 25.00 30.00 OK
r-patched-linux-x86_64 1.3 0.76 13.27 14.03 OK
r-patched-solaris-sparc 1.3 151.60 OK
r-patched-solaris-x86 1.3 34.10 OK
r-release-linux-x86_64 1.3 0.88 13.26 14.14 OK
r-release-osx-x86_64-mavericks 1.3 NOTE
r-release-windows-ix86+x86_64 1.3 4.00 27.00 31.00 OK
r-oldrel-windows-ix86+x86_64 1.3 7.00 33.00 40.00 OK

Check Details

Version: 1.3
Check: package dependencies
Result: NOTE
    Package suggested but not available for checking: ‘RODBC’
Flavor: r-release-osx-x86_64-mavericks

Version: 1.3
Check: Rd cross-references
Result: NOTE
    Package unavailable to check Rd xrefs: ‘RODBC’
Flavor: r-release-osx-x86_64-mavericks