CRAN Package Check Results for Package ETLUtils

Last updated on 2016-08-25 09:48:10.

Flavor Version Tinstall Tcheck Ttotal Status Flags
r-devel-linux-x86_64-debian-clang 1.3 0.68 13.02 13.70 OK
r-devel-linux-x86_64-debian-gcc 1.3 0.74 13.93 14.68 OK
r-devel-linux-x86_64-fedora-clang 1.3 23.76 OK
r-devel-linux-x86_64-fedora-gcc 1.3 22.27 OK
r-devel-osx-x86_64-clang 1.3 21.13 OK
r-devel-windows-ix86+x86_64 1.3 4.00 29.00 33.00 OK
r-patched-linux-x86_64 1.3 0.77 13.02 13.79 OK
r-patched-solaris-sparc 1.3 150.80 OK
r-patched-solaris-x86 1.3 32.80 OK
r-release-linux-x86_64 1.3 0.70 13.29 13.99 OK
r-release-osx-x86_64-mavericks 1.3 NOTE
r-release-windows-ix86+x86_64 1.3 4.00 29.00 33.00 OK
r-oldrel-windows-ix86+x86_64 1.3 3.00 28.00 31.00 OK

Check Details

Version: 1.3
Check: package dependencies
Result: NOTE
    Package suggested but not available for checking: ‘RODBC’
Flavor: r-release-osx-x86_64-mavericks

Version: 1.3
Check: Rd cross-references
Result: NOTE
    Package unavailable to check Rd xrefs: ‘RODBC’
Flavor: r-release-osx-x86_64-mavericks