CRAN Package Check Results for Package ETLUtils

Last updated on 2017-02-21 23:50:39.

Flavor Version Tinstall Tcheck Ttotal Status Flags
r-devel-linux-x86_64-debian-clang 1.3 0.76 15.26 16.01 OK
r-devel-linux-x86_64-debian-gcc 1.3 0.73 15.23 15.97 OK
r-devel-linux-x86_64-fedora-clang 1.3 26.65 OK --no-stop-on-test-error
r-devel-linux-x86_64-fedora-gcc 1.3 27.62 OK --no-stop-on-test-error
r-devel-macos-x86_64-clang 1.3 23.94 OK --no-stop-on-test-error
r-devel-windows-ix86+x86_64 1.3 5.00 53.00 58.00 OK
r-patched-linux-x86_64 1.3 0.67 13.50 14.17 OK
r-patched-solaris-sparc 1.3 154.20 OK
r-patched-solaris-x86 1.3 32.30 OK
r-release-linux-x86_64 1.3 0.82 13.55 14.37 OK
r-release-osx-x86_64-mavericks 1.3 NOTE
r-release-windows-ix86+x86_64 1.3 8.00 45.00 53.00 OK
r-oldrel-windows-ix86+x86_64 1.3 11.00 63.00 74.00 OK

Check Details

Version: 1.3
Check: package dependencies
Result: NOTE
    Package suggested but not available for checking: ‘RODBC’
Flavor: r-release-osx-x86_64-mavericks

Version: 1.3
Check: Rd cross-references
Result: NOTE
    Package unavailable to check Rd xrefs: ‘RODBC’
Flavor: r-release-osx-x86_64-mavericks