CRAN Package Check Results for Package ETLUtils

Last updated on 2017-06-25 16:51:58.

Flavor Version Tinstall Tcheck Ttotal Status Flags
r-devel-linux-x86_64-debian-clang 1.3 0.76 15.25 16.01 OK
r-devel-linux-x86_64-debian-gcc 1.3 0.78 15.49 16.27 OK
r-devel-linux-x86_64-fedora-clang 1.3 28.25 OK
r-devel-linux-x86_64-fedora-gcc 1.3 27.18 OK
r-devel-windows-ix86+x86_64 1.3 6.00 47.00 53.00 OK
r-patched-linux-x86_64 1.3 0.84 15.45 16.30 OK
r-patched-solaris-sparc 1.3 162.90 OK
r-patched-solaris-x86 1.3 37.40 OK
r-release-linux-x86_64 1.3 0.77 15.35 16.13 OK
r-release-windows-ix86+x86_64 1.3 4.00 49.00 53.00 OK
r-release-osx-x86_64 1.3 NOTE
r-oldrel-windows-ix86+x86_64 1.3 3.00 41.00 44.00 OK
r-oldrel-osx-x86_64 1.3 NOTE

Check Details

Version: 1.3
Check: package dependencies
Result: NOTE
    Package suggested but not available for checking: ‘RODBC’
Flavors: r-release-osx-x86_64, r-oldrel-osx-x86_64

Version: 1.3
Check: Rd cross-references
Result: NOTE
    Package unavailable to check Rd xrefs: ‘RODBC’
Flavors: r-release-osx-x86_64, r-oldrel-osx-x86_64