CRAN Package Check Results for Package ETLUtils

Last updated on 2017-04-28 15:47:16.

Flavor Version Tinstall Tcheck Ttotal Status Flags
r-devel-linux-x86_64-debian-clang 1.3 0.77 15.49 16.26 OK
r-devel-linux-x86_64-debian-gcc 1.3 0.75 15.19 15.93 OK
r-devel-linux-x86_64-fedora-clang 1.3 27.91 OK --no-stop-on-test-error
r-devel-linux-x86_64-fedora-gcc 1.3 26.30 OK --no-stop-on-test-error
r-devel-windows-ix86+x86_64 1.3 4.00 46.00 50.00 OK
r-patched-linux-x86_64 1.3 0.75 15.21 15.96 OK
r-patched-solaris-sparc 1.3 162.90 OK
r-patched-solaris-x86 1.3 36.70 OK
r-release-linux-x86_64 1.3 0.76 15.31 16.07 OK
r-release-windows-ix86+x86_64 1.3 7.00 50.00 57.00 OK
r-release-osx-x86_64 1.3 NOTE
r-oldrel-windows-ix86+x86_64 1.3 4.00 43.00 47.00 OK
r-oldrel-osx-x86_64 1.3 NOTE

Check Details

Version: 1.3
Check: package dependencies
Result: NOTE
    Package suggested but not available for checking: ‘RODBC’
Flavors: r-release-osx-x86_64, r-oldrel-osx-x86_64

Version: 1.3
Check: Rd cross-references
Result: NOTE
    Package unavailable to check Rd xrefs: ‘RODBC’
Flavors: r-release-osx-x86_64, r-oldrel-osx-x86_64