CRAN Package Check Results for Package ETLUtils

Last updated on 2017-10-21 18:47:09.

Flavor Version Tinstall Tcheck Ttotal Status Flags
r-devel-linux-x86_64-debian-clang 1.3 0.76 15.46 16.22 OK
r-devel-linux-x86_64-debian-gcc 1.3 0.94 16.60 17.54 OK
r-devel-linux-x86_64-fedora-clang 1.3 28.39 OK
r-devel-linux-x86_64-fedora-gcc 1.3 28.00 OK
r-devel-windows-ix86+x86_64 1.3 3.00 32.00 35.00 OK
r-patched-linux-x86_64 1.3 0.78 15.56 16.35 OK
r-patched-solaris-x86 1.3 37.70 OK
r-release-linux-x86_64 1.3 0.76 15.59 16.36 OK
r-release-windows-ix86+x86_64 1.3 4.00 34.00 38.00 OK
r-release-osx-x86_64 1.3 NOTE
r-oldrel-windows-ix86+x86_64 1.3 3.00 40.00 43.00 OK
r-oldrel-osx-x86_64 1.3 NOTE

Check Details

Version: 1.3
Check: package dependencies
Result: NOTE
    Package suggested but not available for checking: ‘RODBC’
Flavors: r-release-osx-x86_64, r-oldrel-osx-x86_64

Version: 1.3
Check: Rd cross-references
Result: NOTE
    Package unavailable to check Rd xrefs: ‘RODBC’
Flavors: r-release-osx-x86_64, r-oldrel-osx-x86_64