CRAN Package Check Results for Package ETLUtils

Last updated on 2017-03-27 06:48:06.

Flavor Version Tinstall Tcheck Ttotal Status Flags
r-devel-linux-x86_64-debian-clang 1.3 0.84 15.49 16.33 OK
r-devel-linux-x86_64-debian-gcc 1.3 0.88 15.13 16.01 OK
r-devel-linux-x86_64-fedora-clang 1.3 27.44 OK --no-stop-on-test-error
r-devel-linux-x86_64-fedora-gcc 1.3 26.64 OK --no-stop-on-test-error
r-devel-macos-x86_64-clang 1.3 23.33 OK --no-stop-on-test-error
r-patched-linux-x86_64 1.3 0.77 15.37 16.14 OK
r-patched-solaris-sparc 1.3 162.90 OK
r-patched-solaris-x86 1.3 36.90 OK
r-release-linux-x86_64 1.3 0.70 13.26 13.96 OK
r-release-osx-x86_64-mavericks 1.3 NOTE
r-release-windows-ix86+x86_64 1.3 3.00 40.00 43.00 OK
r-oldrel-windows-ix86+x86_64 1.3 4.00 30.00 34.00 OK

Check Details

Version: 1.3
Check: package dependencies
Result: NOTE
    Package suggested but not available for checking: ‘RODBC’
Flavor: r-release-osx-x86_64-mavericks

Version: 1.3
Check: Rd cross-references
Result: NOTE
    Package unavailable to check Rd xrefs: ‘RODBC’
Flavor: r-release-osx-x86_64-mavericks