CRAN Package Check Results for Package ETLUtils

Last updated on 2017-08-16 16:46:32.

Flavor Version Tinstall Tcheck Ttotal Status Flags
r-devel-linux-x86_64-debian-clang 1.3 0.80 15.63 16.44 OK
r-devel-linux-x86_64-debian-gcc 1.3 0.77 15.49 16.26 OK
r-devel-linux-x86_64-fedora-clang 1.3 29.10 OK
r-devel-linux-x86_64-fedora-gcc 1.3 30.56 OK
r-devel-windows-ix86+x86_64 1.3 3.00 34.00 37.00 OK
r-patched-linux-x86_64 1.3 0.72 15.39 16.11 OK
r-patched-solaris-x86 1.3 37.90 OK
r-release-linux-x86_64 1.3 0.76 15.63 16.39 OK
r-release-windows-ix86+x86_64 1.3 3.00 45.00 48.00 OK
r-release-osx-x86_64 1.3 NOTE
r-oldrel-windows-ix86+x86_64 1.3 4.00 30.00 34.00 OK
r-oldrel-osx-x86_64 1.3 NOTE

Check Details

Version: 1.3
Check: package dependencies
Result: NOTE
    Package suggested but not available for checking: ‘RODBC’
Flavors: r-release-osx-x86_64, r-oldrel-osx-x86_64

Version: 1.3
Check: Rd cross-references
Result: NOTE
    Package unavailable to check Rd xrefs: ‘RODBC’
Flavors: r-release-osx-x86_64, r-oldrel-osx-x86_64