CRAN Package Check Results for Package ETLUtils

Last updated on 2016-05-02 21:49:44.

Flavor Version Tinstall Tcheck Ttotal Status Flags
r-devel-linux-x86_64-debian-gcc 1.3 0.73 13.20 13.93 OK
r-devel-linux-x86_64-fedora-clang 1.3 23.13 OK
r-devel-linux-x86_64-fedora-gcc 1.3 21.75 OK
r-devel-osx-x86_64-clang 1.3 27.72 OK
r-devel-windows-ix86+x86_64 1.3 3.00 31.00 34.00 OK
r-patched-linux-x86_64 1.3 0.71 12.89 13.59 OK
r-patched-solaris-sparc 1.3 147.80 OK
r-patched-solaris-x86 1.3 33.70 OK
r-release-linux-x86_64 1.3 0.76 14.10 14.85 OK
r-release-osx-x86_64-mavericks 1.3 NOTE
r-release-windows-ix86+x86_64 1.3 3.00 46.00 49.00 OK
r-oldrel-windows-ix86+x86_64 1.3 7.00 44.00 51.00 OK

Check Details

Version: 1.3
Check: package dependencies
Result: NOTE
    Package suggested but not available for checking: ‘RODBC’
Flavor: r-release-osx-x86_64-mavericks

Version: 1.3
Check: Rd cross-references
Result: NOTE
    Package unavailable to check Rd xrefs: ‘RODBC’
Flavor: r-release-osx-x86_64-mavericks