CRAN Package Check Results for Package ETLUtils

Last updated on 2016-06-30 23:47:44.

Flavor Version Tinstall Tcheck Ttotal Status Flags
r-devel-linux-x86_64-debian-gcc 1.3 1.06 15.65 16.71 OK
r-devel-linux-x86_64-fedora-clang 1.3 23.19 OK
r-devel-linux-x86_64-fedora-gcc 1.3 21.50 OK
r-devel-osx-x86_64-clang 1.3 21.10 OK
r-devel-windows-ix86+x86_64 1.3 2.00 29.00 31.00 OK
r-patched-linux-x86_64 1.3 0.81 15.09 15.90 OK
r-patched-solaris-sparc 1.3 150.80 OK
r-patched-solaris-x86 1.3 33.50 OK
r-release-linux-x86_64 1.3 0.85 14.13 14.99 OK
r-release-osx-x86_64-mavericks 1.3 NOTE
r-release-windows-ix86+x86_64 1.3 5.00 33.00 38.00 OK
r-oldrel-windows-ix86+x86_64 1.3 5.00 31.00 36.00 OK

Check Details

Version: 1.3
Check: package dependencies
Result: NOTE
    Package suggested but not available for checking: ‘RODBC’
Flavor: r-release-osx-x86_64-mavericks

Version: 1.3
Check: Rd cross-references
Result: NOTE
    Package unavailable to check Rd xrefs: ‘RODBC’
Flavor: r-release-osx-x86_64-mavericks