CRAN Package Check Results for Package EXPARMA

Last updated on 2024-06-12 19:54:18 CEST.

Flavor Version Tinstall Tcheck Ttotal Status Flags
r-devel-linux-x86_64-debian-clang 0.1.0 2.51 26.81 29.32 OK
r-devel-linux-x86_64-debian-gcc 0.1.0 0.31 1.55 1.86 ERROR
r-devel-linux-x86_64-fedora-clang 0.1.0 36.83 OK
r-devel-linux-x86_64-fedora-gcc 0.1.0 34.57 OK
r-devel-windows-x86_64 0.1.0 3.00 47.00 50.00 OK
r-patched-linux-x86_64 0.1.0 2.58 26.48 29.06 OK
r-release-linux-x86_64 0.1.0 2.29 25.56 27.85 OK
r-release-macos-arm64 0.1.0 14.00 OK
r-release-macos-x86_64 0.1.0 23.00 OK
r-release-windows-x86_64 0.1.0 4.00 49.00 53.00 OK
r-oldrel-macos-arm64 0.1.0 19.00 OK
r-oldrel-macos-x86_64 0.1.0 28.00 OK
r-oldrel-windows-x86_64 0.1.0 4.00 50.00 54.00 OK

Check Details

Version: 0.1.0
Check: package dependencies
Result: ERROR Package required but not available: ‘forecast’ See section ‘The DESCRIPTION file’ in the ‘Writing R Extensions’ manual. Flavor: r-devel-linux-x86_64-debian-gcc