CRAN Package Check Results for Package EasyABC

Last updated on 2017-08-23 09:47:09.

Flavor Version Tinstall Tcheck Ttotal Status Flags
r-devel-linux-x86_64-debian-clang 1.5 3.87 50.42 54.29 NOTE
r-devel-linux-x86_64-debian-gcc 1.5 3.69 49.68 53.36 NOTE
r-devel-linux-x86_64-fedora-clang 1.5 117.99 NOTE
r-devel-linux-x86_64-fedora-gcc 1.5 121.02 NOTE
r-devel-windows-ix86+x86_64 1.5 14.00 147.00 161.00 OK
r-patched-linux-x86_64 1.5 3.82 50.82 54.64 NOTE
r-patched-solaris-x86 1.5 147.50 OK
r-release-linux-x86_64 1.5 3.99 51.43 55.42 NOTE
r-release-windows-ix86+x86_64 1.5 13.00 194.00 207.00 OK
r-release-osx-x86_64 1.5 OK
r-oldrel-windows-ix86+x86_64 1.5 18.00 97.00 115.00 OK
r-oldrel-osx-x86_64 1.5 OK

Check Details

Version: 1.5
Check: compiled code
Result: NOTE
    File ‘EasyABC/libs/EasyABC.so’:
     Found no calls to: ‘R_registerRoutines’, ‘R_useDynamicSymbols’
    
    It is good practice to register native routines and to disable symbol
    search.
    
    See ‘Writing portable packages’ in the ‘Writing R Extensions’ manual.
Flavors: r-devel-linux-x86_64-debian-clang, r-devel-linux-x86_64-debian-gcc, r-devel-linux-x86_64-fedora-clang, r-devel-linux-x86_64-fedora-gcc, r-patched-linux-x86_64, r-release-linux-x86_64