CRAN Package Check Results for Package EasyABC

Last updated on 2017-04-23 23:50:57.

Flavor Version Tinstall Tcheck Ttotal Status Flags
r-devel-linux-x86_64-debian-clang 1.5 3.77 52.16 55.93 NOTE
r-devel-linux-x86_64-debian-gcc 1.5 3.85 51.18 55.03 NOTE
r-devel-linux-x86_64-fedora-clang 1.5 118.93 NOTE --no-stop-on-test-error
r-devel-linux-x86_64-fedora-gcc 1.5 113.21 NOTE --no-stop-on-test-error
r-devel-windows-ix86+x86_64 1.5 21.00 162.00 183.00 OK
r-patched-linux-x86_64 1.5 3.72 50.23 53.95 NOTE
r-patched-solaris-sparc 1.5 744.90 OK
r-patched-solaris-x86 1.5 142.60 OK
r-release-linux-x86_64 1.5 3.76 49.79 53.55 NOTE
r-release-windows-ix86+x86_64 1.5 16.00 119.00 135.00 OK
r-release-osx-x86_64 1.5 OK
r-oldrel-windows-ix86+x86_64 1.5 13.00 105.00 118.00 OK
r-oldrel-osx-x86_64 1.5 OK

Check Details

Version: 1.5
Check: compiled code
Result: NOTE
    File ‘EasyABC/libs/EasyABC.so’:
     Found no calls to: ‘R_registerRoutines’, ‘R_useDynamicSymbols’
    
    It is good practice to register native routines and to disable symbol
    search.
    
    See ‘Writing portable packages’ in the ‘Writing R Extensions’ manual.
Flavors: r-devel-linux-x86_64-debian-clang, r-devel-linux-x86_64-debian-gcc, r-patched-linux-x86_64, r-release-linux-x86_64

Version: 1.5
Flags: --no-stop-on-test-error
Check: compiled code
Result: NOTE
    File ‘EasyABC/libs/EasyABC.so’:
     Found no calls to: ‘R_registerRoutines’, ‘R_useDynamicSymbols’
    
    It is good practice to register native routines and to disable symbol
    search.
    
    See ‘Writing portable packages’ in the ‘Writing R Extensions’ manual.
Flavors: r-devel-linux-x86_64-fedora-clang, r-devel-linux-x86_64-fedora-gcc