CRAN Package Check Results for Package EasyABC

Last updated on 2017-05-23 04:48:28.

Flavor Version Tinstall Tcheck Ttotal Status Flags
r-devel-linux-x86_64-debian-clang 1.5 3.78 50.87 54.65 NOTE
r-devel-linux-x86_64-debian-gcc 1.5 3.96 50.58 54.54 NOTE
r-devel-linux-x86_64-fedora-clang 1.5 123.78 NOTE --no-stop-on-test-error
r-devel-linux-x86_64-fedora-gcc 1.5 114.63 NOTE --no-stop-on-test-error
r-devel-windows-ix86+x86_64 1.5 20.00 115.00 135.00 OK
r-patched-linux-x86_64 1.5 3.85 50.46 54.32 NOTE
r-patched-solaris-sparc 1.5 744.90 OK
r-patched-solaris-x86 1.5 142.90 OK
r-release-linux-x86_64 1.5 3.77 50.13 53.90 NOTE
r-release-windows-ix86+x86_64 1.5 14.00 141.00 155.00 OK
r-release-osx-x86_64 1.5 OK
r-oldrel-windows-ix86+x86_64 1.5 19.00 160.00 179.00 OK
r-oldrel-osx-x86_64 1.5 OK

Check Details

Version: 1.5
Check: compiled code
Result: NOTE
    File ‘EasyABC/libs/EasyABC.so’:
     Found no calls to: ‘R_registerRoutines’, ‘R_useDynamicSymbols’
    
    It is good practice to register native routines and to disable symbol
    search.
    
    See ‘Writing portable packages’ in the ‘Writing R Extensions’ manual.
Flavors: r-devel-linux-x86_64-debian-clang, r-devel-linux-x86_64-debian-gcc, r-patched-linux-x86_64, r-release-linux-x86_64

Version: 1.5
Flags: --no-stop-on-test-error
Check: compiled code
Result: NOTE
    File ‘EasyABC/libs/EasyABC.so’:
     Found no calls to: ‘R_registerRoutines’, ‘R_useDynamicSymbols’
    
    It is good practice to register native routines and to disable symbol
    search.
    
    See ‘Writing portable packages’ in the ‘Writing R Extensions’ manual.
Flavors: r-devel-linux-x86_64-fedora-clang, r-devel-linux-x86_64-fedora-gcc