CRAN Package Check Results for Package EasyABC

Last updated on 2017-02-22 13:50:39.

Flavor Version Tinstall Tcheck Ttotal Status Flags
r-devel-linux-x86_64-debian-clang 1.5 3.99 50.58 54.58 NOTE
r-devel-linux-x86_64-debian-gcc 1.5 3.78 50.16 53.94 NOTE
r-devel-linux-x86_64-fedora-clang 1.5 117.44 NOTE --no-stop-on-test-error
r-devel-linux-x86_64-fedora-gcc 1.5 119.95 NOTE --no-stop-on-test-error
r-devel-macos-x86_64-clang 1.5 87.62 NOTE --no-stop-on-test-error
r-devel-windows-ix86+x86_64 1.5 21.00 144.00 165.00 OK
r-patched-linux-x86_64 1.5 3.73 48.07 51.79 OK
r-patched-solaris-sparc 1.5 604.20 OK
r-patched-solaris-x86 1.5 134.20 OK
r-release-linux-x86_64 1.5 3.71 51.87 55.58 OK
r-release-osx-x86_64-mavericks 1.5 OK
r-release-windows-ix86+x86_64 1.5 35.00 110.00 145.00 OK
r-oldrel-windows-ix86+x86_64 1.5 20.00 109.00 129.00 OK

Check Details

Version: 1.5
Check: compiled code
Result: NOTE
    File ‘EasyABC/libs/EasyABC.so’:
     Found no calls to: ‘R_registerRoutines’, ‘R_useDynamicSymbols’
    
    It is good practice to register native routines and to disable symbol
    search.
    
    See ‘Writing portable packages’ in the ‘Writing R Extensions’ manual.
Flavors: r-devel-linux-x86_64-debian-clang, r-devel-linux-x86_64-debian-gcc

Version: 1.5
Flags: --no-stop-on-test-error
Check: compiled code
Result: NOTE
    File ‘EasyABC/libs/EasyABC.so’:
     Found no calls to: ‘R_registerRoutines’, ‘R_useDynamicSymbols’
    
    It is good practice to register native routines and to disable symbol
    search.
    
    See ‘Writing portable packages’ in the ‘Writing R Extensions’ manual.
Flavors: r-devel-linux-x86_64-fedora-clang, r-devel-linux-x86_64-fedora-gcc, r-devel-macos-x86_64-clang