CRAN Package Check Results for Package EasyABC

Last updated on 2019-02-16 22:46:24 CET.

Flavor Version Tinstall Tcheck Ttotal Status Flags
r-devel-linux-x86_64-debian-clang 1.5 13.47 88.64 102.11 OK
r-devel-linux-x86_64-debian-gcc 1.5 11.31 69.31 80.62 OK
r-devel-linux-x86_64-fedora-clang 1.5 126.76 NOTE
r-devel-linux-x86_64-fedora-gcc 1.5 119.63 NOTE
r-devel-windows-ix86+x86_64 1.5 27.00 128.00 155.00 OK
r-patched-linux-x86_64 1.5 12.67 84.29 96.96 OK
r-patched-solaris-x86 1.5 165.20 OK
r-release-linux-x86_64 1.5 OK
r-release-windows-ix86+x86_64 1.5 22.00 163.00 185.00 OK
r-release-osx-x86_64 1.5 OK
r-oldrel-windows-ix86+x86_64 1.5 23.00 162.00 185.00 OK
r-oldrel-osx-x86_64 1.5 OK

Check Details

Version: 1.5
Check: compiled code
Result: NOTE
    File ‘EasyABC/libs/EasyABC.so’:
     Found no calls to: ‘R_registerRoutines’, ‘R_useDynamicSymbols’
    
    It is good practice to register native routines and to disable symbol
    search.
    
    See ‘Writing portable packages’ in the ‘Writing R Extensions’ manual.
Flavors: r-devel-linux-x86_64-fedora-clang, r-devel-linux-x86_64-fedora-gcc