CRAN Package Check Results for Package EasyABC

Last updated on 2015-04-21 06:47:23.

Flavor Version Tinstall Tcheck Ttotal Status Flags
r-devel-linux-x86_64-debian-clang 1.4 1.72 30.23 31.94 OK
r-devel-linux-x86_64-debian-gcc 1.4 1.74 31.11 32.86 OK
r-devel-linux-x86_64-fedora-clang 1.4 60.93 OK
r-devel-linux-x86_64-fedora-gcc 1.4 66.19 OK
r-devel-osx-x86_64-clang 1.4 56.75 OK
r-devel-windows-ix86+x86_64 1.4 17.00 58.00 75.00 OK
r-patched-linux-x86_64 1.4 1.82 30.16 31.97 OK
r-patched-solaris-sparc 1.4 363.10 OK
r-patched-solaris-x86 1.4 73.10 OK
r-release-linux-x86_64 1.4 1.75 29.81 31.56 OK
r-release-osx-x86_64-mavericks 1.4 OK
r-release-osx-x86_64-snowleopard 1.4 ERROR
r-release-windows-ix86+x86_64 1.4 7.00 49.00 56.00 OK
r-oldrel-windows-ix86+x86_64 1.4 11.00 65.00 76.00 OK

Check Details

Version: 1.4
Check: package dependencies
Result: ERROR
    Package required but not available: ‘abc’
    
    See section ‘The DESCRIPTION file’ in the ‘Writing R Extensions’
    manual.
Flavor: r-release-osx-x86_64-snowleopard