CRAN Package Check Results for Package EasyABC

Last updated on 2018-08-21 15:48:45 CEST.

Flavor Version Tinstall Tcheck Ttotal Status Flags
r-devel-linux-x86_64-debian-clang 1.5 13.50 89.42 102.92 NOTE
r-devel-linux-x86_64-debian-gcc 1.5 11.30 72.41 83.71 NOTE
r-devel-linux-x86_64-fedora-clang 1.5 123.73 NOTE
r-devel-linux-x86_64-fedora-gcc 1.5 118.86 NOTE
r-devel-windows-ix86+x86_64 1.5 29.00 168.00 197.00 OK
r-patched-linux-x86_64 1.5 11.76 79.44 91.20 NOTE
r-patched-solaris-x86 1.5 158.70 OK
r-release-linux-x86_64 1.5 11.55 79.81 91.36 NOTE
r-release-windows-ix86+x86_64 1.5 26.00 113.00 139.00 OK
r-release-osx-x86_64 1.5 OK
r-oldrel-windows-ix86+x86_64 1.5 13.00 149.00 162.00 OK
r-oldrel-osx-x86_64 1.5 OK

Check Details

Version: 1.5
Check: compiled code
Result: NOTE
    File ‘EasyABC/libs/EasyABC.so’:
     Found no calls to: ‘R_registerRoutines’, ‘R_useDynamicSymbols’
    
    It is good practice to register native routines and to disable symbol
    search.
    
    See ‘Writing portable packages’ in the ‘Writing R Extensions’ manual.
Flavors: r-devel-linux-x86_64-debian-clang, r-devel-linux-x86_64-debian-gcc, r-devel-linux-x86_64-fedora-clang, r-devel-linux-x86_64-fedora-gcc, r-patched-linux-x86_64, r-release-linux-x86_64