CRAN Package Check Results for Package EasyABC

Last updated on 2014-04-24 15:50:36.

Flavor Version Tinstall Tcheck Ttotal Status Flags
r-devel-linux-x86_64-debian-clang 1.3.1 1.97 31.57 33.54 OK
r-devel-linux-x86_64-debian-gcc 1.3.1 1.96 31.45 33.41 OK
r-devel-linux-x86_64-fedora-clang 1.3.1 67.69 OK
r-devel-linux-x86_64-fedora-gcc 1.3.1 65.47 OK
r-devel-osx-x86_64-clang 1.3.1 60.05 OK
r-devel-osx-x86_64-gcc 1.3.1 ERROR
r-devel-windows-ix86+x86_64 1.3.1 9.00 57.00 66.00 OK
r-patched-linux-x86_64 1.3.1 2.11 31.76 33.86 OK
r-patched-solaris-sparc 1.3.1 337.70 OK
r-patched-solaris-x86 1.3.1 80.20 OK
r-release-linux-ix86 1.3.1 4.00 55.00 59.00 OK
r-release-linux-x86_64 1.3.1 1.96 31.56 33.52 OK
r-release-osx-x86_64-mavericks 1.3.1 WARN
r-release-osx-x86_64-snowleopard 1.3.1 OK
r-release-windows-ix86+x86_64 1.3.1 10.00 59.00 69.00 OK
r-oldrel-windows-ix86+x86_64 1.3.1 10.00 59.00 69.00 OK

Check Details

Version: 1.3.1
Check: package dependencies
Result: ERROR
    Package required but not available: ‘abc’
    
    See the information on DESCRIPTION files in the chapter ‘Creating R
    packages’ of the ‘Writing R Extensions’ manual.
Flavor: r-devel-osx-x86_64-gcc

Version: 1.3.1
Check: PDF version of manual
Result: WARNING
    LaTeX errors when creating PDF version.
    This typically indicates Rd problems.
    LaTeX errors found:
    ! LaTeX Error: File `upquote.sty' not found.
    
    Type X to quit or <RETURN> to proceed,
    or enter new name. (Default extension: sty)
    
    /private/tmp/RtmpqwCBla/Rd2pdf474e50df7061/Rd2.tex:8: ==> Fatal error occurred
    , no output PDF file produced!
Flavor: r-release-osx-x86_64-mavericks