CRAN Package Check Results for Package EasyABC

Last updated on 2019-05-21 04:48:48 CEST.

Flavor Version Tinstall Tcheck Ttotal Status Flags
r-devel-linux-x86_64-debian-clang 1.5 14.30 87.49 101.79 OK
r-devel-linux-x86_64-debian-gcc 1.5 13.25 69.29 82.54 OK
r-devel-linux-x86_64-fedora-clang 1.5 128.07 NOTE
r-devel-linux-x86_64-fedora-gcc 1.5 119.49 NOTE
r-devel-windows-ix86+x86_64 1.5 41.00 215.00 256.00 OK
r-patched-linux-x86_64 1.5 14.76 87.49 102.25 OK
r-patched-solaris-x86 1.5 173.30 OK
r-release-linux-x86_64 1.5 13.84 88.42 102.26 OK
r-release-windows-ix86+x86_64 1.5 38.00 175.00 213.00 OK
r-release-osx-x86_64 1.5 OK
r-oldrel-windows-ix86+x86_64 1.5 18.00 124.00 142.00 OK
r-oldrel-osx-x86_64 1.5 OK

Check Details

Version: 1.5
Check: compiled code
Result: NOTE
    File ‘EasyABC/libs/EasyABC.so’:
     Found no calls to: ‘R_registerRoutines’, ‘R_useDynamicSymbols’
    
    It is good practice to register native routines and to disable symbol
    search.
    
    See ‘Writing portable packages’ in the ‘Writing R Extensions’ manual.
Flavors: r-devel-linux-x86_64-fedora-clang, r-devel-linux-x86_64-fedora-gcc