CRAN Package Check Results for Package EasyABC

Last updated on 2015-07-02 21:46:36.

Flavor Version Tinstall Tcheck Ttotal Status Flags
r-devel-linux-x86_64-debian-clang 1.4 1.72 29.97 31.69 NOTE
r-devel-linux-x86_64-debian-gcc 1.4 1.89 29.12 31.02 NOTE
r-devel-linux-x86_64-fedora-clang 1.4 58.78 NOTE
r-devel-linux-x86_64-fedora-gcc 1.4 54.87 NOTE
r-devel-osx-x86_64-clang 1.4 55.33 OK
r-devel-windows-ix86+x86_64 1.4 9.00 59.00 68.00 NOTE
r-patched-linux-x86_64 1.4 1.81 31.66 33.47 OK
r-patched-solaris-sparc 1.4 358.90 OK
r-patched-solaris-x86 1.4 74.60 OK
r-release-linux-x86_64 1.4 1.85 29.77 31.62 OK
r-release-osx-x86_64-mavericks 1.4 OK
r-release-windows-ix86+x86_64 1.4 9.00 59.00 68.00 OK
r-oldrel-windows-ix86+x86_64 1.4 13.00 75.00 88.00 OK

Check Details

Version: 1.4
Check: R code for possible problems
Result: NOTE
    .ABC_Delmoral: no visible binding for global variable ‘sd’
    .ABC_Delmoral: no visible global function definition for ‘write.table’
    .ABC_Delmoral: no visible global function definition for ‘cov.wt’
    .ABC_Delmoral: no visible global function definition for ‘runif’
    .ABC_Delmoral_cluster: no visible binding for global variable ‘sd’
    .ABC_Delmoral_cluster: no visible global function definition for
     ‘write.table’
    .ABC_Delmoral_cluster: no visible global function definition for
     ‘cov.wt’
    .ABC_Delmoral_cluster: no visible global function definition for
     ‘runif’
    .ABC_Drovandi: no visible binding for global variable ‘sd’
    .ABC_Drovandi: no visible global function definition for ‘write.table’
    .ABC_Drovandi: no visible global function definition for ‘var’
    .ABC_Drovandi_cluster: no visible binding for global variable ‘sd’
    .ABC_Drovandi_cluster: no visible global function definition for
     ‘write.table’
    .ABC_Lenormand: no visible global function definition for ‘write.table’
    .ABC_Lenormand: no visible binding for global variable ‘sd’
    .ABC_Lenormand_cluster: no visible global function definition for
     ‘write.table’
    .ABC_Lenormand_cluster: no visible binding for global variable ‘sd’
    .ABC_MCMC: no visible global function definition for ‘write.table’
    .ABC_MCMC2: no visible global function definition for ‘sd’
    .ABC_MCMC2: no visible global function definition for ‘write.table’
    .ABC_MCMC2_cluster: no visible global function definition for ‘sd’
    .ABC_MCMC2_cluster: no visible global function definition for
     ‘write.table’
    .ABC_MCMC3: no visible global function definition for ‘write.table’
    .ABC_MCMC3: no visible global function definition for ‘sd’
    .ABC_MCMC3: no visible global function definition for ‘lm’
    .ABC_MCMC3: no visible global function definition for ‘as.formula’
    .ABC_MCMC3_cluster: no visible global function definition for
     ‘write.table’
    .ABC_MCMC3_cluster: no visible global function definition for ‘sd’
    .ABC_MCMC3_cluster: no visible global function definition for ‘lm’
    .ABC_MCMC3_cluster: no visible global function definition for
     ‘as.formula’
    .ABC_PMC: no visible binding for global variable ‘sd’
    .ABC_PMC: no visible global function definition for ‘write.table’
    .ABC_PMC_cluster: no visible binding for global variable ‘sd’
    .ABC_PMC_cluster: no visible global function definition for
     ‘write.table’
    .ABC_launcher_not_uniform_cluster: no visible global function
     definition for ‘cov.wt’
    .ABC_launcher_not_uniform_uni: no visible global function definition
     for ‘cov.wt’
    .ABC_launcher_not_uniform_uni_cluster: no visible global function
     definition for ‘cov.wt’
    .ABC_launcher_not_uniformc: no visible global function definition for
     ‘cov.wt’
    .ABC_launcher_not_uniformc_cluster: no visible global function
     definition for ‘cov.wt’
    .ABC_launcher_not_uniformc_uni_cluster: no visible global function
     definition for ‘cov.wt’
    .ABC_rejection: no visible binding for global variable ‘sd’
    .ABC_rejection_cluster: no visible global function definition for
     ‘write.table’
    .ABC_rejection_cluster: no visible binding for global variable ‘sd’
    .ABC_rejection_internal: no visible global function definition for
     ‘write.table’
    .ABC_sequential_emulation: no visible binding for global variable ‘sd’
    .compute_weight: no visible global function definition for ‘cov.wt’
    .compute_weight_uni: no visible global function definition for ‘cov.wt’
    .compute_weightb: no visible global function definition for ‘cov.wt’
    .compute_weightb_uni: no visible global function definition for
     ‘cov.wt’
    .dist_compute_emulator: no visible global function definition for ‘sd’
    .make_proposal_range: no visible global function definition for ‘sd’
    .move_drovandi_diversify_cluster: no visible global function definition
     for ‘var’
    .move_drovandi_end_cluster: no visible global function definition for
     ‘var’
    .move_drovandi_ini_cluster: no visible global function definition for
     ‘var’
    .move_particle_uni: no visible global function definition for ‘rnorm’
    .move_particle_uni_uniform: no visible global function definition for
     ‘runif’
    .move_particleb_uni: no visible global function definition for ‘rnorm’
    .particle_pick: no visible global function definition for ‘runif’
    .particle_pick_delmoral: no visible global function definition for
     ‘runif’
    .predict_locreg_deg2: no visible global function definition for
     ‘as.formula’
    .predict_locreg_deg2: no visible global function definition for ‘lm’
    .predict_locreg_deg2: no visible global function definition for
     ‘cov.wt’
    .progressBar : up: no visible global function definition for
     ‘flush.console’
    .progressBar : kill: no visible global function definition for
     ‘flush.console’
    binary_model : invoke: no visible global function definition for
     ‘write.table’
    binary_model : invoke: no visible global function definition for
     ‘read.table’
    binary_model_cluster : invoke: no visible global function definition
     for ‘write.table’
    binary_model_cluster : invoke: no visible global function definition
     for ‘read.table’
    Undefined global functions or variables:
     as.formula cov.wt flush.console lm read.table rnorm runif sd var
     write.table
Flavors: r-devel-linux-x86_64-debian-clang, r-devel-linux-x86_64-fedora-clang, r-devel-linux-x86_64-fedora-gcc

Version: 1.4
Check: R code for possible problems
Result: NOTE
    .ABC_Delmoral: no visible binding for global variable ‘sd’
    .ABC_Delmoral: no visible global function definition for ‘write.table’
    .ABC_Delmoral: no visible global function definition for ‘cov.wt’
    .ABC_Delmoral: no visible global function definition for ‘runif’
    .ABC_Delmoral_cluster: no visible binding for global variable ‘sd’
    .ABC_Delmoral_cluster: no visible global function definition for
     ‘write.table’
    .ABC_Delmoral_cluster: no visible global function definition for
     ‘cov.wt’
    .ABC_Delmoral_cluster: no visible global function definition for
     ‘runif’
    .ABC_Drovandi: no visible binding for global variable ‘sd’
    .ABC_Drovandi: no visible global function definition for ‘write.table’
    .ABC_Drovandi: no visible global function definition for ‘var’
    .ABC_Drovandi_cluster: no visible binding for global variable ‘sd’
    .ABC_Drovandi_cluster: no visible global function definition for
     ‘write.table’
    .ABC_Lenormand: no visible global function definition for ‘write.table’
    .ABC_Lenormand: no visible binding for global variable ‘sd’
    .ABC_Lenormand_cluster: no visible global function definition for
     ‘write.table’
    .ABC_Lenormand_cluster: no visible binding for global variable ‘sd’
    .ABC_MCMC: no visible global function definition for ‘write.table’
    .ABC_MCMC2: no visible global function definition for ‘sd’
    .ABC_MCMC2: no visible global function definition for ‘write.table’
    .ABC_MCMC2_cluster: no visible global function definition for ‘sd’
    .ABC_MCMC2_cluster: no visible global function definition for
     ‘write.table’
    .ABC_MCMC3: no visible global function definition for ‘write.table’
    .ABC_MCMC3: no visible global function definition for ‘sd’
    .ABC_MCMC3: no visible global function definition for ‘lm’
    .ABC_MCMC3: no visible global function definition for ‘as.formula’
    .ABC_MCMC3_cluster: no visible global function definition for
     ‘write.table’
    .ABC_MCMC3_cluster: no visible global function definition for ‘sd’
    .ABC_MCMC3_cluster: no visible global function definition for ‘lm’
    .ABC_MCMC3_cluster: no visible global function definition for
     ‘as.formula’
    .ABC_PMC: no visible binding for global variable ‘sd’
    .ABC_PMC: no visible global function definition for ‘write.table’
    .ABC_PMC_cluster: no visible binding for global variable ‘sd’
    .ABC_PMC_cluster: no visible global function definition for
     ‘write.table’
    .ABC_launcher_not_uniform_cluster: no visible global function
     definition for ‘cov.wt’
    .ABC_launcher_not_uniform_uni: no visible global function definition
     for ‘cov.wt’
    .ABC_launcher_not_uniform_uni_cluster: no visible global function
     definition for ‘cov.wt’
    .ABC_launcher_not_uniformc: no visible global function definition for
     ‘cov.wt’
    .ABC_launcher_not_uniformc_cluster: no visible global function
     definition for ‘cov.wt’
    .ABC_launcher_not_uniformc_uni_cluster: no visible global function
     definition for ‘cov.wt’
    .ABC_rejection: no visible binding for global variable ‘sd’
    .ABC_rejection_cluster: no visible global function definition for
     ‘write.table’
    .ABC_rejection_cluster: no visible binding for global variable ‘sd’
    .ABC_rejection_internal: no visible global function definition for
     ‘write.table’
    .ABC_sequential_emulation: no visible binding for global variable ‘sd’
    .compute_weight: no visible global function definition for ‘cov.wt’
    .compute_weight_uni: no visible global function definition for ‘cov.wt’
    .compute_weightb: no visible global function definition for ‘cov.wt’
    .compute_weightb_uni: no visible global function definition for
     ‘cov.wt’
    .dist_compute_emulator: no visible global function definition for ‘sd’
    .make_proposal_range: no visible global function definition for ‘sd’
    .move_drovandi_diversify_cluster: no visible global function definition
     for ‘var’
    .move_drovandi_end_cluster: no visible global function definition for
     ‘var’
    .move_drovandi_ini_cluster: no visible global function definition for
     ‘var’
    .move_particle_uni: no visible global function definition for ‘rnorm’
    .move_particle_uni_uniform: no visible global function definition for
     ‘runif’
    .move_particleb_uni: no visible global function definition for ‘rnorm’
    .particle_pick: no visible global function definition for ‘runif’
    .particle_pick_delmoral: no visible global function definition for
     ‘runif’
    .predict_locreg_deg2: no visible global function definition for
     ‘as.formula’
    .predict_locreg_deg2: no visible global function definition for ‘lm’
    .predict_locreg_deg2: no visible global function definition for
     ‘cov.wt’
    .progressBar : up: no visible global function definition for
     ‘flush.console’
    .progressBar : kill: no visible global function definition for
     ‘flush.console’
    binary_model : invoke: no visible global function definition for
     ‘write.table’
    binary_model : invoke: no visible global function definition for
     ‘read.table’
    binary_model_cluster : invoke: no visible global function definition
     for ‘write.table’
    binary_model_cluster : invoke: no visible global function definition
     for ‘read.table’
Flavors: r-devel-linux-x86_64-debian-gcc, r-devel-windows-ix86+x86_64