CRAN Package Check Results for Package EasyABC

Last updated on 2017-03-23 06:47:57.

Flavor Version Tinstall Tcheck Ttotal Status Flags
r-devel-linux-x86_64-debian-clang 1.5 3.96 51.13 55.09 NOTE
r-devel-linux-x86_64-debian-gcc 1.5 4.13 49.68 53.81 NOTE
r-devel-linux-x86_64-fedora-clang 1.5 116.39 NOTE --no-stop-on-test-error
r-devel-linux-x86_64-fedora-gcc 1.5 115.81 NOTE --no-stop-on-test-error
r-devel-macos-x86_64-clang 1.5 86.87 NOTE --no-stop-on-test-error
r-devel-windows-ix86+x86_64 1.5 14.00 109.00 123.00 OK
r-patched-linux-x86_64 1.5 4.08 48.37 52.44 OK
r-patched-solaris-sparc 1.5 744.90 OK
r-patched-solaris-x86 1.5 145.60 OK
r-release-linux-x86_64 1.5 3.65 48.15 51.79 OK
r-release-osx-x86_64-mavericks 1.5 OK
r-release-windows-ix86+x86_64 1.5 18.00 96.00 114.00 OK
r-oldrel-windows-ix86+x86_64 1.5 17.00 143.00 160.00 OK

Check Details

Version: 1.5
Check: compiled code
Result: NOTE
    File ‘EasyABC/libs/EasyABC.so’:
     Found no calls to: ‘R_registerRoutines’, ‘R_useDynamicSymbols’
    
    It is good practice to register native routines and to disable symbol
    search.
    
    See ‘Writing portable packages’ in the ‘Writing R Extensions’ manual.
Flavors: r-devel-linux-x86_64-debian-clang, r-devel-linux-x86_64-debian-gcc

Version: 1.5
Flags: --no-stop-on-test-error
Check: compiled code
Result: NOTE
    File ‘EasyABC/libs/EasyABC.so’:
     Found no calls to: ‘R_registerRoutines’, ‘R_useDynamicSymbols’
    
    It is good practice to register native routines and to disable symbol
    search.
    
    See ‘Writing portable packages’ in the ‘Writing R Extensions’ manual.
Flavors: r-devel-linux-x86_64-fedora-clang, r-devel-linux-x86_64-fedora-gcc, r-devel-macos-x86_64-clang