CRAN Package Check Results for Package EasyABC

Last updated on 2018-01-18 02:51:53 CET.

Flavor Version Tinstall Tcheck Ttotal Status Flags
r-devel-linux-x86_64-debian-clang 1.5 5.35 71.62 76.97 NOTE
r-devel-linux-x86_64-debian-gcc 1.5 4.12 61.14 65.26 NOTE
r-devel-linux-x86_64-fedora-clang 1.5 94.25 NOTE
r-devel-linux-x86_64-fedora-gcc 1.5 104.66 NOTE
r-devel-windows-ix86+x86_64 1.5 19.00 156.00 175.00 OK
r-patched-linux-x86_64 1.5 5.99 83.83 89.82 NOTE
r-patched-solaris-x86 1.5 156.70 OK
r-release-linux-x86_64 1.5 4.48 82.77 87.25 NOTE
r-release-windows-ix86+x86_64 1.5 12.00 154.00 166.00 OK
r-release-osx-x86_64 1.5 OK
r-oldrel-windows-ix86+x86_64 1.5 17.00 108.00 125.00 OK
r-oldrel-osx-x86_64 1.5 OK

Check Details

Version: 1.5
Check: compiled code
Result: NOTE
    File ‘EasyABC/libs/EasyABC.so’:
     Found no calls to: ‘R_registerRoutines’, ‘R_useDynamicSymbols’
    
    It is good practice to register native routines and to disable symbol
    search.
    
    See ‘Writing portable packages’ in the ‘Writing R Extensions’ manual.
Flavors: r-devel-linux-x86_64-debian-clang, r-devel-linux-x86_64-debian-gcc, r-devel-linux-x86_64-fedora-clang, r-devel-linux-x86_64-fedora-gcc, r-patched-linux-x86_64, r-release-linux-x86_64