CRAN Package Check Results for Package EasyABC

Last updated on 2018-06-21 22:49:46 CEST.

Flavor Version Tinstall Tcheck Ttotal Status Flags
r-devel-linux-x86_64-debian-clang 1.5 13.53 81.69 95.22 NOTE
r-devel-linux-x86_64-debian-gcc 1.5 10.32 70.74 81.06 NOTE
r-devel-linux-x86_64-fedora-clang 1.5 123.76 NOTE
r-devel-linux-x86_64-fedora-gcc 1.5 118.35 NOTE
r-devel-windows-ix86+x86_64 1.5 29.00 179.00 208.00 OK
r-patched-linux-x86_64 1.5 11.19 81.06 92.25 NOTE
r-patched-solaris-x86 1.5 152.00 OK
r-release-linux-x86_64 1.5 10.86 79.85 90.71 NOTE
r-release-windows-ix86+x86_64 1.5 20.00 147.00 167.00 OK
r-release-osx-x86_64 1.5 OK
r-oldrel-windows-ix86+x86_64 1.5 15.00 106.00 121.00 OK
r-oldrel-osx-x86_64 1.5 OK

Check Details

Version: 1.5
Check: compiled code
Result: NOTE
    File ‘EasyABC/libs/EasyABC.so’:
     Found no calls to: ‘R_registerRoutines’, ‘R_useDynamicSymbols’
    
    It is good practice to register native routines and to disable symbol
    search.
    
    See ‘Writing portable packages’ in the ‘Writing R Extensions’ manual.
Flavors: r-devel-linux-x86_64-debian-clang, r-devel-linux-x86_64-debian-gcc, r-devel-linux-x86_64-fedora-clang, r-devel-linux-x86_64-fedora-gcc, r-patched-linux-x86_64, r-release-linux-x86_64