CRAN Package Check Results for Package EasyABC

Last updated on 2018-12-17 01:46:26 CET.

Flavor Version Tinstall Tcheck Ttotal Status Flags
r-devel-linux-x86_64-debian-clang 1.5 12.55 1.81 14.36 ERROR
r-devel-linux-x86_64-debian-gcc 1.5 9.89 2.37 12.26 ERROR
r-devel-linux-x86_64-fedora-clang 1.5 113.87 NOTE
r-devel-linux-x86_64-fedora-gcc 1.5 108.78 NOTE
r-devel-windows-ix86+x86_64 1.5 33.00 156.00 189.00 OK
r-patched-linux-x86_64 1.5 13.74 80.22 93.96 OK
r-patched-solaris-x86 1.5 154.70 OK
r-release-linux-x86_64 1.5 13.19 79.78 92.97 OK
r-release-windows-ix86+x86_64 1.5 29.00 169.00 198.00 OK
r-release-osx-x86_64 1.5 OK
r-oldrel-windows-ix86+x86_64 1.5 19.00 138.00 157.00 OK
r-oldrel-osx-x86_64 1.5 OK

Check Details

Version: 1.5
Check: whether the package can be loaded
Result: ERROR
    Loading this package had a fatal error status code 1
    Loading log:
    Loading required package: abc
    Loading required package: abc.data
    Loading required package: nnet
    Error: package or namespace load failed for ‘nnet’ in dyn.load(file, DLLpath = DLLpath, ...):
     unable to load shared object ‘/home/hornik/tmp/R.check/r-devel-clang/Work/build/Packages/nnet/libs/nnet.so’:
     /home/hornik/tmp/R.check/r-devel-clang/Work/build/Packages/nnet/libs/nnet.so: failed to map segment from shared object
    Error: package ‘nnet’ could not be loaded
    Execution halted
Flavor: r-devel-linux-x86_64-debian-clang

Version: 1.5
Check: whether the package can be loaded
Result: ERROR
    Loading this package had a fatal error status code 1
    Loading log:
    Loading required package: abc
    Loading required package: abc.data
    Loading required package: nnet
    Error: package or namespace load failed for ‘nnet’ in dyn.load(file, DLLpath = DLLpath, ...):
     unable to load shared object ‘/home/hornik/tmp/R.check/r-devel-gcc/Work/build/Packages/nnet/libs/nnet.so’:
     /home/hornik/tmp/R.check/r-devel-gcc/Work/build/Packages/nnet/libs/nnet.so: failed to map segment from shared object
    Error: package ‘nnet’ could not be loaded
    Execution halted
Flavor: r-devel-linux-x86_64-debian-gcc

Version: 1.5
Check: compiled code
Result: NOTE
    File ‘EasyABC/libs/EasyABC.so’:
     Found no calls to: ‘R_registerRoutines’, ‘R_useDynamicSymbols’
    
    It is good practice to register native routines and to disable symbol
    search.
    
    See ‘Writing portable packages’ in the ‘Writing R Extensions’ manual.
Flavors: r-devel-linux-x86_64-fedora-clang, r-devel-linux-x86_64-fedora-gcc