CRAN Package Check Results for Package EasyABC

Last updated on 2021-10-16 04:57:26 CEST.

Flavor Version Tinstall Tcheck Ttotal Status Flags
r-devel-linux-x86_64-debian-clang 1.5 18.02 106.81 124.83 OK
r-devel-linux-x86_64-debian-gcc 1.5 15.30 82.18 97.48 OK
r-devel-linux-x86_64-fedora-clang 1.5 160.41 NOTE
r-devel-linux-x86_64-fedora-gcc 1.5 150.37 NOTE
r-devel-windows-x86_64 1.5 24.00 98.00 122.00 OK
r-devel-windows-x86_64-gcc10-UCRT 1.5 OK
r-patched-linux-x86_64 1.5 17.51 104.47 121.98 OK
r-patched-solaris-x86 1.5 205.60 OK
r-release-linux-x86_64 1.5 15.26 103.35 118.61 OK
r-release-macos-arm64 1.5 OK
r-release-macos-x86_64 1.5 OK
r-release-windows-ix86+x86_64 1.5 38.00 168.00 206.00 OK
r-oldrel-macos-x86_64 1.5 OK
r-oldrel-windows-ix86+x86_64 1.5 37.00 166.00 203.00 OK

Check Details

Version: 1.5
Check: compiled code
Result: NOTE
    File ‘EasyABC/libs/EasyABC.so’:
     Found no calls to: ‘R_registerRoutines’, ‘R_useDynamicSymbols’
    
    It is good practice to register native routines and to disable symbol
    search.
    
    See ‘Writing portable packages’ in the ‘Writing R Extensions’ manual.
Flavors: r-devel-linux-x86_64-fedora-clang, r-devel-linux-x86_64-fedora-gcc