CRAN Package Check Results for Package EasyABC

Last updated on 2015-05-30 03:48:36.

Flavor Version Tinstall Tcheck Ttotal Status Flags
r-devel-linux-x86_64-debian-clang 1.4 1.86 30.30 32.16 OK
r-devel-linux-x86_64-debian-gcc 1.4 1.78 29.39 31.17 OK
r-devel-linux-x86_64-fedora-clang 1.4 62.48 OK
r-devel-linux-x86_64-fedora-gcc 1.4 56.01 OK
r-devel-osx-x86_64-clang 1.4 55.35 OK
r-devel-windows-ix86+x86_64 1.4 11.00 55.00 66.00 OK
r-patched-linux-x86_64 1.4 1.73 29.32 31.05 OK
r-patched-solaris-sparc 1.4 358.90 OK
r-patched-solaris-x86 1.4 74.90 OK
r-release-linux-x86_64 1.4 1.74 30.04 31.78 OK
r-release-osx-x86_64-mavericks 1.4 OK
r-release-osx-x86_64-snowleopard 1.4 ERROR
r-release-windows-ix86+x86_64 1.4 10.00 57.00 67.00 OK
r-oldrel-windows-ix86+x86_64 1.4 14.00 71.00 85.00 OK

Check Details

Version: 1.4
Check: package dependencies
Result: ERROR
    Package required but not available: ‘abc’
    
    See section ‘The DESCRIPTION file’ in the ‘Writing R Extensions’
    manual.
Flavor: r-release-osx-x86_64-snowleopard