CRAN Package Check Results for Package EasyABC

Last updated on 2017-10-23 14:48:37.

Flavor Version Tinstall Tcheck Ttotal Status Flags
r-devel-linux-x86_64-debian-clang 1.5 3.79 50.65 54.44 NOTE
r-devel-linux-x86_64-debian-gcc 1.5 4.78 54.83 59.62 NOTE
r-devel-linux-x86_64-fedora-clang 1.5 116.59 NOTE
r-devel-linux-x86_64-fedora-gcc 1.5 115.39 NOTE
r-devel-windows-ix86+x86_64 1.5 18.00 122.00 140.00 OK
r-patched-linux-x86_64 1.5 3.84 53.06 56.91 NOTE
r-patched-solaris-x86 1.5 143.80 OK
r-release-linux-x86_64 1.5 3.94 51.63 55.57 NOTE
r-release-windows-ix86+x86_64 1.5 20.00 145.00 165.00 OK
r-release-osx-x86_64 1.5 OK
r-oldrel-windows-ix86+x86_64 1.5 12.00 104.00 116.00 OK
r-oldrel-osx-x86_64 1.5 OK

Check Details

Version: 1.5
Check: compiled code
Result: NOTE
    File ‘EasyABC/libs/EasyABC.so’:
     Found no calls to: ‘R_registerRoutines’, ‘R_useDynamicSymbols’
    
    It is good practice to register native routines and to disable symbol
    search.
    
    See ‘Writing portable packages’ in the ‘Writing R Extensions’ manual.
Flavors: r-devel-linux-x86_64-debian-clang, r-devel-linux-x86_64-debian-gcc, r-devel-linux-x86_64-fedora-clang, r-devel-linux-x86_64-fedora-gcc, r-patched-linux-x86_64, r-release-linux-x86_64