CRAN Package Check Results for Package EasyHTMLReport

Last updated on 2017-05-30 12:46:15.

Flavor Version Tinstall Tcheck Ttotal Status Flags
r-devel-linux-x86_64-debian-clang 0.1.1 0.67 13.27 13.94 NOTE
r-devel-linux-x86_64-debian-gcc 0.1.1 0.68 12.73 13.41 NOTE
r-devel-linux-x86_64-fedora-clang 0.1.1 22.78 NOTE
r-devel-linux-x86_64-fedora-gcc 0.1.1 21.35 NOTE
r-devel-windows-ix86+x86_64 0.1.1 3.00 32.00 35.00 NOTE
r-patched-linux-x86_64 0.1.1 0.72 12.71 13.43 NOTE
r-patched-solaris-sparc 0.1.1 136.60 NOTE
r-patched-solaris-x86 0.1.1 31.60 NOTE
r-release-linux-x86_64 0.1.1 0.63 12.47 13.09 NOTE
r-release-windows-ix86+x86_64 0.1.1 4.00 38.00 42.00 NOTE
r-release-osx-x86_64 0.1.1 NOTE
r-oldrel-windows-ix86+x86_64 0.1.1 2.00 27.00 29.00 NOTE
r-oldrel-osx-x86_64 0.1.1 NOTE

Check Details

Version: 0.1.1
Check: top-level files
Result: NOTE
    Non-standard files/directories found at top level:
     ‘easy_html_report_tmp_1376284934.59207.tsv’
     ‘easy_html_report_tmp_1376284935.5951.tsv’
     ‘easy_html_report_tmp_1376284936.59848.tsv’
Flavors: r-devel-linux-x86_64-debian-clang, r-devel-linux-x86_64-debian-gcc, r-devel-linux-x86_64-fedora-clang, r-devel-linux-x86_64-fedora-gcc, r-patched-linux-x86_64, r-release-linux-x86_64

Version: 0.1.1
Check: dependencies in R code
Result: NOTE
    Packages in Depends field not imported from:
     ‘base64enc’ ‘knitr’ ‘markdown’
     These packages need to be imported from (in the NAMESPACE file)
     for when this namespace is loaded but not attached.
Flavors: r-devel-linux-x86_64-debian-clang, r-devel-linux-x86_64-debian-gcc, r-devel-windows-ix86+x86_64, r-patched-linux-x86_64, r-release-linux-x86_64, r-release-windows-ix86+x86_64, r-oldrel-windows-ix86+x86_64

Version: 0.1.1
Check: R code for possible problems
Result: NOTE
    .file_attachment: no visible global function definition for
     ‘base64encode’
    .plot_attachment: no visible global function definition for ‘dev.off’
    .update_list: no visible global function definition for ‘modifyList’
    easyHtmlReport: no visible global function definition for ‘knit’
    easyHtmlReport: no visible global function definition for
     ‘markdownToHTML’
    mime_part.data.frame: no visible global function definition for
     ‘write.table’
    mime_part.ggplot: no visible binding for global variable ‘pdf’
    mime_part.matrix: no visible global function definition for
     ‘write.table’
    mime_part.trellis: no visible binding for global variable ‘pdf’
    simpleHtmlReport : <anonymous>: no visible global function definition
     for ‘write.table’
    Undefined global functions or variables:
     base64encode dev.off knit markdownToHTML modifyList pdf write.table
    Consider adding
     importFrom("grDevices", "dev.off", "pdf")
     importFrom("utils", "modifyList", "write.table")
    to your NAMESPACE file.
Flavors: r-devel-linux-x86_64-debian-clang, r-devel-linux-x86_64-debian-gcc, r-devel-linux-x86_64-fedora-clang, r-devel-linux-x86_64-fedora-gcc, r-devel-windows-ix86+x86_64, r-patched-linux-x86_64, r-patched-solaris-sparc, r-patched-solaris-x86, r-release-linux-x86_64, r-release-windows-ix86+x86_64, r-release-osx-x86_64, r-oldrel-windows-ix86+x86_64, r-oldrel-osx-x86_64

Version: 0.1.1
Check: dependencies in R code
Result: NOTE
    Namespaces in Imports field not imported from:
     ‘ggplot2’ ‘reshape2’ ‘scales’ ‘xtable’
     All declared Imports should be used.
    Packages in Depends field not imported from:
     ‘base64enc’ ‘knitr’ ‘markdown’
     These packages need to be imported from (in the NAMESPACE file)
     for when this namespace is loaded but not attached.
Flavors: r-devel-linux-x86_64-fedora-clang, r-devel-linux-x86_64-fedora-gcc, r-patched-solaris-sparc, r-patched-solaris-x86, r-release-osx-x86_64, r-oldrel-osx-x86_64