CRAN Package Check Results for Package EbayesThresh

Last updated on 2015-07-02 23:47:06.

Flavor Version Tinstall Tcheck Ttotal Status Flags
r-devel-linux-x86_64-debian-clang 1.3.2 0.66 10.16 10.82 NOTE
r-devel-linux-x86_64-debian-gcc 1.3.2 0.62 9.82 10.43 NOTE
r-devel-linux-x86_64-fedora-clang 1.3.2 19.28 NOTE
r-devel-linux-x86_64-fedora-gcc 1.3.2 18.07 NOTE
r-devel-osx-x86_64-clang 1.3.2 21.51 OK
r-devel-windows-ix86+x86_64 1.3.2 4.00 18.00 22.00 OK
r-patched-linux-x86_64 1.3.2 0.63 10.20 10.82 OK
r-patched-solaris-sparc 1.3.2 140.30 OK
r-patched-solaris-x86 1.3.2 30.10 OK
r-release-linux-x86_64 1.3.2 0.70 10.06 10.75 OK
r-release-osx-x86_64-mavericks 1.3.2 OK
r-release-windows-ix86+x86_64 1.3.2 3.00 19.00 22.00 OK
r-oldrel-windows-ix86+x86_64 1.3.2 4.00 25.00 29.00 OK

Check Details

Version: 1.3.2
Check: R code for possible problems
Result: NOTE
    beta.cauchy: no visible global function definition for ‘dnorm’
    beta.laplace: no visible global function definition for ‘pnorm’
    beta.laplace: no visible global function definition for ‘dnorm’
    cauchy.medzero: no visible global function definition for ‘dnorm’
    cauchy.medzero: no visible global function definition for ‘pnorm’
    cauchy.threshzero: no visible global function definition for ‘pnorm’
    cauchy.threshzero: no visible global function definition for ‘dnorm’
    ebayesthresh: no visible global function definition for ‘mad’
    ebayesthresh.wavelet.dwt: no visible global function definition for
     ‘mad’
    ebayesthresh.wavelet.splus: no visible global function definition for
     ‘mad’
    ebayesthresh.wavelet.wd: no visible global function definition for
     ‘mad’
    laplace.threshzero: no visible global function definition for ‘pnorm’
    laplace.threshzero: no visible global function definition for ‘dnorm’
    postmean.laplace: no visible global function definition for ‘pnorm’
    postmean.laplace: no visible global function definition for ‘dnorm’
    postmed.laplace: no visible global function definition for ‘dnorm’
    postmed.laplace: no visible global function definition for ‘qnorm’
    wandafromx: no visible global function definition for ‘optim’
    wandafromx: no visible global function definition for ‘nlminb’
    wfromt: no visible global function definition for ‘pnorm’
    wfromt: no visible global function definition for ‘dnorm’
    Undefined global functions or variables:
     dnorm mad nlminb optim pnorm qnorm
Flavors: r-devel-linux-x86_64-debian-clang, r-devel-linux-x86_64-fedora-clang, r-devel-linux-x86_64-fedora-gcc

Version: 1.3.2
Check: R code for possible problems
Result: NOTE
    beta.cauchy: no visible global function definition for ‘dnorm’
    beta.laplace: no visible global function definition for ‘pnorm’
    beta.laplace: no visible global function definition for ‘dnorm’
    cauchy.medzero: no visible global function definition for ‘dnorm’
    cauchy.medzero: no visible global function definition for ‘pnorm’
    cauchy.threshzero: no visible global function definition for ‘pnorm’
    cauchy.threshzero: no visible global function definition for ‘dnorm’
    ebayesthresh: no visible global function definition for ‘mad’
    ebayesthresh.wavelet.dwt: no visible global function definition for
     ‘mad’
    ebayesthresh.wavelet.splus: no visible global function definition for
     ‘mad’
    ebayesthresh.wavelet.wd: no visible global function definition for
     ‘mad’
    laplace.threshzero: no visible global function definition for ‘pnorm’
    laplace.threshzero: no visible global function definition for ‘dnorm’
    postmean.laplace: no visible global function definition for ‘pnorm’
    postmean.laplace: no visible global function definition for ‘dnorm’
    postmed.laplace: no visible global function definition for ‘dnorm’
    postmed.laplace: no visible global function definition for ‘qnorm’
    wandafromx: no visible global function definition for ‘optim’
    wandafromx: no visible global function definition for ‘nlminb’
    wfromt: no visible global function definition for ‘pnorm’
    wfromt: no visible global function definition for ‘dnorm’
Flavor: r-devel-linux-x86_64-debian-gcc