CRAN Package Check Results for Package EbayesThresh

Last updated on 2016-02-06 18:50:23.

Flavor Version Tinstall Tcheck Ttotal Status Flags
r-devel-linux-x86_64-debian-gcc 1.3.2 0.67 9.67 10.34 NOTE
r-devel-linux-x86_64-fedora-clang 1.3.2 18.10 NOTE
r-devel-linux-x86_64-fedora-gcc 1.3.2 16.61 NOTE
r-devel-osx-x86_64-clang 1.3.2 21.80 NOTE
r-devel-windows-ix86+x86_64 1.3.2 5.00 24.00 29.00 NOTE
r-patched-linux-x86_64 1.3.2 0.72 10.07 10.79 OK
r-patched-solaris-sparc 1.3.2 117.50 OK
r-patched-solaris-x86 1.3.2 25.40 OK
r-release-linux-x86_64 1.3.2 0.65 10.31 10.96 OK
r-release-osx-x86_64-mavericks 1.3.2 OK
r-release-windows-ix86+x86_64 1.3.2 3.00 19.00 22.00 OK
r-oldrel-windows-ix86+x86_64 1.3.2 4.00 25.00 29.00 OK

Check Details

Version: 1.3.2
Check: R code for possible problems
Result: NOTE
    beta.cauchy: no visible global function definition for ‘dnorm’
    beta.laplace: no visible global function definition for ‘pnorm’
    beta.laplace: no visible global function definition for ‘dnorm’
    cauchy.medzero: no visible global function definition for ‘dnorm’
    cauchy.medzero: no visible global function definition for ‘pnorm’
    cauchy.threshzero: no visible global function definition for ‘pnorm’
    cauchy.threshzero: no visible global function definition for ‘dnorm’
    ebayesthresh: no visible global function definition for ‘mad’
    ebayesthresh.wavelet.dwt: no visible global function definition for
     ‘mad’
    ebayesthresh.wavelet.splus: no visible global function definition for
     ‘mad’
    ebayesthresh.wavelet.wd: no visible global function definition for
     ‘mad’
    laplace.threshzero: no visible global function definition for ‘pnorm’
    laplace.threshzero: no visible global function definition for ‘dnorm’
    postmean.laplace: no visible global function definition for ‘pnorm’
    postmean.laplace: no visible global function definition for ‘dnorm’
    postmed.laplace: no visible global function definition for ‘dnorm’
    postmed.laplace: no visible global function definition for ‘qnorm’
    wandafromx: no visible global function definition for ‘optim’
    wandafromx: no visible global function definition for ‘nlminb’
    wfromt: no visible global function definition for ‘pnorm’
    wfromt: no visible global function definition for ‘dnorm’
    Undefined global functions or variables:
     dnorm mad nlminb optim pnorm qnorm
    Consider adding
     importFrom("stats", "dnorm", "mad", "nlminb", "optim", "pnorm",
     "qnorm")
    to your NAMESPACE file.
Flavors: r-devel-linux-x86_64-debian-gcc, r-devel-linux-x86_64-fedora-clang, r-devel-osx-x86_64-clang

Version: 1.3.2
Check: R code for possible problems
Result: NOTE
    beta.cauchy: no visible global function definition for ‘dnorm’
    beta.laplace: no visible global function definition for ‘pnorm’
    beta.laplace: no visible global function definition for ‘dnorm’
    cauchy.medzero: no visible global function definition for ‘dnorm’
    cauchy.medzero: no visible global function definition for ‘pnorm’
    cauchy.threshzero: no visible global function definition for ‘pnorm’
    cauchy.threshzero: no visible global function definition for ‘dnorm’
    ebayesthresh: no visible global function definition for ‘mad’
    ebayesthresh.wavelet.dwt: no visible global function definition for
     ‘mad’
    ebayesthresh.wavelet.splus: no visible global function definition for
     ‘mad’
    ebayesthresh.wavelet.wd: no visible global function definition for
     ‘mad’
    laplace.threshzero: no visible global function definition for ‘pnorm’
    laplace.threshzero: no visible global function definition for ‘dnorm’
    postmean.laplace: no visible global function definition for ‘pnorm’
    postmean.laplace: no visible global function definition for ‘dnorm’
    postmed.laplace: no visible global function definition for ‘dnorm’
    postmed.laplace: no visible global function definition for ‘qnorm’
    wandafromx: no visible global function definition for ‘optim’
    wandafromx: no visible global function definition for ‘nlminb’
    wfromt: no visible global function definition for ‘pnorm’
    wfromt: no visible global function definition for ‘dnorm’
    Undefined global functions or variables:
     dnorm mad nlminb optim pnorm qnorm
    Consider adding
     importFrom("stats", "dnorm", "mad", "nlminb", "optim", "pnorm",
     "qnorm")
    to your NAMESPACE.
Flavors: r-devel-linux-x86_64-fedora-gcc, r-devel-windows-ix86+x86_64