CRAN Package Check Results for Package EbayesThresh

Last updated on 2015-08-31 23:49:30.

Flavor Version Tinstall Tcheck Ttotal Status Flags
r-devel-linux-x86_64-debian-clang 1.3.2 0.60 9.83 10.42 NOTE
r-devel-linux-x86_64-debian-gcc 1.3.2 0.58 10.71 11.30 NOTE
r-devel-linux-x86_64-fedora-clang 1.3.2 18.90 NOTE
r-devel-linux-x86_64-fedora-gcc 1.3.2 18.59 NOTE
r-devel-osx-x86_64-clang 1.3.2 20.19 OK
r-devel-windows-ix86+x86_64 1.3.2 3.00 21.00 24.00 NOTE
r-patched-linux-x86_64 1.3.2 0.63 10.10 10.74 OK
r-patched-solaris-sparc 1.3.2 131.40 OK
r-patched-solaris-x86 1.3.2 29.50 OK
r-release-linux-x86_64 1.3.2 0.64 10.93 11.57 OK
r-release-osx-x86_64-mavericks 1.3.2 OK
r-release-windows-ix86+x86_64 1.3.2 3.00 32.00 35.00 OK
r-oldrel-windows-ix86+x86_64 1.3.2 4.00 25.00 29.00 OK

Check Details

Version: 1.3.2
Check: R code for possible problems
Result: NOTE
    beta.cauchy: no visible global function definition for ‘dnorm’
    beta.laplace: no visible global function definition for ‘pnorm’
    beta.laplace: no visible global function definition for ‘dnorm’
    cauchy.medzero: no visible global function definition for ‘dnorm’
    cauchy.medzero: no visible global function definition for ‘pnorm’
    cauchy.threshzero: no visible global function definition for ‘pnorm’
    cauchy.threshzero: no visible global function definition for ‘dnorm’
    ebayesthresh: no visible global function definition for ‘mad’
    ebayesthresh.wavelet.dwt: no visible global function definition for
     ‘mad’
    ebayesthresh.wavelet.splus: no visible global function definition for
     ‘mad’
    ebayesthresh.wavelet.wd: no visible global function definition for
     ‘mad’
    laplace.threshzero: no visible global function definition for ‘pnorm’
    laplace.threshzero: no visible global function definition for ‘dnorm’
    postmean.laplace: no visible global function definition for ‘pnorm’
    postmean.laplace: no visible global function definition for ‘dnorm’
    postmed.laplace: no visible global function definition for ‘dnorm’
    postmed.laplace: no visible global function definition for ‘qnorm’
    wandafromx: no visible global function definition for ‘optim’
    wandafromx: no visible global function definition for ‘nlminb’
    wfromt: no visible global function definition for ‘pnorm’
    wfromt: no visible global function definition for ‘dnorm’
    Undefined global functions or variables:
     dnorm mad nlminb optim pnorm qnorm
    Consider adding
     importFrom("stats", "dnorm", "mad", "nlminb", "optim", "pnorm",
     "qnorm")
    to your NAMESPACE.
Flavors: r-devel-linux-x86_64-debian-clang, r-devel-linux-x86_64-debian-gcc, r-devel-linux-x86_64-fedora-clang, r-devel-linux-x86_64-fedora-gcc, r-devel-windows-ix86+x86_64