CRAN Package Check Results for Package EbayesThresh

Last updated on 2016-08-24 12:49:35.

Flavor Version Tinstall Tcheck Ttotal Status Flags
r-devel-linux-x86_64-debian-clang 1.3.2 0.67 10.82 11.49 NOTE
r-devel-linux-x86_64-debian-gcc 1.3.2 0.60 10.50 11.11 NOTE
r-devel-linux-x86_64-fedora-clang 1.3.2 18.50 NOTE
r-devel-linux-x86_64-fedora-gcc 1.3.2 17.89 NOTE
r-devel-osx-x86_64-clang 1.3.2 17.43 NOTE
r-devel-windows-ix86+x86_64 1.3.2 4.00 24.00 28.00 NOTE
r-patched-linux-x86_64 1.3.2 0.61 10.71 11.32 NOTE
r-patched-solaris-sparc 1.3.2 121.20 NOTE
r-patched-solaris-x86 1.3.2 27.40 NOTE
r-release-linux-x86_64 1.3.2 0.62 10.86 11.48 NOTE
r-release-osx-x86_64-mavericks 1.3.2 NOTE
r-release-windows-ix86+x86_64 1.3.2 4.00 28.00 32.00 NOTE
r-oldrel-windows-ix86+x86_64 1.3.2 3.00 19.00 22.00 OK

Check Details

Version: 1.3.2
Check: R code for possible problems
Result: NOTE
    beta.cauchy: no visible global function definition for ‘dnorm’
    beta.laplace: no visible global function definition for ‘pnorm’
    beta.laplace: no visible global function definition for ‘dnorm’
    cauchy.medzero: no visible global function definition for ‘dnorm’
    cauchy.medzero: no visible global function definition for ‘pnorm’
    cauchy.threshzero: no visible global function definition for ‘pnorm’
    cauchy.threshzero: no visible global function definition for ‘dnorm’
    ebayesthresh: no visible global function definition for ‘mad’
    ebayesthresh.wavelet.dwt: no visible global function definition for
     ‘mad’
    ebayesthresh.wavelet.splus: no visible global function definition for
     ‘mad’
    ebayesthresh.wavelet.wd: no visible global function definition for
     ‘mad’
    laplace.threshzero: no visible global function definition for ‘pnorm’
    laplace.threshzero: no visible global function definition for ‘dnorm’
    postmean.laplace: no visible global function definition for ‘pnorm’
    postmean.laplace: no visible global function definition for ‘dnorm’
    postmed.laplace: no visible global function definition for ‘dnorm’
    postmed.laplace: no visible global function definition for ‘qnorm’
    wandafromx: no visible global function definition for ‘optim’
    wandafromx: no visible global function definition for ‘nlminb’
    wfromt: no visible global function definition for ‘pnorm’
    wfromt: no visible global function definition for ‘dnorm’
    Undefined global functions or variables:
     dnorm mad nlminb optim pnorm qnorm
    Consider adding
     importFrom("stats", "dnorm", "mad", "nlminb", "optim", "pnorm",
     "qnorm")
    to your NAMESPACE file.
Flavors: r-devel-linux-x86_64-debian-clang, r-devel-linux-x86_64-debian-gcc, r-devel-linux-x86_64-fedora-clang, r-devel-linux-x86_64-fedora-gcc, r-devel-osx-x86_64-clang, r-devel-windows-ix86+x86_64, r-patched-linux-x86_64, r-patched-solaris-sparc, r-patched-solaris-x86, r-release-linux-x86_64, r-release-osx-x86_64-mavericks, r-release-windows-ix86+x86_64