CRAN Package Check Results for Package EbayesThresh

Last updated on 2017-07-23 04:48:23.

Flavor Version Tinstall Tcheck Ttotal Status Flags
r-devel-linux-x86_64-debian-clang 1.3.2 0.68 19.72 20.39 NOTE
r-devel-linux-x86_64-debian-gcc 1.3.2 0.71 19.58 20.29 NOTE
r-devel-linux-x86_64-fedora-clang 1.3.2 22.03 NOTE
r-devel-linux-x86_64-fedora-gcc 1.3.2 24.36 NOTE
r-devel-windows-ix86+x86_64 1.3.2 2.00 26.00 28.00 NOTE
r-patched-linux-x86_64 1.3.2 0.69 19.72 20.41 NOTE
r-patched-solaris-x86 1.3.2 30.40 NOTE
r-release-linux-x86_64 1.3.2 0.68 19.65 20.33 NOTE
r-release-windows-ix86+x86_64 1.3.2 2.00 27.00 29.00 NOTE
r-release-osx-x86_64 1.3.2 NOTE
r-oldrel-windows-ix86+x86_64 1.3.2 3.00 27.00 30.00 NOTE
r-oldrel-osx-x86_64 1.3.2 NOTE

Check Details

Version: 1.3.2
Check: R code for possible problems
Result: NOTE
    beta.cauchy: no visible global function definition for ‘dnorm’
    beta.laplace: no visible global function definition for ‘pnorm’
    beta.laplace: no visible global function definition for ‘dnorm’
    cauchy.medzero: no visible global function definition for ‘dnorm’
    cauchy.medzero: no visible global function definition for ‘pnorm’
    cauchy.threshzero: no visible global function definition for ‘pnorm’
    cauchy.threshzero: no visible global function definition for ‘dnorm’
    ebayesthresh: no visible global function definition for ‘mad’
    ebayesthresh.wavelet.dwt: no visible global function definition for
     ‘mad’
    ebayesthresh.wavelet.splus: no visible global function definition for
     ‘mad’
    ebayesthresh.wavelet.wd: no visible global function definition for
     ‘mad’
    laplace.threshzero: no visible global function definition for ‘pnorm’
    laplace.threshzero: no visible global function definition for ‘dnorm’
    postmean.laplace: no visible global function definition for ‘pnorm’
    postmean.laplace: no visible global function definition for ‘dnorm’
    postmed.laplace: no visible global function definition for ‘dnorm’
    postmed.laplace: no visible global function definition for ‘qnorm’
    wandafromx: no visible global function definition for ‘optim’
    wandafromx: no visible global function definition for ‘nlminb’
    wfromt: no visible global function definition for ‘pnorm’
    wfromt: no visible global function definition for ‘dnorm’
    Undefined global functions or variables:
     dnorm mad nlminb optim pnorm qnorm
    Consider adding
     importFrom("stats", "dnorm", "mad", "nlminb", "optim", "pnorm",
     "qnorm")
    to your NAMESPACE file.
Flavors: r-devel-linux-x86_64-debian-clang, r-devel-linux-x86_64-debian-gcc, r-devel-linux-x86_64-fedora-clang, r-devel-linux-x86_64-fedora-gcc, r-devel-windows-ix86+x86_64, r-patched-linux-x86_64, r-patched-solaris-x86, r-release-linux-x86_64, r-release-windows-ix86+x86_64, r-release-osx-x86_64, r-oldrel-windows-ix86+x86_64, r-oldrel-osx-x86_64