CRAN Package Check Results for Package Ecdat

Last updated on 2015-05-29 03:48:01.

Flavor Version Tinstall Tcheck Ttotal Status Flags
r-devel-linux-x86_64-debian-clang 0.2-7 5.24 28.34 33.58 NOTE
r-devel-linux-x86_64-debian-gcc 0.2-7 5.18 27.23 32.40 NOTE
r-devel-linux-x86_64-fedora-clang 0.2-7 71.78 NOTE
r-devel-linux-x86_64-fedora-gcc 0.2-7 65.88 NOTE
r-devel-osx-x86_64-clang 0.2-7 64.17 NOTE
r-devel-windows-ix86+x86_64 0.2-7 28.00 49.00 77.00 NOTE
r-patched-linux-x86_64 0.2-7 5.21 27.28 32.49 NOTE
r-patched-solaris-sparc 0.2-7 426.80 NOTE
r-patched-solaris-x86 0.2-7 96.40 NOTE
r-release-linux-x86_64 0.2-7 5.79 27.93 33.72 NOTE
r-release-osx-x86_64-mavericks 0.2-7 NOTE
r-release-osx-x86_64-snowleopard 0.2-7 ERROR
r-release-windows-ix86+x86_64 0.2-7 18.00 51.00 69.00 NOTE
r-oldrel-windows-ix86+x86_64 0.2-7 21.00 55.00 76.00 OK

Check Details

Version: 0.2-7
Check: DESCRIPTION meta-information
Result: NOTE
    Malformed Description field: should contain one or more complete sentences.
Flavors: r-devel-linux-x86_64-debian-clang, r-devel-linux-x86_64-debian-gcc, r-devel-linux-x86_64-fedora-clang, r-devel-linux-x86_64-fedora-gcc, r-devel-osx-x86_64-clang, r-devel-windows-ix86+x86_64, r-patched-linux-x86_64, r-patched-solaris-sparc, r-patched-solaris-x86, r-release-linux-x86_64, r-release-osx-x86_64-mavericks, r-release-windows-ix86+x86_64

Version: 0.2-7
Check: package dependencies
Result: ERROR
    Package required but not available: ‘Ecfun’
    
    Packages suggested but not available for checking:
     ‘car’ ‘systemfit’ ‘lmtest’ ‘sandwich’ ‘XML’
    
    See section ‘The DESCRIPTION file’ in the ‘Writing R Extensions’
    manual.
Flavor: r-release-osx-x86_64-snowleopard