CRAN Package Check Results for Package Ecdat

Last updated on 2014-04-25 05:47:14.

Flavor Version Tinstall Tcheck Ttotal Status Flags
r-devel-linux-x86_64-debian-clang 0.2-5 4.94 15.04 19.98 OK
r-devel-linux-x86_64-debian-gcc 0.2-5 4.83 14.60 19.44 OK
r-devel-linux-x86_64-fedora-clang 0.2-5 35.45 OK
r-devel-linux-x86_64-fedora-gcc 0.2-5 34.61 OK
r-devel-osx-x86_64-clang 0.2-5 37.43 OK
r-devel-osx-x86_64-gcc 0.2-5 ERROR
r-devel-windows-ix86+x86_64 0.2-5 9.00 22.00 31.00 OK
r-patched-linux-x86_64 0.2-5 4.80 14.80 19.60 OK
r-patched-solaris-sparc 0.2-5 213.30 OK
r-patched-solaris-x86 0.2-5 50.60 OK
r-release-linux-ix86 0.2-5 9.00 35.00 44.00 OK
r-release-linux-x86_64 0.2-5 4.90 15.65 20.55 OK
r-release-osx-x86_64-mavericks 0.2-5 OK
r-release-osx-x86_64-snowleopard 0.2-5 OK
r-release-windows-ix86+x86_64 0.2-5 11.00 24.00 35.00 OK
r-oldrel-windows-ix86+x86_64 0.2-5 13.00 24.00 37.00 OK

Check Details

Version: 0.2-5
Check: package dependencies
Result: ERROR
    Package required but not available: ‘Ecfun’
    
    Packages suggested but not available for checking:
     ‘car’ ‘systemfit’ ‘lmtest’ ‘sandwich’ ‘XML’
    
    See the information on DESCRIPTION files in the chapter ‘Creating R
    packages’ of the ‘Writing R Extensions’ manual.
Flavor: r-devel-osx-x86_64-gcc