CRAN Package Check Results for Package Ecdat

Last updated on 2019-08-20 22:47:14 CEST.

Flavor Version Tinstall Tcheck Ttotal Status Flags
r-devel-linux-x86_64-debian-clang 0.3-1 10.33 42.61 52.94 NOTE
r-devel-linux-x86_64-debian-gcc 0.3-1 7.85 34.41 42.26 NOTE
r-devel-linux-x86_64-fedora-clang 0.3-1 64.32 NOTE
r-devel-linux-x86_64-fedora-gcc 0.3-1 62.88 NOTE
r-devel-windows-ix86+x86_64 0.3-1 15.00 85.00 100.00 OK
r-patched-linux-x86_64 0.3-1 8.98 42.53 51.51 OK
r-patched-solaris-x86 0.3-1 93.50 OK
r-release-linux-x86_64 0.3-1 8.14 41.92 50.06 OK
r-release-windows-ix86+x86_64 0.3-1 17.00 64.00 81.00 OK
r-release-osx-x86_64 0.3-1 OK
r-oldrel-windows-ix86+x86_64 0.3-1 17.00 76.00 93.00 OK
r-oldrel-osx-x86_64 0.3-1 OK

Check Details

Version: 0.3-1
Check: for non-standard things in the check directory
Result: NOTE
    Found the following files/directories:
     'USFinanceIndustry.svg' 'bankingCrises.svg' 'incomeInequality8.svg'
Flavors: r-devel-linux-x86_64-debian-clang, r-devel-linux-x86_64-debian-gcc, r-devel-linux-x86_64-fedora-clang, r-devel-linux-x86_64-fedora-gcc