CRAN Package Check Results for Package Ecdat

Last updated on 2015-04-28 19:49:04.

Flavor Version Tinstall Tcheck Ttotal Status Flags
r-devel-linux-x86_64-debian-clang 0.2-7 5.30 28.99 34.29 NOTE
r-devel-linux-x86_64-debian-gcc 0.2-7 5.16 28.84 34.01 NOTE
r-devel-linux-x86_64-fedora-clang 0.2-7 70.31 NOTE
r-devel-linux-x86_64-fedora-gcc 0.2-7 67.72 NOTE
r-devel-osx-x86_64-clang 0.2-7 66.41 NOTE
r-devel-windows-ix86+x86_64 0.2-7 17.00 48.00 65.00 NOTE
r-patched-linux-x86_64 0.2-7 5.36 27.34 32.70 NOTE
r-patched-solaris-sparc 0.2-7 424.40 NOTE
r-patched-solaris-x86 0.2-7 99.30 NOTE
r-release-linux-x86_64 0.2-7 6.51 27.99 34.50 NOTE
r-release-osx-x86_64-mavericks 0.2-7 ERROR
r-release-osx-x86_64-snowleopard 0.2-7 ERROR
r-release-windows-ix86+x86_64 0.2-7 16.00 49.00 65.00 NOTE
r-oldrel-windows-ix86+x86_64 0.2-7 20.00 51.00 71.00 OK

Check Details

Version: 0.2-7
Check: DESCRIPTION meta-information
Result: NOTE
    Malformed Description field: should contain one or more complete sentences.
Flavors: r-devel-linux-x86_64-debian-clang, r-devel-linux-x86_64-debian-gcc, r-devel-linux-x86_64-fedora-clang, r-devel-linux-x86_64-fedora-gcc, r-devel-osx-x86_64-clang, r-devel-windows-ix86+x86_64, r-patched-linux-x86_64, r-patched-solaris-sparc, r-patched-solaris-x86, r-release-linux-x86_64, r-release-windows-ix86+x86_64

Version: 0.2-7
Check: package dependencies
Result: ERROR
    Package required but not available: ‘Ecfun’
    
    See section ‘The DESCRIPTION file’ in the ‘Writing R Extensions’
    manual.
Flavor: r-release-osx-x86_64-mavericks

Version: 0.2-7
Check: package dependencies
Result: ERROR
    Package required but not available: ‘Ecfun’
    
    Packages suggested but not available for checking:
     ‘car’ ‘systemfit’ ‘lmtest’ ‘sandwich’ ‘XML’
    
    See section ‘The DESCRIPTION file’ in the ‘Writing R Extensions’
    manual.
Flavor: r-release-osx-x86_64-snowleopard