CRAN Package Check Results for Package Ecdat

Last updated on 2015-07-05 14:46:29.

Flavor Version Tinstall Tcheck Ttotal Status Flags
r-devel-linux-x86_64-debian-clang 0.2-7 5.18 29.67 34.85 ERROR
r-devel-linux-x86_64-debian-gcc 0.2-7 5.07 27.44 32.51 ERROR
r-devel-linux-x86_64-fedora-clang 0.2-7 65.98 ERROR
r-devel-linux-x86_64-fedora-gcc 0.2-7 63.22 ERROR
r-devel-osx-x86_64-clang 0.2-7 65.48 ERROR
r-devel-windows-ix86+x86_64 0.2-7 18.00 50.00 68.00 ERROR
r-patched-linux-x86_64 0.2-7 5.16 26.97 32.13 ERROR
r-patched-solaris-sparc 0.2-7 407.70 ERROR
r-patched-solaris-x86 0.2-7 97.20 ERROR
r-release-linux-x86_64 0.2-7 5.28 27.30 32.57 ERROR
r-release-osx-x86_64-mavericks 0.2-7 NOTE
r-release-windows-ix86+x86_64 0.2-7 24.00 49.00 73.00 ERROR
r-oldrel-windows-ix86+x86_64 0.2-7 28.00 50.00 78.00 ERROR

Check Details

Version: 0.2-7
Check: DESCRIPTION meta-information
Result: NOTE
    Malformed Description field: should contain one or more complete sentences.
Flavors: r-devel-linux-x86_64-debian-clang, r-devel-linux-x86_64-debian-gcc, r-devel-linux-x86_64-fedora-clang, r-devel-linux-x86_64-fedora-gcc, r-devel-osx-x86_64-clang, r-devel-windows-ix86+x86_64, r-patched-linux-x86_64, r-patched-solaris-sparc, r-patched-solaris-x86, r-release-linux-x86_64, r-release-osx-x86_64-mavericks, r-release-windows-ix86+x86_64

Version: 0.2-7
Check: examples
Result: ERROR
    Running examples in ‘Ecdat-Ex.R’ failed
    The error most likely occurred in:
    
    > ### Name: USstateAbbreviations
    > ### Title: Standard abbreviations for states of the United States
    > ### Aliases: USstateAbbreviations
    > ### Keywords: datasets
    >
    > ### ** Examples
    >
    > ##
    > ## to use
    > ##
    > data(USstateAbbreviations)
    >
    > ##
    > ## to update
    > ##
    >
    > USstateAbb2 <- readUSstateAbbreviations()
    Sat Jul 4 14:42:21 2015: readUSstateAbbreviations(http://en.wikipedia.org/wiki/List_of_U.S._state_abbreviations)| 0 bytes read in 1.55 seconds
    Warning: XML content does not seem to be XML: ''
    Error in which(value == defs) :
     argument "code" is missing, with no default
    Calls: readUSstateAbbreviations ... <Anonymous> -> makeXMLError -> getEnumValue -> which
    Execution halted
Flavor: r-devel-linux-x86_64-debian-clang

Version: 0.2-7
Check: examples
Result: ERROR
    Running examples in ‘Ecdat-Ex.R’ failed
    The error most likely occurred in:
    
    > ### Name: USstateAbbreviations
    > ### Title: Standard abbreviations for states of the United States
    > ### Aliases: USstateAbbreviations
    > ### Keywords: datasets
    >
    > ### ** Examples
    >
    > ##
    > ## to use
    > ##
    > data(USstateAbbreviations)
    >
    > ##
    > ## to update
    > ##
    >
    > USstateAbb2 <- readUSstateAbbreviations()
    Sat Jul 4 22:45:46 2015: readUSstateAbbreviations(http://en.wikipedia.org/wiki/List_of_U.S._state_abbreviations)| 0 bytes read in 0.55 seconds
    Warning: XML content does not seem to be XML: ''
    Error in which(value == defs) :
     argument "code" is missing, with no default
    Calls: readUSstateAbbreviations ... <Anonymous> -> makeXMLError -> getEnumValue -> which
    Execution halted
Flavor: r-devel-linux-x86_64-debian-gcc

Version: 0.2-7
Check: examples
Result: ERROR
    Running examples in ‘Ecdat-Ex.R’ failed
    The error most likely occurred in:
    
    > ### Name: USstateAbbreviations
    > ### Title: Standard abbreviations for states of the United States
    > ### Aliases: USstateAbbreviations
    > ### Keywords: datasets
    >
    > ### ** Examples
    >
    > ##
    > ## to use
    > ##
    > data(USstateAbbreviations)
    >
    > ##
    > ## to update
    > ##
    >
    > USstateAbb2 <- readUSstateAbbreviations()
    Fri Jul 3 13:39:57 2015: readUSstateAbbreviations(http://en.wikipedia.org/wiki/List_of_U.S._state_abbreviations)| 0 bytes read in 0.16 seconds
    Warning: XML content does not seem to be XML: ''
    Error in which(value == defs) :
     argument "code" is missing, with no default
    Calls: readUSstateAbbreviations ... <Anonymous> -> makeXMLError -> getEnumValue -> which
    Execution halted
Flavor: r-devel-linux-x86_64-fedora-clang

Version: 0.2-7
Check: examples
Result: ERROR
    Running examples in ‘Ecdat-Ex.R’ failed
    The error most likely occurred in:
    
    > ### Name: USstateAbbreviations
    > ### Title: Standard abbreviations for states of the United States
    > ### Aliases: USstateAbbreviations
    > ### Keywords: datasets
    >
    > ### ** Examples
    >
    > ##
    > ## to use
    > ##
    > data(USstateAbbreviations)
    >
    > ##
    > ## to update
    > ##
    >
    > USstateAbb2 <- readUSstateAbbreviations()
    Fri Jul 3 19:35:47 2015: readUSstateAbbreviations(http://en.wikipedia.org/wiki/List_of_U.S._state_abbreviations)| 0 bytes read in 0.07 seconds
    Warning: XML content does not seem to be XML: ''
    Error in which(value == defs) :
     argument "code" is missing, with no default
    Calls: readUSstateAbbreviations ... <Anonymous> -> makeXMLError -> getEnumValue -> which
    Execution halted
Flavor: r-devel-linux-x86_64-fedora-gcc

Version: 0.2-7
Check: examples
Result: ERROR
    Running examples in ‘Ecdat-Ex.R’ failed
    The error most likely occurred in:
    
    > ### Name: USstateAbbreviations
    > ### Title: Standard abbreviations for states of the United States
    > ### Aliases: USstateAbbreviations
    > ### Keywords: datasets
    >
    > ### ** Examples
    >
    > ##
    > ## to use
    > ##
    > data(USstateAbbreviations)
    >
    > ##
    > ## to update
    > ##
    >
    > USstateAbb2 <- readUSstateAbbreviations()
    Fri Jul 3 10:51:59 2015: readUSstateAbbreviations(http://en.wikipedia.org/wiki/List_of_U.S._state_abbreviations)| 0 bytes read in 1.55 seconds
    Warning: XML content does not seem to be XML: ''
    Error in which(value == defs) :
     argument "code" is missing, with no default
    Calls: readUSstateAbbreviations ... <Anonymous> -> makeXMLError -> getEnumValue -> which
    Execution halted
Flavor: r-devel-osx-x86_64-clang

Version: 0.2-7
Check: examples
Result: ERROR
    Running examples in 'Ecdat-Ex.R' failed
    The error most likely occurred in:
    
    > ### Name: USstateAbbreviations
    > ### Title: Standard abbreviations for states of the United States
    > ### Aliases: USstateAbbreviations
    > ### Keywords: datasets
    >
    > ### ** Examples
    >
    > ##
    > ## to use
    > ##
    > data(USstateAbbreviations)
    >
    > ##
    > ## to update
    > ##
    >
    > USstateAbb2 <- readUSstateAbbreviations()
    Sat Jul 04 17:32:19 2015: readUSstateAbbreviations(http://en.wikipedia.org/wiki/List_of_U.S._state_abbreviations)| 0 bytes read in 0.06 seconds
    Warning: XML content does not seem to be XML: ''
    Error in which(value == defs) :
     argument "code" is missing, with no default
    Calls: readUSstateAbbreviations ... <Anonymous> -> makeXMLError -> getEnumValue -> which
    Execution halted
Flavor: r-devel-windows-ix86+x86_64

Version: 0.2-7
Check: examples
Result: ERROR
    Running examples in ‘Ecdat-Ex.R’ failed
    The error most likely occurred in:
    
    > ### Name: USstateAbbreviations
    > ### Title: Standard abbreviations for states of the United States
    > ### Aliases: USstateAbbreviations
    > ### Keywords: datasets
    >
    > ### ** Examples
    >
    > ##
    > ## to use
    > ##
    > data(USstateAbbreviations)
    >
    > ##
    > ## to update
    > ##
    >
    > USstateAbb2 <- readUSstateAbbreviations()
    Sat Jul 4 06:46:19 2015: readUSstateAbbreviations(http://en.wikipedia.org/wiki/List_of_U.S._state_abbreviations)| 0 bytes read in 0.17 seconds
    Warning: XML content does not seem to be XML: ''
    Error in which(value == defs) :
     argument "code" is missing, with no default
    Calls: readUSstateAbbreviations ... <Anonymous> -> makeXMLError -> getEnumValue -> which
    Execution halted
Flavor: r-patched-linux-x86_64

Version: 0.2-7
Check: examples
Result: ERROR
    Running examples in ‘Ecdat-Ex.R’ failed
    The error most likely occurred in:
    
    > ### Name: USstateAbbreviations
    > ### Title: Standard abbreviations for states of the United States
    > ### Aliases: USstateAbbreviations
    > ### Keywords: datasets
    >
    > ### ** Examples
    >
    > ##
    > ## to use
    > ##
    > data(USstateAbbreviations)
    >
    > ##
    > ## to update
    > ##
    >
    > USstateAbb2 <- readUSstateAbbreviations()
    Fri Jun 12 20:55:45 2015: readUSstateAbbreviations(http://en.wikipedia.org/wiki/List_of_U.S._state_abbreviations)| 0 bytes read in 0.09 seconds
    Warning: XML content does not seem to be XML: ''
    Error in which(value == defs) :
     argument "code" is missing, with no default
    Calls: readUSstateAbbreviations ... <Anonymous> -> makeXMLError -> getEnumValue -> which
    Execution halted
Flavor: r-patched-solaris-sparc

Version: 0.2-7
Check: examples
Result: ERROR
    Running examples in ‘Ecdat-Ex.R’ failed
    The error most likely occurred in:
    
    > ### Name: USstateAbbreviations
    > ### Title: Standard abbreviations for states of the United States
    > ### Aliases: USstateAbbreviations
    > ### Keywords: datasets
    >
    > ### ** Examples
    >
    > ##
    > ## to use
    > ##
    > data(USstateAbbreviations)
    >
    > ##
    > ## to update
    > ##
    >
    > USstateAbb2 <- readUSstateAbbreviations()
    Fri Jul 3 10:45:49 2015: readUSstateAbbreviations(http://en.wikipedia.org/wiki/List_of_U.S._state_abbreviations)| 0 bytes read in 0.36 seconds
    Warning: XML content does not seem to be XML: ''
    Error in which(value == defs) :
     argument "code" is missing, with no default
    Calls: readUSstateAbbreviations ... <Anonymous> -> makeXMLError -> getEnumValue -> which
    Execution halted
Flavor: r-patched-solaris-x86

Version: 0.2-7
Check: examples
Result: ERROR
    Running examples in ‘Ecdat-Ex.R’ failed
    The error most likely occurred in:
    
    > ### Name: USstateAbbreviations
    > ### Title: Standard abbreviations for states of the United States
    > ### Aliases: USstateAbbreviations
    > ### Keywords: datasets
    >
    > ### ** Examples
    >
    > ##
    > ## to use
    > ##
    > data(USstateAbbreviations)
    >
    > ##
    > ## to update
    > ##
    >
    > USstateAbb2 <- readUSstateAbbreviations()
    Fri Jul 3 06:47:03 2015: readUSstateAbbreviations(http://en.wikipedia.org/wiki/List_of_U.S._state_abbreviations)| 0 bytes read in 0.07 seconds
    Warning: XML content does not seem to be XML: ''
    Error in which(value == defs) :
     argument "code" is missing, with no default
    Calls: readUSstateAbbreviations ... <Anonymous> -> makeXMLError -> getEnumValue -> which
    Execution halted
Flavor: r-release-linux-x86_64

Version: 0.2-7
Check: examples
Result: ERROR
    Running examples in 'Ecdat-Ex.R' failed
    The error most likely occurred in:
    
    > ### Name: USstateAbbreviations
    > ### Title: Standard abbreviations for states of the United States
    > ### Aliases: USstateAbbreviations
    > ### Keywords: datasets
    >
    > ### ** Examples
    >
    > ##
    > ## to use
    > ##
    > data(USstateAbbreviations)
    >
    > ##
    > ## to update
    > ##
    >
    > USstateAbb2 <- readUSstateAbbreviations()
    Sat Jul 04 09:44:16 2015: readUSstateAbbreviations(http://en.wikipedia.org/wiki/List_of_U.S._state_abbreviations)| 0 bytes read in 2.39 seconds
    Warning: XML content does not seem to be XML: ''
    Error in which(value == defs) :
     argument "code" is missing, with no default
    Calls: readUSstateAbbreviations ... <Anonymous> -> makeXMLError -> getEnumValue -> which
    Execution halted
Flavor: r-release-windows-ix86+x86_64

Version: 0.2-7
Check: examples
Result: ERROR
    Running examples in 'Ecdat-Ex.R' failed
    The error most likely occurred in:
    
    > ### Name: USstateAbbreviations
    > ### Title: Standard abbreviations for states of the United States
    > ### Aliases: USstateAbbreviations
    > ### Keywords: datasets
    >
    > ### ** Examples
    >
    > ##
    > ## to use
    > ##
    > data(USstateAbbreviations)
    >
    > ##
    > ## to update
    > ##
    >
    > USstateAbb2 <- readUSstateAbbreviations()
    Sun Jul 05 00:49:54 2015: readUSstateAbbreviations(http://en.wikipedia.org/wiki/List_of_U.S._state_abbreviations)| 0 bytes read in 0.08 seconds
    Warning: XML content does not seem to be XML: ''
    Error in which(value == defs) :
     argument "code" is missing, with no default
    Calls: readUSstateAbbreviations ... <Anonymous> -> makeXMLError -> getEnumValue -> which
    Execution halted
Flavor: r-oldrel-windows-ix86+x86_64