CRAN Package Check Results for Package Ecdat

Last updated on 2015-03-28 05:49:27.

Flavor Version Tinstall Tcheck Ttotal Status Flags
r-devel-linux-x86_64-debian-clang 0.2-7 5.70 28.50 34.20 NOTE
r-devel-linux-x86_64-debian-gcc 0.2-7 5.08 27.95 33.02 NOTE
r-devel-linux-x86_64-fedora-clang 0.2-7 70.97 NOTE
r-devel-linux-x86_64-fedora-gcc 0.2-7 71.09 NOTE
r-devel-osx-x86_64-clang 0.2-7 69.52 NOTE
r-prerel-windows-ix86+x86_64 0.2-7 15.00 45.00 60.00 NOTE
r-prerel-linux-x86_64 0.2-7 7.48 28.81 36.28 NOTE
r-prerel-solaris-sparc 0.2-7 424.40 NOTE
r-prerel-solaris-x86 0.2-7 95.10 NOTE
r-release-linux-x86_64 0.2-7 7.48 34.44 41.92 OK
r-release-osx-x86_64-mavericks 0.2-7 OK
r-release-osx-x86_64-snowleopard 0.2-7 OK
r-release-windows-ix86+x86_64 0.2-7 20.00 54.00 74.00 OK
r-oldrel-windows-ix86+x86_64 0.2-7 21.00 84.00 105.00 OK

Check Details

Version: 0.2-7
Check: DESCRIPTION meta-information
Result: NOTE
    Malformed Description field: should contain one or more complete sentences.
Flavors: r-devel-linux-x86_64-debian-clang, r-devel-linux-x86_64-debian-gcc, r-devel-linux-x86_64-fedora-clang, r-devel-linux-x86_64-fedora-gcc, r-devel-osx-x86_64-clang, r-prerel-windows-ix86+x86_64, r-prerel-linux-x86_64, r-prerel-solaris-sparc, r-prerel-solaris-x86