CRAN Package Check Results for Package Ecdat

Last updated on 2015-08-04 23:48:09.

Flavor Version Tinstall Tcheck Ttotal Status Flags
r-devel-linux-x86_64-debian-clang 0.2-7 5.11 26.16 31.26 NOTE
r-devel-linux-x86_64-debian-gcc 0.2-7 4.86 25.42 30.28 NOTE
r-devel-linux-x86_64-fedora-clang 0.2-7 63.32 NOTE
r-devel-linux-x86_64-fedora-gcc 0.2-7 59.83 NOTE
r-devel-osx-x86_64-clang 0.2-7 30.80 NOTE
r-devel-windows-ix86+x86_64 0.2-7 26.00 51.00 77.00 NOTE
r-patched-linux-x86_64 0.2-7 5.36 25.87 31.23 NOTE
r-patched-solaris-sparc 0.2-7 343.30 NOTE
r-patched-solaris-x86 0.2-7 72.20 NOTE
r-release-linux-x86_64 0.2-7 4.80 25.04 29.85 NOTE
r-release-osx-x86_64-mavericks 0.2-7 NOTE
r-release-windows-ix86+x86_64 0.2-7 22.00 47.00 69.00 NOTE
r-oldrel-windows-ix86+x86_64 0.2-7 28.00 56.00 84.00 OK

Check Details

Version: 0.2-7
Check: DESCRIPTION meta-information
Result: NOTE
    Malformed Description field: should contain one or more complete sentences.
Flavors: r-devel-linux-x86_64-debian-clang, r-devel-linux-x86_64-debian-gcc, r-devel-linux-x86_64-fedora-clang, r-devel-linux-x86_64-fedora-gcc, r-devel-osx-x86_64-clang, r-devel-windows-ix86+x86_64, r-patched-linux-x86_64, r-patched-solaris-sparc, r-patched-solaris-x86, r-release-linux-x86_64, r-release-osx-x86_64-mavericks, r-release-windows-ix86+x86_64