CRAN Package Check Results for Package Ecfun

Last updated on 2014-12-20 03:49:30.

Flavor Version Tinstall Tcheck Ttotal Status Flags
r-devel-linux-x86_64-debian-clang 0.1-3 5.18 66.82 72.01 ERROR
r-devel-linux-x86_64-debian-gcc 0.1-3 5.11 62.50 67.61 ERROR
r-devel-linux-x86_64-fedora-clang 0.1-3 165.70 OK
r-devel-linux-x86_64-fedora-gcc 0.1-3 148.02 OK
r-devel-osx-x86_64-clang 0.1-3 143.59 OK
r-devel-windows-ix86+x86_64 0.1-3 14.00 89.00 103.00 ERROR
r-patched-linux-x86_64 0.1-3 5.23 63.61 68.84 ERROR
r-patched-solaris-sparc 0.1-3 842.80 OK
r-patched-solaris-x86 0.1-3 195.50 ERROR
r-release-linux-ix86 0.1-3 5.92 82.98 88.89 OK
r-release-linux-x86_64 0.1-3 5.17 65.72 70.90 ERROR
r-release-osx-x86_64-mavericks 0.1-3 OK
r-release-osx-x86_64-snowleopard 0.1-3 OK
r-release-windows-ix86+x86_64 0.1-3 16.00 93.00 109.00 ERROR
r-oldrel-windows-ix86+x86_64 0.1-3 16.00 88.00 104.00 ERROR

Check Details

Version: 0.1-3
Check: examples
Result: ERROR
    Running examples in ‘Ecfun-Ex.R’ failed
    The error most likely occurred in:
    
    > ### Name: mergeUShouse.senate
    > ### Title: Expand a dataset on some members of the US Congress to the
    > ### entire membership
    > ### Aliases: mergeUShouse.senate
    > ### Keywords: manip
    >
    > ### ** Examples
    >
    > tst <- data.frame(Office=factor(rep(c('House', 'Senate'), c(4, 2))),
    + State=factor(c('Missouri', 'Minnesota', 'Tennessee',
    + 'New York', rep('South Carolina', 2))),
    + state=factor(c('MO', 'MN', 'TN', 'NY', 'SC', 'SC')),
    + district=as.character(c(4, 1, 8, 18, 2, 3)),
    + surname=c('Hartzler', 'Walz', 'Fincher', 'Maloney',
    + 'Graham', 'DeMint'),
    + givenName=c('Vicky', 'Timothy J.', 'Stephen Lee',
    + 'Sean Patrick', 'Lindsey', 'Jim'),
    + Party=c('Republican', 'Democrat', 'Republican', 'Democrat',
    + 'Republican', 'Democrat'),
    + CommitteeMember=rep(c(TRUE, FALSE), c(4, 2)),
    + amount=c(5000, 2000, 29500, 1000, 1000, 11500),
    + xvote=c('Y', 'N', 'Y', 'Y', 'notEligible', 'notEligible'),
    + incumbent=NA, stringsAsFactors=FALSE )
    > tst2 <- mergeUShouse.senate(tst)
    Fri Dec 19 14:38:52 2014: readUShouse(http://house.gov/representatives/)| 245791 bytes read in 1.04 seconds
    Error in readUShouse() : 2 tables found with different numbers of rows
    Calls: mergeUShouse.senate -> with -> UShouse.senate -> nrow -> readUShouse
    Execution halted
Flavor: r-devel-linux-x86_64-debian-clang

Version: 0.1-3
Check: examples
Result: ERROR
    Running examples in ‘Ecfun-Ex.R’ failed
    The error most likely occurred in:
    
    > ### Name: mergeUShouse.senate
    > ### Title: Expand a dataset on some members of the US Congress to the
    > ### entire membership
    > ### Aliases: mergeUShouse.senate
    > ### Keywords: manip
    >
    > ### ** Examples
    >
    > tst <- data.frame(Office=factor(rep(c('House', 'Senate'), c(4, 2))),
    + State=factor(c('Missouri', 'Minnesota', 'Tennessee',
    + 'New York', rep('South Carolina', 2))),
    + state=factor(c('MO', 'MN', 'TN', 'NY', 'SC', 'SC')),
    + district=as.character(c(4, 1, 8, 18, 2, 3)),
    + surname=c('Hartzler', 'Walz', 'Fincher', 'Maloney',
    + 'Graham', 'DeMint'),
    + givenName=c('Vicky', 'Timothy J.', 'Stephen Lee',
    + 'Sean Patrick', 'Lindsey', 'Jim'),
    + Party=c('Republican', 'Democrat', 'Republican', 'Democrat',
    + 'Republican', 'Democrat'),
    + CommitteeMember=rep(c(TRUE, FALSE), c(4, 2)),
    + amount=c(5000, 2000, 29500, 1000, 1000, 11500),
    + xvote=c('Y', 'N', 'Y', 'Y', 'notEligible', 'notEligible'),
    + incumbent=NA, stringsAsFactors=FALSE )
    > tst2 <- mergeUShouse.senate(tst)
    Fri Dec 19 22:41:50 2014: readUShouse(http://house.gov/representatives/)| 245791 bytes read in 1.29 seconds
    Error in readUShouse() : 2 tables found with different numbers of rows
    Calls: mergeUShouse.senate -> with -> UShouse.senate -> nrow -> readUShouse
    Execution halted
Flavor: r-devel-linux-x86_64-debian-gcc

Version: 0.1-3
Check: examples
Result: ERROR
    Running examples in 'Ecfun-Ex.R' failed
    The error most likely occurred in:
    
    > ### Name: mergeUShouse.senate
    > ### Title: Expand a dataset on some members of the US Congress to the
    > ### entire membership
    > ### Aliases: mergeUShouse.senate
    > ### Keywords: manip
    >
    > ### ** Examples
    >
    > tst <- data.frame(Office=factor(rep(c('House', 'Senate'), c(4, 2))),
    + State=factor(c('Missouri', 'Minnesota', 'Tennessee',
    + 'New York', rep('South Carolina', 2))),
    + state=factor(c('MO', 'MN', 'TN', 'NY', 'SC', 'SC')),
    + district=as.character(c(4, 1, 8, 18, 2, 3)),
    + surname=c('Hartzler', 'Walz', 'Fincher', 'Maloney',
    + 'Graham', 'DeMint'),
    + givenName=c('Vicky', 'Timothy J.', 'Stephen Lee',
    + 'Sean Patrick', 'Lindsey', 'Jim'),
    + Party=c('Republican', 'Democrat', 'Republican', 'Democrat',
    + 'Republican', 'Democrat'),
    + CommitteeMember=rep(c(TRUE, FALSE), c(4, 2)),
    + amount=c(5000, 2000, 29500, 1000, 1000, 11500),
    + xvote=c('Y', 'N', 'Y', 'Y', 'notEligible', 'notEligible'),
    + incumbent=NA, stringsAsFactors=FALSE )
    > tst2 <- mergeUShouse.senate(tst)
    Fri Dec 19 19:09:15 2014: readUShouse(http://house.gov/representatives/)| 245791 bytes read in 1.33 seconds
    Error in readUShouse() : 2 tables found with different numbers of rows
    Calls: mergeUShouse.senate -> with -> UShouse.senate -> nrow -> readUShouse
    Execution halted
Flavor: r-devel-windows-ix86+x86_64

Version: 0.1-3
Check: examples
Result: ERROR
    Running examples in ‘Ecfun-Ex.R’ failed
    The error most likely occurred in:
    
    > ### Name: mergeUShouse.senate
    > ### Title: Expand a dataset on some members of the US Congress to the
    > ### entire membership
    > ### Aliases: mergeUShouse.senate
    > ### Keywords: manip
    >
    > ### ** Examples
    >
    > tst <- data.frame(Office=factor(rep(c('House', 'Senate'), c(4, 2))),
    + State=factor(c('Missouri', 'Minnesota', 'Tennessee',
    + 'New York', rep('South Carolina', 2))),
    + state=factor(c('MO', 'MN', 'TN', 'NY', 'SC', 'SC')),
    + district=as.character(c(4, 1, 8, 18, 2, 3)),
    + surname=c('Hartzler', 'Walz', 'Fincher', 'Maloney',
    + 'Graham', 'DeMint'),
    + givenName=c('Vicky', 'Timothy J.', 'Stephen Lee',
    + 'Sean Patrick', 'Lindsey', 'Jim'),
    + Party=c('Republican', 'Democrat', 'Republican', 'Democrat',
    + 'Republican', 'Democrat'),
    + CommitteeMember=rep(c(TRUE, FALSE), c(4, 2)),
    + amount=c(5000, 2000, 29500, 1000, 1000, 11500),
    + xvote=c('Y', 'N', 'Y', 'Y', 'notEligible', 'notEligible'),
    + incumbent=NA, stringsAsFactors=FALSE )
    > tst2 <- mergeUShouse.senate(tst)
    Thu Dec 18 06:44:28 2014: readUShouse(http://house.gov/representatives/)| 245791 bytes read in 2.53 seconds
    Error in readUShouse() : 2 tables found with different numbers of rows
    Calls: mergeUShouse.senate -> with -> UShouse.senate -> nrow -> readUShouse
    Execution halted
Flavor: r-patched-linux-x86_64

Version: 0.1-3
Check: examples
Result: ERROR
    Running examples in ‘Ecfun-Ex.R’ failed
    The error most likely occurred in:
    
    > ### Name: mergeUShouse.senate
    > ### Title: Expand a dataset on some members of the US Congress to the
    > ### entire membership
    > ### Aliases: mergeUShouse.senate
    > ### Keywords: manip
    >
    > ### ** Examples
    >
    > tst <- data.frame(Office=factor(rep(c('House', 'Senate'), c(4, 2))),
    + State=factor(c('Missouri', 'Minnesota', 'Tennessee',
    + 'New York', rep('South Carolina', 2))),
    + state=factor(c('MO', 'MN', 'TN', 'NY', 'SC', 'SC')),
    + district=as.character(c(4, 1, 8, 18, 2, 3)),
    + surname=c('Hartzler', 'Walz', 'Fincher', 'Maloney',
    + 'Graham', 'DeMint'),
    + givenName=c('Vicky', 'Timothy J.', 'Stephen Lee',
    + 'Sean Patrick', 'Lindsey', 'Jim'),
    + Party=c('Republican', 'Democrat', 'Republican', 'Democrat',
    + 'Republican', 'Democrat'),
    + CommitteeMember=rep(c(TRUE, FALSE), c(4, 2)),
    + amount=c(5000, 2000, 29500, 1000, 1000, 11500),
    + xvote=c('Y', 'N', 'Y', 'Y', 'notEligible', 'notEligible'),
    + incumbent=NA, stringsAsFactors=FALSE )
    > tst2 <- mergeUShouse.senate(tst)
    Thu Dec 18 11:46:59 2014: readUShouse(http://house.gov/representatives/)| 245791 bytes read in 1.06 seconds
    Error in readUShouse() : 2 tables found with different numbers of rows
    Calls: mergeUShouse.senate -> with -> UShouse.senate -> nrow -> readUShouse
    Execution halted
Flavor: r-patched-solaris-x86

Version: 0.1-3
Check: examples
Result: ERROR
    Running examples in ‘Ecfun-Ex.R’ failed
    The error most likely occurred in:
    
    > ### Name: mergeUShouse.senate
    > ### Title: Expand a dataset on some members of the US Congress to the
    > ### entire membership
    > ### Aliases: mergeUShouse.senate
    > ### Keywords: manip
    >
    > ### ** Examples
    >
    > tst <- data.frame(Office=factor(rep(c('House', 'Senate'), c(4, 2))),
    + State=factor(c('Missouri', 'Minnesota', 'Tennessee',
    + 'New York', rep('South Carolina', 2))),
    + state=factor(c('MO', 'MN', 'TN', 'NY', 'SC', 'SC')),
    + district=as.character(c(4, 1, 8, 18, 2, 3)),
    + surname=c('Hartzler', 'Walz', 'Fincher', 'Maloney',
    + 'Graham', 'DeMint'),
    + givenName=c('Vicky', 'Timothy J.', 'Stephen Lee',
    + 'Sean Patrick', 'Lindsey', 'Jim'),
    + Party=c('Republican', 'Democrat', 'Republican', 'Democrat',
    + 'Republican', 'Democrat'),
    + CommitteeMember=rep(c(TRUE, FALSE), c(4, 2)),
    + amount=c(5000, 2000, 29500, 1000, 1000, 11500),
    + xvote=c('Y', 'N', 'Y', 'Y', 'notEligible', 'notEligible'),
    + incumbent=NA, stringsAsFactors=FALSE )
    > tst2 <- mergeUShouse.senate(tst)
    Fri Dec 19 06:44:16 2014: readUShouse(http://house.gov/representatives/)| 245791 bytes read in 1.08 seconds
    Error in readUShouse() : 2 tables found with different numbers of rows
    Calls: mergeUShouse.senate -> with -> UShouse.senate -> nrow -> readUShouse
    Execution halted
Flavor: r-release-linux-x86_64

Version: 0.1-3
Check: examples
Result: ERROR
    Running examples in 'Ecfun-Ex.R' failed
    The error most likely occurred in:
    
    > ### Name: mergeUShouse.senate
    > ### Title: Expand a dataset on some members of the US Congress to the
    > ### entire membership
    > ### Aliases: mergeUShouse.senate
    > ### Keywords: manip
    >
    > ### ** Examples
    >
    > tst <- data.frame(Office=factor(rep(c('House', 'Senate'), c(4, 2))),
    + State=factor(c('Missouri', 'Minnesota', 'Tennessee',
    + 'New York', rep('South Carolina', 2))),
    + state=factor(c('MO', 'MN', 'TN', 'NY', 'SC', 'SC')),
    + district=as.character(c(4, 1, 8, 18, 2, 3)),
    + surname=c('Hartzler', 'Walz', 'Fincher', 'Maloney',
    + 'Graham', 'DeMint'),
    + givenName=c('Vicky', 'Timothy J.', 'Stephen Lee',
    + 'Sean Patrick', 'Lindsey', 'Jim'),
    + Party=c('Republican', 'Democrat', 'Republican', 'Democrat',
    + 'Republican', 'Democrat'),
    + CommitteeMember=rep(c(TRUE, FALSE), c(4, 2)),
    + amount=c(5000, 2000, 29500, 1000, 1000, 11500),
    + xvote=c('Y', 'N', 'Y', 'Y', 'notEligible', 'notEligible'),
    + incumbent=NA, stringsAsFactors=FALSE )
    > tst2 <- mergeUShouse.senate(tst)
    Fri Dec 19 04:02:00 2014: readUShouse(http://house.gov/representatives/)| 245791 bytes read in 1.33 seconds
    Error in readUShouse() : 2 tables found with different numbers of rows
    Calls: mergeUShouse.senate -> with -> UShouse.senate -> nrow -> readUShouse
    Execution halted
Flavor: r-release-windows-ix86+x86_64

Version: 0.1-3
Check: examples
Result: ERROR
    Running examples in 'Ecfun-Ex.R' failed
    The error most likely occurred in:
    
    > ### Name: mergeUShouse.senate
    > ### Title: Expand a dataset on some members of the US Congress to the
    > ### entire membership
    > ### Aliases: mergeUShouse.senate
    > ### Keywords: manip
    >
    > ### ** Examples
    >
    > tst <- data.frame(Office=factor(rep(c('House', 'Senate'), c(4, 2))),
    + State=factor(c('Missouri', 'Minnesota', 'Tennessee',
    + 'New York', rep('South Carolina', 2))),
    + state=factor(c('MO', 'MN', 'TN', 'NY', 'SC', 'SC')),
    + district=as.character(c(4, 1, 8, 18, 2, 3)),
    + surname=c('Hartzler', 'Walz', 'Fincher', 'Maloney',
    + 'Graham', 'DeMint'),
    + givenName=c('Vicky', 'Timothy J.', 'Stephen Lee',
    + 'Sean Patrick', 'Lindsey', 'Jim'),
    + Party=c('Republican', 'Democrat', 'Republican', 'Democrat',
    + 'Republican', 'Democrat'),
    + CommitteeMember=rep(c(TRUE, FALSE), c(4, 2)),
    + amount=c(5000, 2000, 29500, 1000, 1000, 11500),
    + xvote=c('Y', 'N', 'Y', 'Y', 'notEligible', 'notEligible'),
    + incumbent=NA, stringsAsFactors=FALSE )
    > tst2 <- mergeUShouse.senate(tst)
    Fri Dec 19 11:40:27 2014: readUShouse(http://house.gov/representatives/)| 245791 bytes read in 1.36 seconds
    Error in readUShouse() : 2 tables found with different numbers of rows
    Calls: mergeUShouse.senate -> with -> UShouse.senate -> nrow -> readUShouse
    Execution halted
Flavor: r-oldrel-windows-ix86+x86_64