CRAN Package Check Results for Package Ecfun

Last updated on 2015-07-06 21:46:27.

Flavor Version Tinstall Tcheck Ttotal Status Flags
r-devel-linux-x86_64-debian-clang 0.1-4 3.76 56.72 60.48 NOTE
r-devel-linux-x86_64-debian-gcc 0.1-4 3.73 58.68 62.41 NOTE
r-devel-linux-x86_64-fedora-clang 0.1-4 122.88 NOTE
r-devel-linux-x86_64-fedora-gcc 0.1-4 120.32 NOTE
r-devel-osx-x86_64-clang 0.1-4 119.52 NOTE
r-devel-windows-ix86+x86_64 0.1-4 16.00 93.00 109.00 NOTE
r-patched-linux-x86_64 0.1-4 3.77 56.76 60.54 NOTE
r-patched-solaris-sparc 0.1-4 787.80 NOTE
r-patched-solaris-x86 0.1-4 161.40 NOTE
r-release-linux-x86_64 0.1-4 3.86 57.16 61.02 NOTE
r-release-osx-x86_64-mavericks 0.1-4 OK
r-release-windows-ix86+x86_64 0.1-4 14.00 84.00 98.00 OK
r-oldrel-windows-ix86+x86_64 0.1-4 16.00 104.00 120.00 OK

Check Details

Version: 0.1-4
Check: S3 generic/method consistency
Result: NOTE
    Found the following apparent S3 methods exported but not registered:
     Interp.default interpChar.default interpChar.list interpPairs.call
     interpPairs.function interpPairs.list lines.qqnorm2
     parseCommas.data.frame parseCommas.default plot.qqnorm2 plot.qqnorm2s
     points.qqnorm2
    See section ‘Registering S3 methods’ in the ‘Writing R Extensions’
    manual.
Flavors: r-devel-linux-x86_64-debian-clang, r-devel-linux-x86_64-debian-gcc, r-devel-linux-x86_64-fedora-clang, r-devel-linux-x86_64-fedora-gcc, r-devel-osx-x86_64-clang, r-patched-linux-x86_64, r-patched-solaris-sparc, r-patched-solaris-x86, r-release-linux-x86_64

Version: 0.1-4
Check: R code for possible problems
Result: NOTE
    Arrows: no visible global function definition for ‘par’
    Arrows: no visible binding for global variable ‘arrows’
    InterpChar: no visible global function definition for ‘tail’
    InterpChar: no visible global function definition for ‘head’
    Ping: no visible global function definition for ‘sd’
    checkNames: no visible global function definition for ‘head’
    classIndex: no visible global function definition for ‘is’
    interpChar.default: no visible global function definition for ‘as’
    interpPairs: no visible global function definition for ‘is’
    lines.qqnorm2: no visible binding for global variable ‘lines’
    lines.qqnorm2: no visible binding for global variable ‘text’
    matchName1: no visible binding for global variable ‘de’
    parseName: no visible global function definition for ‘median’
    parseName: no visible binding for global variable ‘tail’
    parseName: no visible global function definition for ‘tail’
    parseName: no visible global function definition for ‘head’
    plot.qqnorm2: no visible binding for global variable ‘plot’
    plot.qqnorm2: no visible binding for global variable ‘text’
    plot.qqnorm2s: no visible binding for global variable ‘plot’
    plot.qqnorm2s: no visible global function definition for ‘lines’
    plot.qqnorm2s: no visible binding for global variable ‘legend’
    points.qqnorm2: no visible binding for global variable ‘points’
    points.qqnorm2: no visible binding for global variable ‘text’
    qqnorm2: no visible global function definition for ‘qqnorm’
    qqnorm2: no visible global function definition for ‘plot’
    qqnorm2s: no visible global function definition for ‘plot’
    rasterImageAdj: no visible global function definition for ‘par’
    rasterImageAdj: no visible global function definition for ‘as.raster’
    rasterImageAdj: no visible global function definition for ‘xyinch’
    rasterImageAdj: no visible global function definition for ‘rasterImage’
    read.testURLs: no visible global function definition for ‘read.csv’
    rtruncdist: no visible global function definition for ‘runif’
    Undefined global functions or variables:
     arrows as as.raster de head is legend lines median par plot points
     qqnorm rasterImage read.csv runif sd tail text xyinch
Flavors: r-devel-linux-x86_64-debian-clang, r-devel-linux-x86_64-debian-gcc, r-devel-linux-x86_64-fedora-clang, r-devel-linux-x86_64-fedora-gcc, r-devel-windows-ix86+x86_64