CRAN Package Check Results for Package Ecfun

Last updated on 2015-05-22 17:46:35.

Flavor Version Tinstall Tcheck Ttotal Status Flags
r-devel-linux-x86_64-debian-clang 0.1-4 3.89 59.37 63.26 NOTE
r-devel-linux-x86_64-debian-gcc 0.1-4 5.04 58.05 63.08 NOTE
r-devel-linux-x86_64-fedora-clang 0.1-4 126.62 NOTE
r-devel-linux-x86_64-fedora-gcc 0.1-4 117.86 NOTE
r-devel-osx-x86_64-clang 0.1-4 107.30 NOTE
r-devel-windows-ix86+x86_64 0.1-4 14.00 90.00 104.00 OK
r-patched-linux-x86_64 0.1-4 3.82 58.74 62.56 NOTE
r-patched-solaris-sparc 0.1-4 740.80 OK
r-patched-solaris-x86 0.1-4 163.70 NOTE
r-release-linux-x86_64 0.1-4 4.20 57.22 61.42 NOTE
r-release-osx-x86_64-mavericks 0.1-4 OK
r-release-osx-x86_64-snowleopard 0.1-4 ERROR
r-release-windows-ix86+x86_64 0.1-4 13.00 88.00 101.00 OK
r-oldrel-windows-ix86+x86_64 0.1-4 13.00 104.00 117.00 OK

Check Details

Version: 0.1-4
Check: package dependencies
Result: NOTE
    Package suggested but not available for checking: ‘pryr’
Flavors: r-devel-linux-x86_64-debian-clang, r-devel-linux-x86_64-debian-gcc, r-devel-linux-x86_64-fedora-clang, r-devel-linux-x86_64-fedora-gcc, r-devel-osx-x86_64-clang

Version: 0.1-4
Check: S3 generic/method consistency
Result: NOTE
    Found the following apparent S3 methods exported but not registered:
     Interp.default interpChar.default interpChar.list interpPairs.call
     interpPairs.function interpPairs.list lines.qqnorm2
     parseCommas.data.frame parseCommas.default plot.qqnorm2 plot.qqnorm2s
     points.qqnorm2
    See section ‘Registering S3 methods’ in the ‘Writing R Extensions’
    manual.
Flavors: r-devel-linux-x86_64-debian-clang, r-devel-linux-x86_64-debian-gcc, r-devel-linux-x86_64-fedora-clang, r-devel-linux-x86_64-fedora-gcc, r-devel-osx-x86_64-clang, r-patched-linux-x86_64, r-patched-solaris-x86, r-release-linux-x86_64

Version: 0.1-4
Check: package dependencies
Result: ERROR
    Packages required but not available: ‘fda’ ‘XML’
    
    Packages suggested but not available for checking: ‘car’ ‘Ecdat’
    
    See section ‘The DESCRIPTION file’ in the ‘Writing R Extensions’
    manual.
Flavor: r-release-osx-x86_64-snowleopard