CRAN Package Check Results for Package Ecfun

Last updated on 2014-10-21 19:47:37.

Flavor Version Tinstall Tcheck Ttotal Status Flags
r-devel-linux-x86_64-debian-clang 0.1-0 0.92 73.15 74.07 NOTE
r-devel-linux-x86_64-debian-gcc 0.1-0 0.93 25.74 26.66 ERROR
r-devel-linux-x86_64-fedora-clang 0.1-0 36.31 NOTE
r-devel-linux-x86_64-fedora-gcc 0.1-0 36.85 NOTE
r-devel-osx-x86_64-clang 0.1-0 39.66 NOTE
r-devel-windows-ix86+x86_64 0.1-0 3.00 36.00 39.00 ERROR
r-patched-linux-x86_64 0.1-0 0.96 27.68 28.64 ERROR
r-patched-solaris-sparc 0.1-0 367.80 NOTE
r-patched-solaris-x86 0.1-0 75.30 NOTE
r-release-linux-ix86 0.1-0 1.21 55.28 56.49 OK
r-release-linux-x86_64 0.1-0 0.89 44.30 45.19 OK
r-release-osx-x86_64-mavericks 0.1-0 OK
r-release-osx-x86_64-snowleopard 0.1-0 OK
r-release-windows-ix86+x86_64 0.1-0 3.00 46.00 49.00 ERROR
r-oldrel-windows-ix86+x86_64 0.1-0 4.00 41.00 45.00 ERROR

Memtest notes: ASAN

Check Details

Version: 0.1-0
Check: R code for possible problems
Result: NOTE
    financialCrisisFiles: no visible global function definition for
     ‘read.xls’
    financialCrisisFiles: no visible global function definition for
     ‘sheetNames’
    parseName : dropEndParen: no visible global function definition for
     ‘stripBlanks’
    parseName: no visible global function definition for ‘stripBlanks’
    read.testURLs: no visible global function definition for
     ‘as.POSIXct1970’
    readCookPVI: no visible global function definition for ‘getURL’
    readCookPVI: no visible global function definition for ‘readHTMLTable’
    readFinancialCrisisFiles: no visible binding for global variable
     ‘read.xls’
    readUShouse: no visible global function definition for ‘getURL’
    readUShouse: no visible global function definition for ‘readHTMLTable’
    readUSsenate: no visible global function definition for ‘getURL’
    readUSsenate: no visible global function definition for ‘readHTMLTable’
    readUSstateAbbreviations: no visible global function definition for
     ‘getURL’
    readUSstateAbbreviations: no visible global function definition for
     ‘readHTMLTable’
    subNonStandardNames: no visible global function definition for
     ‘stripBlanks’
    testURLs: no visible global function definition for ‘getURL’
Flavors: r-devel-linux-x86_64-debian-clang, r-devel-linux-x86_64-debian-gcc, r-devel-linux-x86_64-fedora-clang, r-devel-linux-x86_64-fedora-gcc, r-devel-osx-x86_64-clang, r-devel-windows-ix86+x86_64, r-patched-linux-x86_64, r-patched-solaris-sparc, r-patched-solaris-x86

Version: 0.1-0
Check: examples
Result: ERROR
    Running examples in ‘Ecfun-Ex.R’ failed
    The error most likely occurred in:
    
    > ### Name: readCookPVI
    > ### Title: Read Cook Partisan Voting Index
    > ### Aliases: readCookPVI readCookPVI.
    > ### Keywords: IO
    >
    > ### ** Examples
    >
    > ## Not run:
    > ##D CookPVI <- readCookPVI()
    > ## End(Not run)
    >
    > CookPVI. <- readCookPVI.()
    Loading required package: bitops
    Mon Oct 20 22:39:05 2014: readCookPVI(http://en.wikipedia.org/wiki/Cook_Partisan_Voting_Index)| 214063 bytes read in 0.18 seconds
    Error in `$<-.data.frame`(`*tmp*`, "PartyInSenate", value = integer(0)) :
     replacement has 0 rows, data has 50
    Calls: readCookPVI. -> readCookPVI -> $<- -> $<-.data.frame
    Execution halted
Flavor: r-devel-linux-x86_64-debian-gcc

Version: 0.1-0
Check: examples
Result: ERROR
    Running examples in 'Ecfun-Ex.R' failed
    The error most likely occurred in:
    
    > ### Name: readCookPVI
    > ### Title: Read Cook Partisan Voting Index
    > ### Aliases: readCookPVI readCookPVI.
    > ### Keywords: IO
    >
    > ### ** Examples
    >
    > ## Not run:
    > ##D CookPVI <- readCookPVI()
    > ## End(Not run)
    >
    > CookPVI. <- readCookPVI.()
    Loading required package: bitops
    Sun Oct 19 19:25:59 2014: readCookPVI(http://en.wikipedia.org/wiki/Cook_Partisan_Voting_Index)| 214051 bytes read in 0.15 seconds
    Error in `$<-.data.frame`(`*tmp*`, "PartyInSenate", value = integer(0)) :
     replacement has 0 rows, data has 50
    Calls: readCookPVI. -> readCookPVI -> $<- -> $<-.data.frame
    Execution halted
Flavor: r-devel-windows-ix86+x86_64

Version: 0.1-0
Check: examples
Result: ERROR
    Running examples in ‘Ecfun-Ex.R’ failed
    The error most likely occurred in:
    
    > ### Name: readCookPVI
    > ### Title: Read Cook Partisan Voting Index
    > ### Aliases: readCookPVI readCookPVI.
    > ### Keywords: IO
    >
    > ### ** Examples
    >
    > ## Not run:
    > ##D CookPVI <- readCookPVI()
    > ## End(Not run)
    >
    > CookPVI. <- readCookPVI.()
    Loading required package: bitops
    Tue Oct 21 06:40:37 2014: readCookPVI(http://en.wikipedia.org/wiki/Cook_Partisan_Voting_Index)| 214063 bytes read in 0.2 seconds
    Error in `$<-.data.frame`(`*tmp*`, "PartyInSenate", value = integer(0)) :
     replacement has 0 rows, data has 50
    Calls: readCookPVI. -> readCookPVI -> $<- -> $<-.data.frame
    Execution halted
Flavor: r-patched-linux-x86_64

Version: 0.1-0
Check: examples
Result: ERROR
    Running examples in 'Ecfun-Ex.R' failed
    The error most likely occurred in:
    
    > ### Name: readCookPVI
    > ### Title: Read Cook Partisan Voting Index
    > ### Aliases: readCookPVI readCookPVI.
    > ### Keywords: IO
    >
    > ### ** Examples
    >
    > ## Not run:
    > ##D CookPVI <- readCookPVI()
    > ## End(Not run)
    >
    > CookPVI. <- readCookPVI.()
    Loading required package: bitops
    Mon Oct 20 02:18:35 2014: readCookPVI(http://en.wikipedia.org/wiki/Cook_Partisan_Voting_Index)| 214058 bytes read in 0.16 seconds
    Error in `$<-.data.frame`(`*tmp*`, "PartyInSenate", value = integer(0)) :
     replacement has 0 rows, data has 50
    Calls: readCookPVI. -> readCookPVI -> $<- -> $<-.data.frame
    Execution halted
Flavor: r-release-windows-ix86+x86_64

Version: 0.1-0
Check: examples
Result: ERROR
    Running examples in 'Ecfun-Ex.R' failed
    The error most likely occurred in:
    
    > ### Name: readCookPVI
    > ### Title: Read Cook Partisan Voting Index
    > ### Aliases: readCookPVI readCookPVI.
    > ### Keywords: IO
    >
    > ### ** Examples
    >
    > ## Not run:
    > ##D CookPVI <- readCookPVI()
    > ## End(Not run)
    >
    > CookPVI. <- readCookPVI.()
    Loading required package: bitops
    Mon Oct 20 10:39:54 2014: readCookPVI(http://en.wikipedia.org/wiki/Cook_Partisan_Voting_Index)| 214058 bytes read in 0.16 seconds
    Error in `$<-.data.frame`(`*tmp*`, "PartyInSenate", value = integer(0)) :
     replacement has 0 rows, data has 50
    Calls: readCookPVI. -> readCookPVI -> $<- -> $<-.data.frame
    Execution halted
Flavor: r-oldrel-windows-ix86+x86_64