CRAN Package Check Results for Package Ecfun

Last updated on 2015-08-03 19:49:03.

Flavor Version Tinstall Tcheck Ttotal Status Flags
r-devel-linux-x86_64-debian-clang 0.1-6 3.53 52.84 56.37 OK
r-devel-linux-x86_64-debian-gcc 0.1-6 3.43 51.03 54.46 OK
r-devel-linux-x86_64-fedora-clang 0.1-6 58.28 OK
r-devel-linux-x86_64-fedora-gcc 0.1-6 106.41 OK
r-devel-osx-x86_64-clang 0.1-6 55.19 OK
r-devel-windows-ix86+x86_64 0.1-6 13.00 100.00 113.00 OK
r-patched-linux-x86_64 0.1-4 4.31 57.12 61.43 NOTE
r-patched-solaris-sparc 0.1-6 578.40 OK
r-patched-solaris-x86 0.1-6 114.20 OK
r-release-linux-x86_64 0.1-6 3.44 52.74 56.18 OK
r-release-osx-x86_64-mavericks 0.1-6 OK
r-release-windows-ix86+x86_64 0.1-6 13.00 105.00 118.00 OK
r-oldrel-windows-ix86+x86_64 0.1-6 16.00 133.00 149.00 OK

Check Details

Version: 0.1-4
Check: S3 generic/method consistency
Result: NOTE
    Found the following apparent S3 methods exported but not registered:
     Interp.default interpChar.default interpChar.list interpPairs.call
     interpPairs.function interpPairs.list lines.qqnorm2
     parseCommas.data.frame parseCommas.default plot.qqnorm2 plot.qqnorm2s
     points.qqnorm2
    See section ‘Registering S3 methods’ in the ‘Writing R Extensions’
    manual.
Flavor: r-patched-linux-x86_64