CRAN Package Check Results for Package Ecfun

Last updated on 2018-05-23 07:50:01 CEST.

Flavor Version Tinstall Tcheck Ttotal Status Flags
r-devel-linux-x86_64-debian-clang 0.1-7 9.16 89.57 98.73 OK
r-devel-linux-x86_64-debian-gcc 0.1-7 7.25 71.13 78.38 NOTE
r-devel-linux-x86_64-fedora-clang 0.1-7 123.45 OK
r-devel-linux-x86_64-fedora-gcc 0.1-7 118.58 OK
r-devel-windows-ix86+x86_64 0.1-7 12.00 137.00 149.00 OK
r-patched-linux-x86_64 0.1-7 7.27 81.34 88.61 OK
r-patched-solaris-x86 0.1-7 149.10 OK
r-release-linux-x86_64 0.1-7 8.76 80.46 89.22 OK
r-release-windows-ix86+x86_64 0.1-7 18.00 119.00 137.00 OK
r-release-osx-x86_64 0.1-7 OK
r-oldrel-windows-ix86+x86_64 0.1-7 10.00 132.00 142.00 OK
r-oldrel-osx-x86_64 0.1-7 OK

Check Details

Version: 0.1-7
Check: package dependencies
Result: NOTE
    Package suggested but not available for checking: ‘car’
Flavor: r-devel-linux-x86_64-debian-gcc