CRAN Package Check Results for Package Ecfun

Last updated on 2016-07-30 08:48:11.

Flavor Version Tinstall Tcheck Ttotal Status Flags
r-devel-linux-x86_64-debian-clang 0.1-7 3.58 52.59 56.17 OK
r-devel-linux-x86_64-debian-gcc 0.1-7 3.25 54.39 57.64 OK
r-devel-linux-x86_64-fedora-clang 0.1-7 136.76 OK
r-devel-linux-x86_64-fedora-gcc 0.1-7 102.24 OK
r-devel-osx-x86_64-clang 0.1-7 86.55 OK
r-devel-windows-ix86+x86_64 0.1-7 9.00 114.00 123.00 ERROR
r-patched-linux-x86_64 0.1-7 4.41 61.34 65.75 OK
r-patched-solaris-sparc 0.1-7 624.40 OK
r-patched-solaris-x86 0.1-7 126.60 OK
r-release-linux-x86_64 0.1-7 4.26 60.48 64.74 OK
r-release-osx-x86_64-mavericks 0.1-7 OK
r-release-windows-ix86+x86_64 0.1-7 15.00 94.00 109.00 OK
r-oldrel-windows-ix86+x86_64 0.1-7 12.00 97.00 109.00 OK

Check Details

Version: 0.1-7
Check: examples
Result: ERROR
    Running examples in 'Ecfun-Ex.R' failed
    The error most likely occurred in:
    
    > ### Name: read.testURLs
    > ### Title: Read a file produced by testURLs
    > ### Aliases: read.testURLs
    > ### Keywords: IO
    >
    > ### ** Examples
    >
    > # Test only 2 web sites, not the default 4,
    > # and test only twice, not the default 10 times:
    > tst <- testURLs(c(
    + PVI="http://en.wikipedia.org/wiki/Cook_Partisan_Voting_Index",
    + house="http://house.gov/representatives"),
    + n=2, maxFail=2)
    1
    1469796483, PVI, TRUE 2.86
    1469796486, house, FALSE 22.96
    1469796509, house, TRUE 2.06
    2
    1469796511, PVI, TRUE 0.67
    1469796512, house, TRUE 0.37
    >
    > # The above should have created a file 'testURLresults.csv'
    > # in the working directory. Read it.
    >
    > dat <- read.testURLs()
    Error in read.table(file = file, header = header, sep = sep, quote = quote, :
     more columns than column names
    Calls: read.testURLs -> read.csv -> read.table
    Execution halted
Flavor: r-devel-windows-ix86+x86_64