CRAN Package Check Results for Package Ecfun

Last updated on 2015-04-01 17:48:34.

Flavor Version Tinstall Tcheck Ttotal Status Flags
r-devel-linux-x86_64-debian-clang 0.1-4 4.12 57.25 61.37 NOTE
r-devel-linux-x86_64-debian-gcc 0.1-4 5.26 59.22 64.48 NOTE
r-devel-linux-x86_64-fedora-clang 0.1-4 124.97 NOTE
r-devel-linux-x86_64-fedora-gcc 0.1-4 115.86 NOTE
r-devel-osx-x86_64-clang 0.1-4 115.63 NOTE
r-prerel-windows-ix86+x86_64 0.1-4 11.00 85.00 96.00 OK
r-prerel-linux-x86_64 0.1-4 3.73 56.98 60.71 NOTE
r-prerel-solaris-sparc 0.1-4 740.80 OK
r-prerel-solaris-x86 0.1-4 170.90 OK
r-release-linux-x86_64 0.1-4 5.27 71.19 76.46 OK
r-release-osx-x86_64-mavericks 0.1-4 OK
r-release-osx-x86_64-snowleopard 0.1-4 OK
r-release-windows-ix86+x86_64 0.1-4 15.00 108.00 123.00 OK
r-oldrel-windows-ix86+x86_64 0.1-4 15.00 104.00 119.00 OK

Check Details

Version: 0.1-4
Check: S3 generic/method consistency
Result: NOTE
    Found the following apparent S3 methods exported but not registered:
     Interp.default interpChar.default interpChar.list interpPairs.call
     interpPairs.function interpPairs.list lines.qqnorm2
     parseCommas.data.frame parseCommas.default plot.qqnorm2 plot.qqnorm2s
     points.qqnorm2
    See section ‘Registering S3 methods’ in the ‘Writing R Extensions’
    manual.
Flavors: r-devel-linux-x86_64-debian-clang, r-devel-linux-x86_64-debian-gcc, r-devel-linux-x86_64-fedora-clang, r-devel-linux-x86_64-fedora-gcc, r-devel-osx-x86_64-clang, r-prerel-linux-x86_64