CRAN Package Check Results for Package EcoHydRology

Last updated on 2014-08-01 14:47:23.

Flavor Version Tinstall Tcheck Ttotal Status Flags
r-devel-linux-x86_64-debian-clang 0.4.12 1.79 28.42 30.21 NOTE
r-devel-linux-x86_64-debian-gcc 0.4.12 2.55 88.92 91.47 NOTE
r-devel-linux-x86_64-fedora-clang 0.4.12 54.08 NOTE
r-devel-linux-x86_64-fedora-gcc 0.4.12 49.95 NOTE
r-devel-osx-x86_64-clang 0.4.12 52.67 NOTE
r-devel-windows-ix86+x86_64 0.4.12 7.00 39.00 46.00 NOTE
r-patched-linux-x86_64 0.4.12 1.76 31.12 32.87 NOTE
r-patched-solaris-sparc 0.4.12 301.80 NOTE
r-patched-solaris-x86 0.4.12 67.80 NOTE
r-release-linux-ix86 0.4.12 2.48 36.48 38.96 NOTE
r-release-linux-x86_64 0.4.12 1.82 88.23 90.05 NOTE
r-release-osx-x86_64-mavericks 0.4.12 NOTE
r-release-osx-x86_64-snowleopard 0.4.12 NOTE
r-release-windows-ix86+x86_64 0.4.12 12.00 54.00 66.00 NOTE
r-oldrel-windows-ix86+x86_64 0.4.12 11.00 57.00 68.00 NOTE

Check Details

Version: 0.4.12
Check: data for non-ASCII characters
Result: NOTE
     Note: found 8 marked UTF-8 strings
Flavors: r-devel-linux-x86_64-debian-clang, r-devel-linux-x86_64-debian-gcc, r-devel-linux-x86_64-fedora-clang, r-devel-linux-x86_64-fedora-gcc, r-devel-osx-x86_64-clang, r-devel-windows-ix86+x86_64, r-patched-linux-x86_64, r-patched-solaris-sparc, r-patched-solaris-x86, r-release-linux-ix86, r-release-linux-x86_64, r-release-osx-x86_64-mavericks, r-release-osx-x86_64-snowleopard, r-release-windows-ix86+x86_64, r-oldrel-windows-ix86+x86_64