CRAN Package Check Results for Package EcoHydRology

Last updated on 2015-05-25 11:48:20.

Flavor Version Tinstall Tcheck Ttotal Status Flags
r-devel-linux-x86_64-debian-clang 0.4.12 1.48 24.59 26.08 NOTE
r-devel-linux-x86_64-debian-gcc 0.4.12 1.49 26.44 27.93 NOTE
r-devel-linux-x86_64-fedora-clang 0.4.12 43.47 NOTE
r-devel-linux-x86_64-fedora-gcc 0.4.12 40.78 NOTE
r-devel-osx-x86_64-clang 0.4.12 47.51 NOTE
r-devel-windows-ix86+x86_64 0.4.12 7.00 38.00 45.00 NOTE
r-patched-linux-x86_64 0.4.12 2.12 24.93 27.05 NOTE
r-patched-solaris-sparc 0.4.12 281.40 NOTE
r-patched-solaris-x86 0.4.12 60.30 NOTE
r-release-linux-x86_64 0.4.12 1.58 23.95 25.54 NOTE
r-release-osx-x86_64-mavericks 0.4.12 NOTE
r-release-osx-x86_64-snowleopard 0.4.12 ERROR
r-release-windows-ix86+x86_64 0.4.12 7.00 36.00 43.00 NOTE
r-oldrel-windows-ix86+x86_64 0.4.12 9.00 43.00 52.00 NOTE

Check Details

Version: 0.4.12
Check: DESCRIPTION meta-information
Result: NOTE
    Malformed Title field: should not end in a period.
Flavors: r-devel-linux-x86_64-debian-clang, r-devel-linux-x86_64-debian-gcc, r-devel-linux-x86_64-fedora-clang, r-devel-linux-x86_64-fedora-gcc, r-devel-osx-x86_64-clang, r-devel-windows-ix86+x86_64, r-patched-linux-x86_64, r-patched-solaris-sparc, r-patched-solaris-x86, r-release-linux-x86_64, r-release-osx-x86_64-mavericks, r-release-windows-ix86+x86_64

Version: 0.4.12
Check: data for non-ASCII characters
Result: NOTE
     Note: found 8 marked UTF-8 strings
Flavors: r-devel-linux-x86_64-debian-clang, r-devel-linux-x86_64-debian-gcc, r-devel-linux-x86_64-fedora-clang, r-devel-linux-x86_64-fedora-gcc, r-devel-osx-x86_64-clang, r-devel-windows-ix86+x86_64, r-patched-linux-x86_64, r-patched-solaris-sparc, r-patched-solaris-x86, r-release-linux-x86_64, r-release-osx-x86_64-mavericks, r-release-windows-ix86+x86_64, r-oldrel-windows-ix86+x86_64

Version: 0.4.12
Check: package dependencies
Result: ERROR
    Package required but not available: ‘XML’
    
    See section ‘The DESCRIPTION file’ in the ‘Writing R Extensions’
    manual.
Flavor: r-release-osx-x86_64-snowleopard