CRAN Package Check Results for Package EcoHydRology

Last updated on 2015-07-28 09:46:58.

Flavor Version Tinstall Tcheck Ttotal Status Flags
r-devel-linux-x86_64-debian-clang 0.4.12 1.60 25.09 26.70 NOTE
r-devel-linux-x86_64-debian-gcc 0.4.12 1.46 24.01 25.47 NOTE
r-devel-linux-x86_64-fedora-clang 0.4.12 42.81 NOTE
r-devel-linux-x86_64-fedora-gcc 0.4.12 41.11 NOTE
r-devel-osx-x86_64-clang 0.4.12 44.13 NOTE
r-devel-windows-ix86+x86_64 0.4.12 7.00 35.00 42.00 NOTE
r-patched-linux-x86_64 0.4.12 1.49 25.34 26.83 NOTE
r-patched-solaris-sparc 0.4.12 288.40 NOTE
r-patched-solaris-x86 0.4.12 60.20 NOTE
r-release-linux-x86_64 0.4.12 2.06 25.28 27.34 NOTE
r-release-osx-x86_64-mavericks 0.4.12 NOTE
r-release-windows-ix86+x86_64 0.4.12 12.00 37.00 49.00 NOTE
r-oldrel-windows-ix86+x86_64 0.4.12 9.00 61.00 70.00 NOTE

Check Details

Version: 0.4.12
Check: DESCRIPTION meta-information
Result: NOTE
    Malformed Title field: should not end in a period.
Flavors: r-devel-linux-x86_64-debian-clang, r-devel-linux-x86_64-debian-gcc, r-devel-linux-x86_64-fedora-clang, r-devel-linux-x86_64-fedora-gcc, r-devel-osx-x86_64-clang, r-devel-windows-ix86+x86_64, r-patched-linux-x86_64, r-patched-solaris-sparc, r-patched-solaris-x86, r-release-linux-x86_64, r-release-osx-x86_64-mavericks, r-release-windows-ix86+x86_64

Version: 0.4.12
Check: R code for possible problems
Result: NOTE
    BaseflowSeparation: no visible global function definition for
     ‘quantile’
     (/tmp/RtmpJPq7aG/R.INSTALL61777e12019/EcoHydRology/R/BaseflowSeparation.R:8)
    SWAT2005: no visible global function definition for ‘read.fortran’
     (/tmp/RtmpJPq7aG/R.INSTALL61777e12019/EcoHydRology/R/SWAT2005.R:16)
    alter_files: no visible global function definition for ‘read.fortran’
     (/tmp/RtmpJPq7aG/R.INSTALL61777e12019/EcoHydRology/R/alter_files.R:22)
    build_gsod_forcing_data: no visible global function definition for
     ‘na.omit’
     (/tmp/RtmpJPq7aG/R.INSTALL61777e12019/EcoHydRology/R/build_gsod_forcing_data.R:33)
    get_cfsr_latlon: no visible global function definition for
     ‘download.file’
     (/tmp/RtmpJPq7aG/R.INSTALL61777e12019/EcoHydRology/R/get_cfsr_latlon.R:10)
    get_cfsr_latlon: no visible global function definition for ‘read.csv’
     (/tmp/RtmpJPq7aG/R.INSTALL61777e12019/EcoHydRology/R/get_cfsr_latlon.R:11)
    get_gsod_stn: no visible global function definition for ‘read.csv’
     (/tmp/RtmpJPq7aG/R.INSTALL61777e12019/EcoHydRology/R/get_gsod_stn.R:22-23)
    get_gsod_stn: no visible global function definition for ‘download.file’
     (/tmp/RtmpJPq7aG/R.INSTALL61777e12019/EcoHydRology/R/get_gsod_stn.R:44)
    get_usgs_gage: no visible global function definition for ‘read.delim’
     (/tmp/RtmpJPq7aG/R.INSTALL61777e12019/EcoHydRology/R/get_usgs_gage.R:10)
    get_usgs_gage: no visible global function definition for ‘read.delim’
     (/tmp/RtmpJPq7aG/R.INSTALL61777e12019/EcoHydRology/R/get_usgs_gage.R:25)
    get_usgs_gage: no visible global function definition for ‘na.omit’
     (/tmp/RtmpJPq7aG/R.INSTALL61777e12019/EcoHydRology/R/get_usgs_gage.R:28)
    hydrograph: no visible global function definition for ‘par’
     (/tmp/RtmpJPq7aG/R.INSTALL61777e12019/EcoHydRology/R/hydrograph.R:15)
    hydrograph: no visible global function definition for ‘barplot’
     (/tmp/RtmpJPq7aG/R.INSTALL61777e12019/EcoHydRology/R/hydrograph.R:16-18)
    hydrograph: no visible global function definition for ‘na.omit’
     (/tmp/RtmpJPq7aG/R.INSTALL61777e12019/EcoHydRology/R/hydrograph.R:16-18)
    hydrograph: no visible global function definition for ‘axis’
     (/tmp/RtmpJPq7aG/R.INSTALL61777e12019/EcoHydRology/R/hydrograph.R:19)
    hydrograph: no visible global function definition for ‘axis’
     (/tmp/RtmpJPq7aG/R.INSTALL61777e12019/EcoHydRology/R/hydrograph.R:20-26)
    hydrograph: no visible global function definition for ‘na.omit’
     (/tmp/RtmpJPq7aG/R.INSTALL61777e12019/EcoHydRology/R/hydrograph.R:20-26)
    hydrograph: no visible global function definition for ‘mtext’
     (/tmp/RtmpJPq7aG/R.INSTALL61777e12019/EcoHydRology/R/hydrograph.R:28)
    hydrograph: no visible global function definition for ‘mtext’
     (/tmp/RtmpJPq7aG/R.INSTALL61777e12019/EcoHydRology/R/hydrograph.R:27-29)
    hydrograph: no visible global function definition for ‘par’
     (/tmp/RtmpJPq7aG/R.INSTALL61777e12019/EcoHydRology/R/hydrograph.R:30)
    hydrograph: no visible global function definition for ‘barplot’
     (/tmp/RtmpJPq7aG/R.INSTALL61777e12019/EcoHydRology/R/hydrograph.R:33-35)
    hydrograph: no visible global function definition for ‘na.omit’
     (/tmp/RtmpJPq7aG/R.INSTALL61777e12019/EcoHydRology/R/hydrograph.R:33-35)
    hydrograph: no visible global function definition for ‘par’
     (/tmp/RtmpJPq7aG/R.INSTALL61777e12019/EcoHydRology/R/hydrograph.R:36)
    hydrograph: no visible global function definition for ‘plot’
     (/tmp/RtmpJPq7aG/R.INSTALL61777e12019/EcoHydRology/R/hydrograph.R:39-42)
    hydrograph: no visible global function definition for ‘na.omit’
     (/tmp/RtmpJPq7aG/R.INSTALL61777e12019/EcoHydRology/R/hydrograph.R:39-42)
    hydrograph: no visible global function definition for ‘mtext’
     (/tmp/RtmpJPq7aG/R.INSTALL61777e12019/EcoHydRology/R/hydrograph.R:45)
    hydrograph: no visible global function definition for ‘mtext’
     (/tmp/RtmpJPq7aG/R.INSTALL61777e12019/EcoHydRology/R/hydrograph.R:47)
    hydrograph: no visible global function definition for ‘mtext’
     (/tmp/RtmpJPq7aG/R.INSTALL61777e12019/EcoHydRology/R/hydrograph.R:44-48)
    hydrograph: no visible global function definition for ‘lines’
     (/tmp/RtmpJPq7aG/R.INSTALL61777e12019/EcoHydRology/R/hydrograph.R:49-50)
    hydrograph: no visible global function definition for ‘lines’
     (/tmp/RtmpJPq7aG/R.INSTALL61777e12019/EcoHydRology/R/hydrograph.R:52-53)
    hydrograph: no visible global function definition for ‘lines’
     (/tmp/RtmpJPq7aG/R.INSTALL61777e12019/EcoHydRology/R/hydrograph.R:56-57)
    hydrograph: no visible global function definition for ‘axis’
     (/tmp/RtmpJPq7aG/R.INSTALL61777e12019/EcoHydRology/R/hydrograph.R:59-61)
    hydrograph: no visible global function definition for ‘axis’
     (/tmp/RtmpJPq7aG/R.INSTALL61777e12019/EcoHydRology/R/hydrograph.R:63)
    swat_objective_function: no visible global function definition for
     ‘read.fortran’
     (/tmp/RtmpJPq7aG/R.INSTALL61777e12019/EcoHydRology/R/swat_objective_function.R:11)
    swat_objective_function: no visible global function definition for
     ‘plot’
     (/tmp/RtmpJPq7aG/R.INSTALL61777e12019/EcoHydRology/R/swat_objective_function.R:25)
    swat_objective_function: no visible global function definition for
     ‘lines’
     (/tmp/RtmpJPq7aG/R.INSTALL61777e12019/EcoHydRology/R/swat_objective_function.R:26)
    swat_objective_function_rch: no visible global function definition for
     ‘runif’
     (/tmp/RtmpJPq7aG/R.INSTALL61777e12019/EcoHydRology/R/swat_objective_function_rch.R:5)
    swat_objective_function_rch: no visible global function definition for
     ‘read.fortran’
     (/tmp/RtmpJPq7aG/R.INSTALL61777e12019/EcoHydRology/R/swat_objective_function_rch.R:16)
    testSWAT2005 : runSWAT2005: no visible global function definition for
     ‘read.fortran’
     (/tmp/RtmpJPq7aG/R.INSTALL61777e12019/EcoHydRology/R/testSWAT2005.R:23-24)
    Undefined global functions or variables:
     axis barplot download.file lines mtext na.omit par plot quantile
     read.csv read.delim read.fortran runif
    Consider adding
     importFrom("graphics", "axis", "barplot", "lines", "mtext", "par",
     "plot")
     importFrom("stats", "na.omit", "quantile", "runif")
     importFrom("utils", "download.file", "read.csv", "read.delim",
     "read.fortran")
    to your NAMESPACE.
Flavor: r-devel-linux-x86_64-debian-clang

Version: 0.4.12
Check: data for non-ASCII characters
Result: NOTE
     Note: found 8 marked UTF-8 strings
Flavors: r-devel-linux-x86_64-debian-clang, r-devel-linux-x86_64-debian-gcc, r-devel-linux-x86_64-fedora-clang, r-devel-linux-x86_64-fedora-gcc, r-devel-osx-x86_64-clang, r-devel-windows-ix86+x86_64, r-patched-linux-x86_64, r-patched-solaris-sparc, r-patched-solaris-x86, r-release-linux-x86_64, r-release-osx-x86_64-mavericks, r-release-windows-ix86+x86_64, r-oldrel-windows-ix86+x86_64

Version: 0.4.12
Check: R code for possible problems
Result: NOTE
    BaseflowSeparation: no visible global function definition for
     ‘quantile’
     (/tmp/Rtmp4TLFjm/R.INSTALL14764f356a4e/EcoHydRology/R/BaseflowSeparation.R:8)
    SWAT2005: no visible global function definition for ‘read.fortran’
     (/tmp/Rtmp4TLFjm/R.INSTALL14764f356a4e/EcoHydRology/R/SWAT2005.R:16)
    alter_files: no visible global function definition for ‘read.fortran’
     (/tmp/Rtmp4TLFjm/R.INSTALL14764f356a4e/EcoHydRology/R/alter_files.R:22)
    build_gsod_forcing_data: no visible global function definition for
     ‘na.omit’
     (/tmp/Rtmp4TLFjm/R.INSTALL14764f356a4e/EcoHydRology/R/build_gsod_forcing_data.R:33)
    get_cfsr_latlon: no visible global function definition for
     ‘download.file’
     (/tmp/Rtmp4TLFjm/R.INSTALL14764f356a4e/EcoHydRology/R/get_cfsr_latlon.R:10)
    get_cfsr_latlon: no visible global function definition for ‘read.csv’
     (/tmp/Rtmp4TLFjm/R.INSTALL14764f356a4e/EcoHydRology/R/get_cfsr_latlon.R:11)
    get_gsod_stn: no visible global function definition for ‘read.csv’
     (/tmp/Rtmp4TLFjm/R.INSTALL14764f356a4e/EcoHydRology/R/get_gsod_stn.R:22-23)
    get_gsod_stn: no visible global function definition for ‘download.file’
     (/tmp/Rtmp4TLFjm/R.INSTALL14764f356a4e/EcoHydRology/R/get_gsod_stn.R:44)
    get_usgs_gage: no visible global function definition for ‘read.delim’
     (/tmp/Rtmp4TLFjm/R.INSTALL14764f356a4e/EcoHydRology/R/get_usgs_gage.R:10)
    get_usgs_gage: no visible global function definition for ‘read.delim’
     (/tmp/Rtmp4TLFjm/R.INSTALL14764f356a4e/EcoHydRology/R/get_usgs_gage.R:25)
    get_usgs_gage: no visible global function definition for ‘na.omit’
     (/tmp/Rtmp4TLFjm/R.INSTALL14764f356a4e/EcoHydRology/R/get_usgs_gage.R:28)
    hydrograph: no visible global function definition for ‘par’
     (/tmp/Rtmp4TLFjm/R.INSTALL14764f356a4e/EcoHydRology/R/hydrograph.R:15)
    hydrograph: no visible global function definition for ‘barplot’
     (/tmp/Rtmp4TLFjm/R.INSTALL14764f356a4e/EcoHydRology/R/hydrograph.R:16-18)
    hydrograph: no visible global function definition for ‘na.omit’
     (/tmp/Rtmp4TLFjm/R.INSTALL14764f356a4e/EcoHydRology/R/hydrograph.R:16-18)
    hydrograph: no visible global function definition for ‘axis’
     (/tmp/Rtmp4TLFjm/R.INSTALL14764f356a4e/EcoHydRology/R/hydrograph.R:19)
    hydrograph: no visible global function definition for ‘axis’
     (/tmp/Rtmp4TLFjm/R.INSTALL14764f356a4e/EcoHydRology/R/hydrograph.R:20-26)
    hydrograph: no visible global function definition for ‘na.omit’
     (/tmp/Rtmp4TLFjm/R.INSTALL14764f356a4e/EcoHydRology/R/hydrograph.R:20-26)
    hydrograph: no visible global function definition for ‘mtext’
     (/tmp/Rtmp4TLFjm/R.INSTALL14764f356a4e/EcoHydRology/R/hydrograph.R:28)
    hydrograph: no visible global function definition for ‘mtext’
     (/tmp/Rtmp4TLFjm/R.INSTALL14764f356a4e/EcoHydRology/R/hydrograph.R:27-29)
    hydrograph: no visible global function definition for ‘par’
     (/tmp/Rtmp4TLFjm/R.INSTALL14764f356a4e/EcoHydRology/R/hydrograph.R:30)
    hydrograph: no visible global function definition for ‘barplot’
     (/tmp/Rtmp4TLFjm/R.INSTALL14764f356a4e/EcoHydRology/R/hydrograph.R:33-35)
    hydrograph: no visible global function definition for ‘na.omit’
     (/tmp/Rtmp4TLFjm/R.INSTALL14764f356a4e/EcoHydRology/R/hydrograph.R:33-35)
    hydrograph: no visible global function definition for ‘par’
     (/tmp/Rtmp4TLFjm/R.INSTALL14764f356a4e/EcoHydRology/R/hydrograph.R:36)
    hydrograph: no visible global function definition for ‘plot’
     (/tmp/Rtmp4TLFjm/R.INSTALL14764f356a4e/EcoHydRology/R/hydrograph.R:39-42)
    hydrograph: no visible global function definition for ‘na.omit’
     (/tmp/Rtmp4TLFjm/R.INSTALL14764f356a4e/EcoHydRology/R/hydrograph.R:39-42)
    hydrograph: no visible global function definition for ‘mtext’
     (/tmp/Rtmp4TLFjm/R.INSTALL14764f356a4e/EcoHydRology/R/hydrograph.R:45)
    hydrograph: no visible global function definition for ‘mtext’
     (/tmp/Rtmp4TLFjm/R.INSTALL14764f356a4e/EcoHydRology/R/hydrograph.R:47)
    hydrograph: no visible global function definition for ‘mtext’
     (/tmp/Rtmp4TLFjm/R.INSTALL14764f356a4e/EcoHydRology/R/hydrograph.R:44-48)
    hydrograph: no visible global function definition for ‘lines’
     (/tmp/Rtmp4TLFjm/R.INSTALL14764f356a4e/EcoHydRology/R/hydrograph.R:49-50)
    hydrograph: no visible global function definition for ‘lines’
     (/tmp/Rtmp4TLFjm/R.INSTALL14764f356a4e/EcoHydRology/R/hydrograph.R:52-53)
    hydrograph: no visible global function definition for ‘lines’
     (/tmp/Rtmp4TLFjm/R.INSTALL14764f356a4e/EcoHydRology/R/hydrograph.R:56-57)
    hydrograph: no visible global function definition for ‘axis’
     (/tmp/Rtmp4TLFjm/R.INSTALL14764f356a4e/EcoHydRology/R/hydrograph.R:59-61)
    hydrograph: no visible global function definition for ‘axis’
     (/tmp/Rtmp4TLFjm/R.INSTALL14764f356a4e/EcoHydRology/R/hydrograph.R:63)
    swat_objective_function: no visible global function definition for
     ‘read.fortran’
     (/tmp/Rtmp4TLFjm/R.INSTALL14764f356a4e/EcoHydRology/R/swat_objective_function.R:11)
    swat_objective_function: no visible global function definition for
     ‘plot’
     (/tmp/Rtmp4TLFjm/R.INSTALL14764f356a4e/EcoHydRology/R/swat_objective_function.R:25)
    swat_objective_function: no visible global function definition for
     ‘lines’
     (/tmp/Rtmp4TLFjm/R.INSTALL14764f356a4e/EcoHydRology/R/swat_objective_function.R:26)
    swat_objective_function_rch: no visible global function definition for
     ‘runif’
     (/tmp/Rtmp4TLFjm/R.INSTALL14764f356a4e/EcoHydRology/R/swat_objective_function_rch.R:5)
    swat_objective_function_rch: no visible global function definition for
     ‘read.fortran’
     (/tmp/Rtmp4TLFjm/R.INSTALL14764f356a4e/EcoHydRology/R/swat_objective_function_rch.R:16)
    testSWAT2005 : runSWAT2005: no visible global function definition for
     ‘read.fortran’
     (/tmp/Rtmp4TLFjm/R.INSTALL14764f356a4e/EcoHydRology/R/testSWAT2005.R:23-24)
    Undefined global functions or variables:
     axis barplot download.file lines mtext na.omit par plot quantile
     read.csv read.delim read.fortran runif
    Consider adding
     importFrom("graphics", "axis", "barplot", "lines", "mtext", "par",
     "plot")
     importFrom("stats", "na.omit", "quantile", "runif")
     importFrom("utils", "download.file", "read.csv", "read.delim",
     "read.fortran")
    to your NAMESPACE.
Flavor: r-devel-linux-x86_64-debian-gcc

Version: 0.4.12
Check: R code for possible problems
Result: NOTE
    BaseflowSeparation: no visible global function definition for
     ‘quantile’
     (/data/gannet/ripley/R/packages/tests-clang/EcoHydRology/R/BaseflowSeparation.R:8)
    SWAT2005: no visible global function definition for ‘read.fortran’
     (/data/gannet/ripley/R/packages/tests-clang/EcoHydRology/R/SWAT2005.R:16)
    alter_files: no visible global function definition for ‘read.fortran’
     (/data/gannet/ripley/R/packages/tests-clang/EcoHydRology/R/alter_files.R:22)
    build_gsod_forcing_data: no visible global function definition for
     ‘na.omit’
     (/data/gannet/ripley/R/packages/tests-clang/EcoHydRology/R/build_gsod_forcing_data.R:33)
    get_cfsr_latlon: no visible global function definition for
     ‘download.file’
     (/data/gannet/ripley/R/packages/tests-clang/EcoHydRology/R/get_cfsr_latlon.R:10)
    get_cfsr_latlon: no visible global function definition for ‘read.csv’
     (/data/gannet/ripley/R/packages/tests-clang/EcoHydRology/R/get_cfsr_latlon.R:11)
    get_gsod_stn: no visible global function definition for ‘read.csv’
     (/data/gannet/ripley/R/packages/tests-clang/EcoHydRology/R/get_gsod_stn.R:22-23)
    get_gsod_stn: no visible global function definition for ‘download.file’
     (/data/gannet/ripley/R/packages/tests-clang/EcoHydRology/R/get_gsod_stn.R:44)
    get_usgs_gage: no visible global function definition for ‘read.delim’
     (/data/gannet/ripley/R/packages/tests-clang/EcoHydRology/R/get_usgs_gage.R:10)
    get_usgs_gage: no visible global function definition for ‘read.delim’
     (/data/gannet/ripley/R/packages/tests-clang/EcoHydRology/R/get_usgs_gage.R:25)
    get_usgs_gage: no visible global function definition for ‘na.omit’
     (/data/gannet/ripley/R/packages/tests-clang/EcoHydRology/R/get_usgs_gage.R:28)
    hydrograph: no visible global function definition for ‘par’
     (/data/gannet/ripley/R/packages/tests-clang/EcoHydRology/R/hydrograph.R:15)
    hydrograph: no visible global function definition for ‘barplot’
     (/data/gannet/ripley/R/packages/tests-clang/EcoHydRology/R/hydrograph.R:16-18)
    hydrograph: no visible global function definition for ‘na.omit’
     (/data/gannet/ripley/R/packages/tests-clang/EcoHydRology/R/hydrograph.R:16-18)
    hydrograph: no visible global function definition for ‘axis’
     (/data/gannet/ripley/R/packages/tests-clang/EcoHydRology/R/hydrograph.R:19)
    hydrograph: no visible global function definition for ‘axis’
     (/data/gannet/ripley/R/packages/tests-clang/EcoHydRology/R/hydrograph.R:20-26)
    hydrograph: no visible global function definition for ‘na.omit’
     (/data/gannet/ripley/R/packages/tests-clang/EcoHydRology/R/hydrograph.R:20-26)
    hydrograph: no visible global function definition for ‘mtext’
     (/data/gannet/ripley/R/packages/tests-clang/EcoHydRology/R/hydrograph.R:28)
    hydrograph: no visible global function definition for ‘mtext’
     (/data/gannet/ripley/R/packages/tests-clang/EcoHydRology/R/hydrograph.R:27-29)
    hydrograph: no visible global function definition for ‘par’
     (/data/gannet/ripley/R/packages/tests-clang/EcoHydRology/R/hydrograph.R:30)
    hydrograph: no visible global function definition for ‘barplot’
     (/data/gannet/ripley/R/packages/tests-clang/EcoHydRology/R/hydrograph.R:33-35)
    hydrograph: no visible global function definition for ‘na.omit’
     (/data/gannet/ripley/R/packages/tests-clang/EcoHydRology/R/hydrograph.R:33-35)
    hydrograph: no visible global function definition for ‘par’
     (/data/gannet/ripley/R/packages/tests-clang/EcoHydRology/R/hydrograph.R:36)
    hydrograph: no visible global function definition for ‘plot’
     (/data/gannet/ripley/R/packages/tests-clang/EcoHydRology/R/hydrograph.R:39-42)
    hydrograph: no visible global function definition for ‘na.omit’
     (/data/gannet/ripley/R/packages/tests-clang/EcoHydRology/R/hydrograph.R:39-42)
    hydrograph: no visible global function definition for ‘mtext’
     (/data/gannet/ripley/R/packages/tests-clang/EcoHydRology/R/hydrograph.R:45)
    hydrograph: no visible global function definition for ‘mtext’
     (/data/gannet/ripley/R/packages/tests-clang/EcoHydRology/R/hydrograph.R:47)
    hydrograph: no visible global function definition for ‘mtext’
     (/data/gannet/ripley/R/packages/tests-clang/EcoHydRology/R/hydrograph.R:44-48)
    hydrograph: no visible global function definition for ‘lines’
     (/data/gannet/ripley/R/packages/tests-clang/EcoHydRology/R/hydrograph.R:49-50)
    hydrograph: no visible global function definition for ‘lines’
     (/data/gannet/ripley/R/packages/tests-clang/EcoHydRology/R/hydrograph.R:52-53)
    hydrograph: no visible global function definition for ‘lines’
     (/data/gannet/ripley/R/packages/tests-clang/EcoHydRology/R/hydrograph.R:56-57)
    hydrograph: no visible global function definition for ‘axis’
     (/data/gannet/ripley/R/packages/tests-clang/EcoHydRology/R/hydrograph.R:59-61)
    hydrograph: no visible global function definition for ‘axis’
     (/data/gannet/ripley/R/packages/tests-clang/EcoHydRology/R/hydrograph.R:63)
    swat_objective_function: no visible global function definition for
     ‘read.fortran’
     (/data/gannet/ripley/R/packages/tests-clang/EcoHydRology/R/swat_objective_function.R:11)
    swat_objective_function: no visible global function definition for
     ‘plot’
     (/data/gannet/ripley/R/packages/tests-clang/EcoHydRology/R/swat_objective_function.R:25)
    swat_objective_function: no visible global function definition for
     ‘lines’
     (/data/gannet/ripley/R/packages/tests-clang/EcoHydRology/R/swat_objective_function.R:26)
    swat_objective_function_rch: no visible global function definition for
     ‘runif’
     (/data/gannet/ripley/R/packages/tests-clang/EcoHydRology/R/swat_objective_function_rch.R:5)
    swat_objective_function_rch: no visible global function definition for
     ‘read.fortran’
     (/data/gannet/ripley/R/packages/tests-clang/EcoHydRology/R/swat_objective_function_rch.R:16)
    testSWAT2005 : runSWAT2005: no visible global function definition for
     ‘read.fortran’
     (/data/gannet/ripley/R/packages/tests-clang/EcoHydRology/R/testSWAT2005.R:23-24)
    Undefined global functions or variables:
     axis barplot download.file lines mtext na.omit par plot quantile
     read.csv read.delim read.fortran runif
    Consider adding
     importFrom("graphics", "axis", "barplot", "lines", "mtext", "par",
     "plot")
     importFrom("stats", "na.omit", "quantile", "runif")
     importFrom("utils", "download.file", "read.csv", "read.delim",
     "read.fortran")
    to your NAMESPACE.
Flavor: r-devel-linux-x86_64-fedora-clang

Version: 0.4.12
Check: R code for possible problems
Result: NOTE
    BaseflowSeparation: no visible global function definition for
     ‘quantile’
     (/data/gannet/ripley/R/packages/tests-devel/EcoHydRology/R/BaseflowSeparation.R:8)
    SWAT2005: no visible global function definition for ‘read.fortran’
     (/data/gannet/ripley/R/packages/tests-devel/EcoHydRology/R/SWAT2005.R:16)
    alter_files: no visible global function definition for ‘read.fortran’
     (/data/gannet/ripley/R/packages/tests-devel/EcoHydRology/R/alter_files.R:22)
    build_gsod_forcing_data: no visible global function definition for
     ‘na.omit’
     (/data/gannet/ripley/R/packages/tests-devel/EcoHydRology/R/build_gsod_forcing_data.R:33)
    get_cfsr_latlon: no visible global function definition for
     ‘download.file’
     (/data/gannet/ripley/R/packages/tests-devel/EcoHydRology/R/get_cfsr_latlon.R:10)
    get_cfsr_latlon: no visible global function definition for ‘read.csv’
     (/data/gannet/ripley/R/packages/tests-devel/EcoHydRology/R/get_cfsr_latlon.R:11)
    get_gsod_stn: no visible global function definition for ‘read.csv’
     (/data/gannet/ripley/R/packages/tests-devel/EcoHydRology/R/get_gsod_stn.R:22-23)
    get_gsod_stn: no visible global function definition for ‘download.file’
     (/data/gannet/ripley/R/packages/tests-devel/EcoHydRology/R/get_gsod_stn.R:44)
    get_usgs_gage: no visible global function definition for ‘read.delim’
     (/data/gannet/ripley/R/packages/tests-devel/EcoHydRology/R/get_usgs_gage.R:10)
    get_usgs_gage: no visible global function definition for ‘read.delim’
     (/data/gannet/ripley/R/packages/tests-devel/EcoHydRology/R/get_usgs_gage.R:25)
    get_usgs_gage: no visible global function definition for ‘na.omit’
     (/data/gannet/ripley/R/packages/tests-devel/EcoHydRology/R/get_usgs_gage.R:28)
    hydrograph: no visible global function definition for ‘par’
     (/data/gannet/ripley/R/packages/tests-devel/EcoHydRology/R/hydrograph.R:15)
    hydrograph: no visible global function definition for ‘barplot’
     (/data/gannet/ripley/R/packages/tests-devel/EcoHydRology/R/hydrograph.R:16-18)
    hydrograph: no visible global function definition for ‘na.omit’
     (/data/gannet/ripley/R/packages/tests-devel/EcoHydRology/R/hydrograph.R:16-18)
    hydrograph: no visible global function definition for ‘axis’
     (/data/gannet/ripley/R/packages/tests-devel/EcoHydRology/R/hydrograph.R:19)
    hydrograph: no visible global function definition for ‘axis’
     (/data/gannet/ripley/R/packages/tests-devel/EcoHydRology/R/hydrograph.R:20-26)
    hydrograph: no visible global function definition for ‘na.omit’
     (/data/gannet/ripley/R/packages/tests-devel/EcoHydRology/R/hydrograph.R:20-26)
    hydrograph: no visible global function definition for ‘mtext’
     (/data/gannet/ripley/R/packages/tests-devel/EcoHydRology/R/hydrograph.R:28)
    hydrograph: no visible global function definition for ‘mtext’
     (/data/gannet/ripley/R/packages/tests-devel/EcoHydRology/R/hydrograph.R:27-29)
    hydrograph: no visible global function definition for ‘par’
     (/data/gannet/ripley/R/packages/tests-devel/EcoHydRology/R/hydrograph.R:30)
    hydrograph: no visible global function definition for ‘barplot’
     (/data/gannet/ripley/R/packages/tests-devel/EcoHydRology/R/hydrograph.R:33-35)
    hydrograph: no visible global function definition for ‘na.omit’
     (/data/gannet/ripley/R/packages/tests-devel/EcoHydRology/R/hydrograph.R:33-35)
    hydrograph: no visible global function definition for ‘par’
     (/data/gannet/ripley/R/packages/tests-devel/EcoHydRology/R/hydrograph.R:36)
    hydrograph: no visible global function definition for ‘plot’
     (/data/gannet/ripley/R/packages/tests-devel/EcoHydRology/R/hydrograph.R:39-42)
    hydrograph: no visible global function definition for ‘na.omit’
     (/data/gannet/ripley/R/packages/tests-devel/EcoHydRology/R/hydrograph.R:39-42)
    hydrograph: no visible global function definition for ‘mtext’
     (/data/gannet/ripley/R/packages/tests-devel/EcoHydRology/R/hydrograph.R:45)
    hydrograph: no visible global function definition for ‘mtext’
     (/data/gannet/ripley/R/packages/tests-devel/EcoHydRology/R/hydrograph.R:47)
    hydrograph: no visible global function definition for ‘mtext’
     (/data/gannet/ripley/R/packages/tests-devel/EcoHydRology/R/hydrograph.R:44-48)
    hydrograph: no visible global function definition for ‘lines’
     (/data/gannet/ripley/R/packages/tests-devel/EcoHydRology/R/hydrograph.R:49-50)
    hydrograph: no visible global function definition for ‘lines’
     (/data/gannet/ripley/R/packages/tests-devel/EcoHydRology/R/hydrograph.R:52-53)
    hydrograph: no visible global function definition for ‘lines’
     (/data/gannet/ripley/R/packages/tests-devel/EcoHydRology/R/hydrograph.R:56-57)
    hydrograph: no visible global function definition for ‘axis’
     (/data/gannet/ripley/R/packages/tests-devel/EcoHydRology/R/hydrograph.R:59-61)
    hydrograph: no visible global function definition for ‘axis’
     (/data/gannet/ripley/R/packages/tests-devel/EcoHydRology/R/hydrograph.R:63)
    swat_objective_function: no visible global function definition for
     ‘read.fortran’
     (/data/gannet/ripley/R/packages/tests-devel/EcoHydRology/R/swat_objective_function.R:11)
    swat_objective_function: no visible global function definition for
     ‘plot’
     (/data/gannet/ripley/R/packages/tests-devel/EcoHydRology/R/swat_objective_function.R:25)
    swat_objective_function: no visible global function definition for
     ‘lines’
     (/data/gannet/ripley/R/packages/tests-devel/EcoHydRology/R/swat_objective_function.R:26)
    swat_objective_function_rch: no visible global function definition for
     ‘runif’
     (/data/gannet/ripley/R/packages/tests-devel/EcoHydRology/R/swat_objective_function_rch.R:5)
    swat_objective_function_rch: no visible global function definition for
     ‘read.fortran’
     (/data/gannet/ripley/R/packages/tests-devel/EcoHydRology/R/swat_objective_function_rch.R:16)
    testSWAT2005 : runSWAT2005: no visible global function definition for
     ‘read.fortran’
     (/data/gannet/ripley/R/packages/tests-devel/EcoHydRology/R/testSWAT2005.R:23-24)
    Undefined global functions or variables:
     axis barplot download.file lines mtext na.omit par plot quantile
     read.csv read.delim read.fortran runif
    Consider adding
     importFrom("graphics", "axis", "barplot", "lines", "mtext", "par",
     "plot")
     importFrom("stats", "na.omit", "quantile", "runif")
     importFrom("utils", "download.file", "read.csv", "read.delim",
     "read.fortran")
    to your NAMESPACE.
Flavor: r-devel-linux-x86_64-fedora-gcc

Version: 0.4.12
Check: R code for possible problems
Result: NOTE
    BaseflowSeparation: no visible global function definition for
     'quantile'
     (D:/temp/Rtmpi8MbRz/R.INSTALL28f03cd3499/EcoHydRology/R/BaseflowSeparation.R:8)
    SWAT2005: no visible global function definition for 'read.fortran'
     (D:/temp/Rtmpi8MbRz/R.INSTALL28f03cd3499/EcoHydRology/R/SWAT2005.R:16)
    alter_files: no visible global function definition for 'read.fortran'
     (D:/temp/Rtmpi8MbRz/R.INSTALL28f03cd3499/EcoHydRology/R/alter_files.R:22)
    build_gsod_forcing_data: no visible global function definition for
     'na.omit'
     (D:/temp/Rtmpi8MbRz/R.INSTALL28f03cd3499/EcoHydRology/R/build_gsod_forcing_data.R:33)
    get_cfsr_latlon: no visible global function definition for
     'download.file'
     (D:/temp/Rtmpi8MbRz/R.INSTALL28f03cd3499/EcoHydRology/R/get_cfsr_latlon.R:10)
    get_cfsr_latlon: no visible global function definition for 'read.csv'
     (D:/temp/Rtmpi8MbRz/R.INSTALL28f03cd3499/EcoHydRology/R/get_cfsr_latlon.R:11)
    get_gsod_stn: no visible global function definition for 'read.csv'
     (D:/temp/Rtmpi8MbRz/R.INSTALL28f03cd3499/EcoHydRology/R/get_gsod_stn.R:22-23)
    get_gsod_stn: no visible global function definition for 'download.file'
     (D:/temp/Rtmpi8MbRz/R.INSTALL28f03cd3499/EcoHydRology/R/get_gsod_stn.R:44)
    get_usgs_gage: no visible global function definition for 'read.delim'
     (D:/temp/Rtmpi8MbRz/R.INSTALL28f03cd3499/EcoHydRology/R/get_usgs_gage.R:10)
    get_usgs_gage: no visible global function definition for 'read.delim'
     (D:/temp/Rtmpi8MbRz/R.INSTALL28f03cd3499/EcoHydRology/R/get_usgs_gage.R:25)
    get_usgs_gage: no visible global function definition for 'na.omit'
     (D:/temp/Rtmpi8MbRz/R.INSTALL28f03cd3499/EcoHydRology/R/get_usgs_gage.R:28)
    hydrograph: no visible global function definition for 'par'
     (D:/temp/Rtmpi8MbRz/R.INSTALL28f03cd3499/EcoHydRology/R/hydrograph.R:15)
    hydrograph: no visible global function definition for 'barplot'
     (D:/temp/Rtmpi8MbRz/R.INSTALL28f03cd3499/EcoHydRology/R/hydrograph.R:16-18)
    hydrograph: no visible global function definition for 'na.omit'
     (D:/temp/Rtmpi8MbRz/R.INSTALL28f03cd3499/EcoHydRology/R/hydrograph.R:16-18)
    hydrograph: no visible global function definition for 'axis'
     (D:/temp/Rtmpi8MbRz/R.INSTALL28f03cd3499/EcoHydRology/R/hydrograph.R:19)
    hydrograph: no visible global function definition for 'axis'
     (D:/temp/Rtmpi8MbRz/R.INSTALL28f03cd3499/EcoHydRology/R/hydrograph.R:20-26)
    hydrograph: no visible global function definition for 'na.omit'
     (D:/temp/Rtmpi8MbRz/R.INSTALL28f03cd3499/EcoHydRology/R/hydrograph.R:20-26)
    hydrograph: no visible global function definition for 'mtext'
     (D:/temp/Rtmpi8MbRz/R.INSTALL28f03cd3499/EcoHydRology/R/hydrograph.R:28)
    hydrograph: no visible global function definition for 'mtext'
     (D:/temp/Rtmpi8MbRz/R.INSTALL28f03cd3499/EcoHydRology/R/hydrograph.R:27-29)
    hydrograph: no visible global function definition for 'par'
     (D:/temp/Rtmpi8MbRz/R.INSTALL28f03cd3499/EcoHydRology/R/hydrograph.R:30)
    hydrograph: no visible global function definition for 'barplot'
     (D:/temp/Rtmpi8MbRz/R.INSTALL28f03cd3499/EcoHydRology/R/hydrograph.R:33-35)
    hydrograph: no visible global function definition for 'na.omit'
     (D:/temp/Rtmpi8MbRz/R.INSTALL28f03cd3499/EcoHydRology/R/hydrograph.R:33-35)
    hydrograph: no visible global function definition for 'par'
     (D:/temp/Rtmpi8MbRz/R.INSTALL28f03cd3499/EcoHydRology/R/hydrograph.R:36)
    hydrograph: no visible global function definition for 'plot'
     (D:/temp/Rtmpi8MbRz/R.INSTALL28f03cd3499/EcoHydRology/R/hydrograph.R:39-42)
    hydrograph: no visible global function definition for 'na.omit'
     (D:/temp/Rtmpi8MbRz/R.INSTALL28f03cd3499/EcoHydRology/R/hydrograph.R:39-42)
    hydrograph: no visible global function definition for 'mtext'
     (D:/temp/Rtmpi8MbRz/R.INSTALL28f03cd3499/EcoHydRology/R/hydrograph.R:45)
    hydrograph: no visible global function definition for 'mtext'
     (D:/temp/Rtmpi8MbRz/R.INSTALL28f03cd3499/EcoHydRology/R/hydrograph.R:47)
    hydrograph: no visible global function definition for 'mtext'
     (D:/temp/Rtmpi8MbRz/R.INSTALL28f03cd3499/EcoHydRology/R/hydrograph.R:44-48)
    hydrograph: no visible global function definition for 'lines'
     (D:/temp/Rtmpi8MbRz/R.INSTALL28f03cd3499/EcoHydRology/R/hydrograph.R:49-50)
    hydrograph: no visible global function definition for 'lines'
     (D:/temp/Rtmpi8MbRz/R.INSTALL28f03cd3499/EcoHydRology/R/hydrograph.R:52-53)
    hydrograph: no visible global function definition for 'lines'
     (D:/temp/Rtmpi8MbRz/R.INSTALL28f03cd3499/EcoHydRology/R/hydrograph.R:56-57)
    hydrograph: no visible global function definition for 'axis'
     (D:/temp/Rtmpi8MbRz/R.INSTALL28f03cd3499/EcoHydRology/R/hydrograph.R:59-61)
    hydrograph: no visible global function definition for 'axis'
     (D:/temp/Rtmpi8MbRz/R.INSTALL28f03cd3499/EcoHydRology/R/hydrograph.R:63)
    swat_objective_function: no visible global function definition for
     'read.fortran'
     (D:/temp/Rtmpi8MbRz/R.INSTALL28f03cd3499/EcoHydRology/R/swat_objective_function.R:11)
    swat_objective_function: no visible global function definition for
     'plot'
     (D:/temp/Rtmpi8MbRz/R.INSTALL28f03cd3499/EcoHydRology/R/swat_objective_function.R:25)
    swat_objective_function: no visible global function definition for
     'lines'
     (D:/temp/Rtmpi8MbRz/R.INSTALL28f03cd3499/EcoHydRology/R/swat_objective_function.R:26)
    swat_objective_function_rch: no visible global function definition for
     'runif'
     (D:/temp/Rtmpi8MbRz/R.INSTALL28f03cd3499/EcoHydRology/R/swat_objective_function_rch.R:5)
    swat_objective_function_rch: no visible global function definition for
     'read.fortran'
     (D:/temp/Rtmpi8MbRz/R.INSTALL28f03cd3499/EcoHydRology/R/swat_objective_function_rch.R:16)
    testSWAT2005 : runSWAT2005: no visible global function definition for
     'read.fortran'
     (D:/temp/Rtmpi8MbRz/R.INSTALL28f03cd3499/EcoHydRology/R/testSWAT2005.R:23-24)
    Undefined global functions or variables:
     axis barplot download.file lines mtext na.omit par plot quantile
     read.csv read.delim read.fortran runif
    Consider adding
     importFrom("graphics", "axis", "barplot", "lines", "mtext", "par",
     "plot")
     importFrom("stats", "na.omit", "quantile", "runif")
     importFrom("utils", "download.file", "read.csv", "read.delim",
     "read.fortran")
    to your NAMESPACE.
Flavor: r-devel-windows-ix86+x86_64