CRAN Package Check Results for Package EcoHydRology

Last updated on 2015-02-01 03:49:19.

Flavor Version Tinstall Tcheck Ttotal Status Flags
r-devel-linux-x86_64-debian-clang 0.4.12 1.52 25.19 26.72 NOTE
r-devel-linux-x86_64-debian-gcc 0.4.12 1.48 24.34 25.82 NOTE
r-devel-linux-x86_64-fedora-clang 0.4.12 50.30 NOTE
r-devel-linux-x86_64-fedora-gcc 0.4.12 45.22 NOTE
r-devel-osx-x86_64-clang 0.4.12 56.67 NOTE
r-devel-windows-ix86+x86_64 0.4.12 13.00 39.00 52.00 NOTE
r-patched-linux-x86_64 0.4.12 1.77 28.14 29.92 NOTE
r-patched-solaris-sparc 0.4.12 320.90 NOTE
r-patched-solaris-x86 0.4.12 69.50 NOTE
r-release-linux-ix86 0.4.12 2.32 36.03 38.35 NOTE
r-release-linux-x86_64 0.4.12 1.84 27.43 29.27 NOTE
r-release-osx-x86_64-mavericks 0.4.12 NOTE
r-release-osx-x86_64-snowleopard 0.4.12 NOTE
r-release-windows-ix86+x86_64 0.4.12 8.00 44.00 52.00 NOTE
r-oldrel-windows-ix86+x86_64 0.4.12 8.00 47.00 55.00 NOTE

Check Details

Version: 0.4.12
Check: data for non-ASCII characters
Result: NOTE
     Note: found 8 marked UTF-8 strings
Flavors: r-devel-linux-x86_64-debian-clang, r-devel-linux-x86_64-debian-gcc, r-devel-linux-x86_64-fedora-clang, r-devel-linux-x86_64-fedora-gcc, r-devel-osx-x86_64-clang, r-devel-windows-ix86+x86_64, r-patched-linux-x86_64, r-patched-solaris-sparc, r-patched-solaris-x86, r-release-linux-ix86, r-release-linux-x86_64, r-release-osx-x86_64-mavericks, r-release-osx-x86_64-snowleopard, r-release-windows-ix86+x86_64, r-oldrel-windows-ix86+x86_64