CRAN Package Check Results for Package EcoHydRology

Last updated on 2014-11-22 20:46:52.

Flavor Version Tinstall Tcheck Ttotal Status Flags
r-devel-linux-x86_64-debian-clang 0.4.12 1.77 28.58 30.35 NOTE
r-devel-linux-x86_64-debian-gcc 0.4.12 1.73 27.60 29.34 NOTE
r-devel-linux-x86_64-fedora-clang 0.4.12 54.37 NOTE
r-devel-linux-x86_64-fedora-gcc 0.4.12 50.46 NOTE
r-devel-osx-x86_64-clang 0.4.12 55.86 NOTE
r-devel-windows-ix86+x86_64 0.4.12 7.00 43.00 50.00 NOTE
r-patched-linux-x86_64 0.4.12 1.78 28.08 29.86 NOTE
r-patched-solaris-sparc 0.4.12 301.80 NOTE
r-patched-solaris-x86 0.4.12 69.20 NOTE
r-release-linux-ix86 0.4.12 2.35 36.27 38.62 NOTE
r-release-linux-x86_64 0.4.12 1.78 27.92 29.71 NOTE
r-release-osx-x86_64-mavericks 0.4.12 NOTE
r-release-osx-x86_64-snowleopard 0.4.12 NOTE
r-release-windows-ix86+x86_64 0.4.12 11.00 43.00 54.00 NOTE
r-oldrel-windows-ix86+x86_64 0.4.12 8.00 47.00 55.00 NOTE

Check Details

Version: 0.4.12
Check: data for non-ASCII characters
Result: NOTE
     Note: found 8 marked UTF-8 strings
Flavors: r-devel-linux-x86_64-debian-clang, r-devel-linux-x86_64-debian-gcc, r-devel-linux-x86_64-fedora-clang, r-devel-linux-x86_64-fedora-gcc, r-devel-osx-x86_64-clang, r-devel-windows-ix86+x86_64, r-patched-linux-x86_64, r-patched-solaris-sparc, r-patched-solaris-x86, r-release-linux-ix86, r-release-linux-x86_64, r-release-osx-x86_64-mavericks, r-release-osx-x86_64-snowleopard, r-release-windows-ix86+x86_64, r-oldrel-windows-ix86+x86_64