CRAN Package Check Results for Package EcoHydRology

Last updated on 2014-07-26 19:50:20.

Flavor Version Tinstall Tcheck Ttotal Status Flags
r-devel-linux-x86_64-debian-clang 0.4.12 1.82 28.15 29.96 NOTE
r-devel-linux-x86_64-debian-gcc 0.4.12 1.74 27.31 29.05 NOTE
r-devel-linux-x86_64-fedora-clang 0.4.12 54.08 NOTE
r-devel-linux-x86_64-fedora-gcc 0.4.12 49.95 NOTE
r-devel-osx-x86_64-clang 0.4.12 53.05 NOTE
r-devel-windows-ix86+x86_64 0.4.12 8.00 39.00 47.00 NOTE
r-patched-linux-x86_64 0.4.12 1.76 29.17 30.93 NOTE
r-patched-solaris-sparc 0.4.12 289.10 NOTE
r-patched-solaris-x86 0.4.12 67.90 NOTE
r-release-linux-ix86 0.4.12 2.48 36.48 38.96 NOTE
r-release-linux-x86_64 0.4.12 1.81 29.52 31.32 NOTE
r-release-osx-x86_64-mavericks 0.4.12 NOTE
r-release-osx-x86_64-snowleopard 0.4.12 NOTE
r-release-windows-ix86+x86_64 0.4.12 7.00 43.00 50.00 NOTE
r-oldrel-windows-ix86+x86_64 0.4.12 8.00 43.00 51.00 NOTE

Check Details

Version: 0.4.12
Check: data for non-ASCII characters
Result: NOTE
     Note: found 8 marked UTF-8 strings
Flavors: r-devel-linux-x86_64-debian-clang, r-devel-linux-x86_64-debian-gcc, r-devel-linux-x86_64-fedora-clang, r-devel-linux-x86_64-fedora-gcc, r-devel-osx-x86_64-clang, r-devel-windows-ix86+x86_64, r-patched-linux-x86_64, r-patched-solaris-sparc, r-patched-solaris-x86, r-release-linux-ix86, r-release-linux-x86_64, r-release-osx-x86_64-mavericks, r-release-osx-x86_64-snowleopard, r-release-windows-ix86+x86_64, r-oldrel-windows-ix86+x86_64