CRAN Package Check Results for Package EcoHydRology

Last updated on 2014-12-23 03:49:40.

Flavor Version Tinstall Tcheck Ttotal Status Flags
r-devel-linux-x86_64-debian-clang 0.4.12 1.77 29.17 30.94 NOTE
r-devel-linux-x86_64-debian-gcc 0.4.12 1.69 28.02 29.71 NOTE
r-devel-linux-x86_64-fedora-clang 0.4.12 54.80 NOTE
r-devel-linux-x86_64-fedora-gcc 0.4.12 53.02 NOTE
r-devel-osx-x86_64-clang 0.4.12 53.79 NOTE
r-devel-windows-ix86+x86_64 0.4.12 8.00 41.00 49.00 NOTE
r-patched-linux-x86_64 0.4.12 1.81 28.06 29.87 NOTE
r-patched-solaris-sparc 0.4.12 321.00 NOTE
r-patched-solaris-x86 0.4.12 71.00 NOTE
r-release-linux-ix86 0.4.12 2.33 36.03 38.36 NOTE
r-release-linux-x86_64 0.4.12 1.80 27.66 29.45 NOTE
r-release-osx-x86_64-mavericks 0.4.12 NOTE
r-release-osx-x86_64-snowleopard 0.4.12 NOTE
r-release-windows-ix86+x86_64 0.4.12 9.00 44.00 53.00 NOTE
r-oldrel-windows-ix86+x86_64 0.4.12 9.00 44.00 53.00 NOTE

Check Details

Version: 0.4.12
Check: data for non-ASCII characters
Result: NOTE
     Note: found 8 marked UTF-8 strings
Flavors: r-devel-linux-x86_64-debian-clang, r-devel-linux-x86_64-debian-gcc, r-devel-linux-x86_64-fedora-clang, r-devel-linux-x86_64-fedora-gcc, r-devel-osx-x86_64-clang, r-devel-windows-ix86+x86_64, r-patched-linux-x86_64, r-patched-solaris-sparc, r-patched-solaris-x86, r-release-linux-ix86, r-release-linux-x86_64, r-release-osx-x86_64-mavericks, r-release-osx-x86_64-snowleopard, r-release-windows-ix86+x86_64, r-oldrel-windows-ix86+x86_64