CRAN Package Check Results for Package EcoHydRology

Last updated on 2014-09-22 03:48:15.

Flavor Version Tinstall Tcheck Ttotal Status Flags
r-devel-linux-x86_64-debian-clang 0.4.12 1.86 26.44 28.31 NOTE
r-devel-linux-x86_64-debian-gcc 0.4.12 1.71 26.15 27.86 NOTE
r-devel-linux-x86_64-fedora-clang 0.4.12 51.42 NOTE
r-devel-linux-x86_64-fedora-gcc 0.4.12 54.38 NOTE
r-devel-osx-x86_64-clang 0.4.12 51.04 NOTE
r-devel-windows-ix86+x86_64 0.4.12 7.00 44.00 51.00 NOTE
r-patched-linux-x86_64 0.4.12 1.86 26.62 28.47 NOTE
r-patched-solaris-sparc 0.4.12 301.80 NOTE
r-patched-solaris-x86 0.4.12 68.50 NOTE
r-release-linux-ix86 0.4.12 2.54 37.03 39.57 NOTE
r-release-linux-x86_64 0.4.12 1.81 27.54 29.35 NOTE
r-release-osx-x86_64-mavericks 0.4.12 NOTE
r-release-osx-x86_64-snowleopard 0.4.12 NOTE
r-release-windows-ix86+x86_64 0.4.12 6.00 44.00 50.00 NOTE
r-oldrel-windows-ix86+x86_64 0.4.12 6.00 46.00 52.00 NOTE

Check Details

Version: 0.4.12
Check: data for non-ASCII characters
Result: NOTE
     Note: found 8 marked UTF-8 strings
Flavors: r-devel-linux-x86_64-debian-clang, r-devel-linux-x86_64-debian-gcc, r-devel-linux-x86_64-fedora-clang, r-devel-linux-x86_64-fedora-gcc, r-devel-osx-x86_64-clang, r-devel-windows-ix86+x86_64, r-patched-linux-x86_64, r-patched-solaris-sparc, r-patched-solaris-x86, r-release-linux-ix86, r-release-linux-x86_64, r-release-osx-x86_64-mavericks, r-release-osx-x86_64-snowleopard, r-release-windows-ix86+x86_64, r-oldrel-windows-ix86+x86_64