CRAN Package Check Results for Package EcoHydRology

Last updated on 2014-04-20 01:47:55.

Flavor Version Tinstall Tcheck Ttotal Status Flags
r-devel-linux-x86_64-debian-clang 0.4.12 1.87 29.84 31.70 NOTE
r-devel-linux-x86_64-debian-gcc 0.4.12 1.85 30.12 31.97 NOTE
r-devel-linux-x86_64-fedora-clang 0.4.12 52.69 NOTE
r-devel-linux-x86_64-fedora-gcc 0.4.12 49.44 NOTE
r-devel-macosx-x86_64-clang 0.4.12 52.87 NOTE
r-devel-macosx-x86_64-gcc 0.4.12 ERROR
r-devel-windows-ix86+x86_64 0.4.12 7.00 43.00 50.00 NOTE
r-patched-linux-x86_64 0.4.12 1.96 29.91 31.87 NOTE
r-patched-solaris-sparc 0.4.12 289.10 NOTE
r-patched-solaris-x86 0.4.12 67.40 NOTE
r-release-linux-ix86 NOTE
r-release-linux-x86_64 0.4.12 1.94 28.50 30.44 NOTE
r-release-macosx-x86_64 0.4.12 NOTE
r-release-windows-ix86+x86_64 0.4.12 11.00 41.00 52.00 NOTE
r-oldrel-windows-ix86+x86_64 0.4.12 8.00 42.00 50.00 NOTE

Check Details

Version: 0.4.12
Check: data for non-ASCII characters
Result: NOTE
     Note: found 8 marked UTF-8 strings
Flavors: r-devel-linux-x86_64-debian-clang, r-devel-linux-x86_64-debian-gcc, r-devel-linux-x86_64-fedora-clang, r-devel-linux-x86_64-fedora-gcc, r-devel-macosx-x86_64-clang, r-devel-windows-ix86+x86_64, r-patched-linux-x86_64, r-patched-solaris-sparc, r-patched-solaris-x86, r-release-linux-ix86, r-release-linux-x86_64, r-release-macosx-x86_64, r-release-windows-ix86+x86_64, r-oldrel-windows-ix86+x86_64

Version: 0.4.12
Check: package dependencies
Result: ERROR
    Package required but not available: ‘XML’
    
    See the information on DESCRIPTION files in the chapter ‘Creating R
    packages’ of the ‘Writing R Extensions’ manual.
Flavor: r-devel-macosx-x86_64-gcc