CRAN Package Check Results for Package EcoHydRology

Last updated on 2021-10-17 23:50:34 CEST.

Flavor Version Tinstall Tcheck Ttotal Status Flags
r-devel-linux-x86_64-debian-clang 0.4.12.1 5.50 43.68 49.18 OK
r-devel-linux-x86_64-debian-gcc 0.4.12.1 4.82 34.52 39.34 OK
r-devel-linux-x86_64-fedora-clang 0.4.12.1 75.76 NOTE
r-devel-linux-x86_64-fedora-gcc 0.4.12.1 60.31 NOTE
r-devel-windows-x86_64 0.4.12.1 9.00 67.00 76.00 OK
r-devel-windows-x86_64-gcc10-UCRT 0.4.12.1 NOTE
r-patched-linux-x86_64 0.4.12.1 6.07 42.94 49.01 OK
r-patched-solaris-x86 0.4.12.1 87.40 NOTE
r-release-linux-x86_64 0.4.12.1 5.31 42.36 47.67 OK
r-release-macos-arm64 0.4.12.1 NOTE
r-release-macos-x86_64 0.4.12.1 NOTE
r-release-windows-ix86+x86_64 0.4.12.1 9.00 67.00 76.00 OK
r-oldrel-macos-x86_64 0.4.12.1 NOTE
r-oldrel-windows-ix86+x86_64 0.4.12.1 12.00 71.00 83.00 OK

Check Details

Version: 0.4.12.1
Check: data for non-ASCII characters
Result: NOTE
     Note: found 8 marked UTF-8 strings
Flavors: r-devel-linux-x86_64-fedora-clang, r-devel-linux-x86_64-fedora-gcc, r-devel-windows-x86_64-gcc10-UCRT, r-patched-solaris-x86, r-release-macos-arm64, r-release-macos-x86_64, r-oldrel-macos-x86_64