CRAN Package Check Results for Package EcoHydRology

Last updated on 2015-03-03 14:47:21.

Flavor Version Tinstall Tcheck Ttotal Status Flags
r-devel-linux-x86_64-debian-clang 0.4.12 1.63 24.38 26.01 NOTE
r-devel-linux-x86_64-debian-gcc 0.4.12 1.48 24.72 26.20 NOTE
r-devel-linux-x86_64-fedora-clang 0.4.12 44.51 NOTE
r-devel-linux-x86_64-fedora-gcc 0.4.12 42.06 NOTE
r-devel-osx-x86_64-clang 0.4.12 47.99 NOTE
r-devel-windows-ix86+x86_64 0.4.12 15.00 47.00 62.00 NOTE
r-patched-linux-x86_64 0.4.12 1.89 29.18 31.07 NOTE
r-patched-solaris-sparc 0.4.12 349.20 NOTE
r-patched-solaris-x86 0.4.12 72.00 NOTE
r-release-linux-ix86 0.4.12 2.50 35.64 38.14 NOTE
r-release-linux-x86_64 0.4.12 1.92 30.94 32.86 NOTE
r-release-osx-x86_64-mavericks 0.4.12 NOTE
r-release-osx-x86_64-snowleopard 0.4.12 NOTE
r-release-windows-ix86+x86_64 0.4.12 14.00 47.00 61.00 NOTE
r-oldrel-windows-ix86+x86_64 0.4.12 8.00 48.00 56.00 NOTE

Check Details

Version: 0.4.12
Check: DESCRIPTION meta-information
Result: NOTE
    Malformed Title field: should not end in a period.
Flavors: r-devel-linux-x86_64-debian-clang, r-devel-linux-x86_64-debian-gcc, r-devel-linux-x86_64-fedora-clang, r-devel-linux-x86_64-fedora-gcc, r-devel-osx-x86_64-clang, r-devel-windows-ix86+x86_64

Version: 0.4.12
Check: data for non-ASCII characters
Result: NOTE
     Note: found 8 marked UTF-8 strings
Flavors: r-devel-linux-x86_64-debian-clang, r-devel-linux-x86_64-debian-gcc, r-devel-linux-x86_64-fedora-clang, r-devel-linux-x86_64-fedora-gcc, r-devel-osx-x86_64-clang, r-devel-windows-ix86+x86_64, r-patched-linux-x86_64, r-patched-solaris-sparc, r-patched-solaris-x86, r-release-linux-ix86, r-release-linux-x86_64, r-release-osx-x86_64-mavericks, r-release-osx-x86_64-snowleopard, r-release-windows-ix86+x86_64, r-oldrel-windows-ix86+x86_64