CRAN Package Check Results for Package EcoTroph

Last updated on 2015-04-19 11:51:05.

Flavor Version Tinstall Tcheck Ttotal Status Flags
r-devel-linux-x86_64-debian-clang 1.6 1.04 25.58 26.62 OK
r-devel-linux-x86_64-debian-gcc 1.6 1.14 25.14 26.28 OK
r-devel-linux-x86_64-fedora-clang 1.6 53.34 OK
r-devel-linux-x86_64-fedora-gcc 1.6 59.82 OK
r-devel-osx-x86_64-clang 1.6 49.96 OK
r-devel-windows-ix86+x86_64 1.6 6.00 53.00 59.00 OK
r-patched-linux-x86_64 1.6 1.02 24.92 25.94 OK
r-patched-solaris-sparc 1.6 327.10 OK
r-patched-solaris-x86 1.6 64.40 OK
r-release-linux-x86_64 1.6 1.02 25.16 26.18 OK
r-release-osx-x86_64-mavericks 1.6 OK
r-release-osx-x86_64-snowleopard 1.6 ERROR
r-release-windows-ix86+x86_64 1.6 3.00 47.00 50.00 OK
r-oldrel-windows-ix86+x86_64 1.6 4.00 42.00 46.00 OK

Check Details

Version: 1.6
Check: package dependencies
Result: ERROR
    Package required but not available: ‘XML’
    
    See section ‘The DESCRIPTION file’ in the ‘Writing R Extensions’
    manual.
Flavor: r-release-osx-x86_64-snowleopard