CRAN Package Check Results for Package EcoTroph

Last updated on 2015-05-30 19:47:12.

Flavor Version Tinstall Tcheck Ttotal Status Flags
r-devel-linux-x86_64-debian-clang 1.6 1.08 25.21 26.29 OK
r-devel-linux-x86_64-debian-gcc 1.6 1.07 25.94 27.01 OK
r-devel-linux-x86_64-fedora-clang 1.6 54.96 OK
r-devel-linux-x86_64-fedora-gcc 1.6 47.74 OK
r-devel-osx-x86_64-clang 1.6 49.25 OK
r-devel-windows-ix86+x86_64 1.6 4.00 39.00 43.00 OK
r-patched-linux-x86_64 1.6 1.06 24.89 25.95 OK
r-patched-solaris-sparc 1.6 321.90 OK
r-patched-solaris-x86 1.6 66.00 OK
r-release-linux-x86_64 1.6 1.05 26.07 27.12 OK
r-release-osx-x86_64-mavericks 1.6 OK
r-release-osx-x86_64-snowleopard 1.6 ERROR
r-release-windows-ix86+x86_64 1.6 4.00 37.00 41.00 OK
r-oldrel-windows-ix86+x86_64 1.6 4.00 42.00 46.00 OK

Check Details

Version: 1.6
Check: package dependencies
Result: ERROR
    Package required but not available: ‘XML’
    
    See section ‘The DESCRIPTION file’ in the ‘Writing R Extensions’
    manual.
Flavor: r-release-osx-x86_64-snowleopard