CRAN Package Check Results for Package EcoTroph

Last updated on 2014-04-23 07:54:58.

Flavor Version Tinstall Tcheck Ttotal Status Flags
r-devel-linux-x86_64-debian-clang 1.6 1.24 28.44 29.68 OK
r-devel-linux-x86_64-debian-gcc 1.6 1.22 29.30 30.52 OK
r-devel-linux-x86_64-fedora-clang 1.6 59.75 OK
r-devel-linux-x86_64-fedora-gcc 1.6 55.68 OK
r-devel-osx-x86_64-clang 1.6 51.65 OK
r-devel-osx-x86_64-gcc 1.6 ERROR
r-devel-windows-ix86+x86_64 1.6 4.00 41.00 45.00 OK
r-patched-linux-x86_64 1.6 1.26 28.13 29.39 OK
r-patched-solaris-sparc 1.6 338.50 OK
r-patched-solaris-x86 1.6 72.70 OK
r-release-linux-ix86 1.6 2.00 52.00 54.00 OK
r-release-linux-x86_64 1.6 1.32 28.39 29.72 OK
r-release-osx-x86_64-mavericks 1.6 WARN
r-release-windows-ix86+x86_64 1.6 7.00 58.00 65.00 OK
r-oldrel-windows-ix86+x86_64 1.6 4.00 41.00 45.00 OK

Check Details

Version: 1.6
Check: package dependencies
Result: ERROR
    Package required but not available: ‘XML’
    
    See the information on DESCRIPTION files in the chapter ‘Creating R
    packages’ of the ‘Writing R Extensions’ manual.
Flavor: r-devel-osx-x86_64-gcc

Version: 1.6
Check: PDF version of manual
Result: WARNING
    LaTeX errors when creating PDF version.
    This typically indicates Rd problems.
    LaTeX errors found:
    ! LaTeX Error: File `upquote.sty' not found.
    
    Type X to quit or <RETURN> to proceed,
    or enter new name. (Default extension: sty)
    
    c81449/Rd2.tex:8: ==> Fatal error occurred, no output PDF file produced!
Flavor: r-release-osx-x86_64-mavericks