CRAN Package Check Results for Package EcoTroph

Last updated on 2018-01-17 03:49:06 CET.

Flavor Version Tinstall Tcheck Ttotal Status Flags
r-devel-linux-x86_64-debian-clang 1.6 1.14 45.18 46.32 NOTE
r-devel-linux-x86_64-debian-gcc 1.6 1.00 34.09 35.09 NOTE
r-devel-linux-x86_64-fedora-clang 1.6 51.34 NOTE
r-devel-linux-x86_64-fedora-gcc 1.6 52.57 NOTE
r-devel-windows-ix86+x86_64 1.6 3.00 50.00 53.00 NOTE
r-patched-linux-x86_64 1.6 1.23 43.17 44.40 NOTE
r-patched-solaris-x86 1.6 71.00 NOTE
r-release-linux-x86_64 1.6 1.39 43.40 44.79 NOTE
r-release-windows-ix86+x86_64 1.6 4.00 75.00 79.00 NOTE
r-release-osx-x86_64 1.6 NOTE
r-oldrel-windows-ix86+x86_64 1.6 7.00 70.00 77.00 NOTE
r-oldrel-osx-x86_64 1.6 NOTE

Check Details

Version: 1.6
Check: R code for possible problems
Result: NOTE
    plot.ETdiagnosis: no visible global function definition for ‘par’
    plot.ETdiagnosis: no visible global function definition for ‘plot’
    plot.ETdiagnosis: no visible global function definition for ‘lines’
    plot.ETdiagnosis: no visible global function definition for ‘legend’
    plot.ETmain: no visible global function definition for ‘par’
    plot.ETmain: no visible global function definition for ‘plot’
    plot.ETmain: no visible global function definition for ‘polygon’
    plot.ETmain: no visible global function definition for ‘axis’
    plot.ETmain: no visible global function definition for ‘legend’
    plot.ETmain: no visible global function definition for ‘lines’
    plot.Transpose: no visible global function definition for ‘par’
    plot.Transpose: no visible global function definition for ‘plot’
    plot.Transpose: no visible global function definition for ‘polygon’
    plot.Transpose: no visible global function definition for ‘axis’
    plot.Transpose: no visible global function definition for ‘legend’
    plot.smooth: no visible global function definition for ‘plot’
    plot.smooth: no visible global function definition for ‘lines’
    plot_ETdiagnosis_isopleth: no visible global function definition for
     ‘par’
    plot_ETdiagnosis_isopleth: no visible global function definition for
     ‘rainbow’
    plot_ETdiagnosis_isopleth: no visible global function definition for
     ‘filled.contour’
    regPB: no visible global function definition for ‘coef’
    regPB: no visible global function definition for ‘lm’
    regPB.ac: no visible global function definition for ‘coef’
    regPB.ac: no visible global function definition for ‘lm’
    regPB.ctsa: no visible global function definition for ‘coef’
    regPB.ctsa: no visible global function definition for ‘lm’
    Undefined global functions or variables:
     axis coef filled.contour legend lines lm par plot polygon rainbow
    Consider adding
     importFrom("grDevices", "rainbow")
     importFrom("graphics", "axis", "filled.contour", "legend", "lines",
     "par", "plot", "polygon")
     importFrom("stats", "coef", "lm")
    to your NAMESPACE file.
Flavors: r-devel-linux-x86_64-debian-clang, r-devel-linux-x86_64-debian-gcc, r-devel-linux-x86_64-fedora-clang, r-devel-linux-x86_64-fedora-gcc, r-devel-windows-ix86+x86_64, r-patched-linux-x86_64, r-patched-solaris-x86, r-release-linux-x86_64, r-release-windows-ix86+x86_64, r-release-osx-x86_64, r-oldrel-windows-ix86+x86_64, r-oldrel-osx-x86_64