Last updated on 2021-04-14 09:48:53 CEST.
Flavor | Version | Tinstall | Tcheck | Ttotal | Status | Flags |
---|---|---|---|---|---|---|
r-devel-linux-x86_64-debian-clang | 0.9.1 | 17.56 | 251.47 | 269.03 | NOTE | |
r-devel-linux-x86_64-debian-gcc | 0.9.1 | 13.22 | 181.28 | 194.50 | NOTE | |
r-devel-linux-x86_64-fedora-clang | 0.9.1 | 421.36 | NOTE | |||
r-devel-linux-x86_64-fedora-gcc | 0.9.1 | 320.24 | NOTE | |||
r-devel-windows-ix86+x86_64 | 0.9.1 | 42.00 | 287.00 | 329.00 | NOTE | |
r-devel-windows-x86_64-gcc10-UCRT | 0.9.1 | NOTE | ||||
r-patched-linux-x86_64 | 0.9.1 | 16.14 | 303.04 | 319.18 | OK | |
r-patched-solaris-x86 | 0.9.1 | 517.60 | OK | |||
r-release-linux-x86_64 | 0.9.1 | 15.58 | 311.51 | 327.09 | OK | |
r-release-macos-x86_64 | 0.9.1 | OK | ||||
r-release-windows-ix86+x86_64 | 0.9.1 | 41.00 | 299.00 | 340.00 | OK | |
r-oldrel-macos-x86_64 | 0.9.1 | OK | ||||
r-oldrel-windows-ix86+x86_64 | 0.9.1 | 22.00 | 336.00 | 358.00 | OK |
Version: 0.9.1
Check: LazyData
Result: NOTE
'LazyData' is specified without a 'data' directory
Flavors: r-devel-linux-x86_64-debian-clang, r-devel-linux-x86_64-debian-gcc, r-devel-linux-x86_64-fedora-clang, r-devel-linux-x86_64-fedora-gcc, r-devel-windows-ix86+x86_64, r-devel-windows-x86_64-gcc10-UCRT