CRAN Package Check Results for Package EffectStars

Last updated on 2014-09-02 20:48:48.

Flavor Version Tinstall Tcheck Ttotal Status Flags
r-devel-linux-x86_64-debian-clang 1.3 1.35 23.87 25.22 NOTE
r-devel-linux-x86_64-debian-gcc 1.3 1.28 23.16 24.44 NOTE
r-devel-linux-x86_64-fedora-clang 1.3 59.42 NOTE
r-devel-linux-x86_64-fedora-gcc 1.3 56.04 NOTE
r-devel-osx-x86_64-clang 1.3 48.97 NOTE
r-devel-windows-ix86+x86_64 1.3 4.00 37.00 41.00 NOTE
r-patched-linux-x86_64 1.3 1.53 24.53 26.06 NOTE
r-patched-solaris-sparc 1.3 302.10 NOTE
r-patched-solaris-x86 1.3 77.30 NOTE
r-release-linux-ix86 1.3 1.95 34.28 36.23 NOTE
r-release-linux-x86_64 1.3 1.60 24.98 26.58 NOTE
r-release-osx-x86_64-mavericks 1.3 NOTE
r-release-windows-ix86+x86_64 1.3 5.00 40.00 45.00 NOTE
r-oldrel-windows-ix86+x86_64 1.3 6.00 53.00 59.00 NOTE

Check Details

Version: 1.3
Check: dependencies in R code
Result: NOTE
    Package in Depends field not imported from: ‘VGAM’
     These packages need to be imported from (in the NAMESPACE file)
     for when this namespace is loaded but not attached.
    See the information on DESCRIPTION files in the chapter ‘Creating R
    packages’ of the ‘Writing R Extensions’ manual.
Flavors: r-devel-linux-x86_64-debian-clang, r-devel-linux-x86_64-debian-gcc, r-devel-linux-x86_64-fedora-clang, r-devel-linux-x86_64-fedora-gcc, r-devel-osx-x86_64-clang, r-devel-windows-ix86+x86_64, r-patched-linux-x86_64, r-patched-solaris-sparc, r-patched-solaris-x86, r-release-linux-ix86, r-release-linux-x86_64, r-release-osx-x86_64-mavericks, r-release-windows-ix86+x86_64, r-oldrel-windows-ix86+x86_64

Version: 1.3
Check: R code for possible problems
Result: NOTE
    star.cumulative: no visible global function definition for ‘vglm’
    star.cumulative: no visible global function definition for ‘cumulative’
    star.nominalcat: no visible global function definition for ‘vglm’
    star.nominalcat: no visible global function definition for
     ‘multinomial’
    star.nominalglob: no visible global function definition for ‘vglm’
    star.nominalglob: no visible global function definition for
     ‘multinomial’
    star.sequential: no visible global function definition for ‘vglm’
    star.sequential: no visible global function definition for ‘sratio’
Flavors: r-devel-linux-x86_64-debian-clang, r-devel-linux-x86_64-debian-gcc, r-devel-linux-x86_64-fedora-clang, r-devel-linux-x86_64-fedora-gcc, r-devel-osx-x86_64-clang, r-devel-windows-ix86+x86_64

Version: 1.3
Check: for old-style vignette sources
Result: NOTE
    Vignette sources only in ‘inst/doc’:
     ‘BEPS.Rnw’, ‘PID.Rnw’, ‘alligator.Rnw’, ‘coffee.Rnw’, ‘election.Rnw’,
     ‘insolvency.Rnw’, ‘plebiscite.Rnw’, ‘womenlabour.Rnw’
    A ‘vignettes’ directory is required as from R 3.1.0
    and these will not be indexed nor checked
Flavors: r-devel-linux-x86_64-debian-clang, r-devel-linux-x86_64-debian-gcc, r-devel-linux-x86_64-fedora-clang, r-devel-linux-x86_64-fedora-gcc, r-devel-osx-x86_64-clang, r-devel-windows-ix86+x86_64, r-patched-linux-x86_64, r-patched-solaris-sparc, r-patched-solaris-x86, r-release-linux-ix86, r-release-linux-x86_64, r-release-osx-x86_64-mavericks, r-release-windows-ix86+x86_64

Version: 1.3
Check: top-level files
Result: NOTE
    Non-standard file/directory found at top level:
     ‘EffectStars-Ex.R’
Flavors: r-devel-linux-x86_64-fedora-clang, r-devel-linux-x86_64-fedora-gcc

Version: 1.3
Check: for old-style vignette sources
Result: NOTE
    Vignette sources only in 'inst/doc':
     'BEPS.Rnw', 'PID.Rnw', 'alligator.Rnw', 'coffee.Rnw', 'election.Rnw',
     'insolvency.Rnw', 'plebiscite.Rnw', 'womenlabour.Rnw'
    A 'vignettes' directory will be required as from R 3.1.0
Flavor: r-oldrel-windows-ix86+x86_64