CRAN Package Check Results for Package EffectStars

Last updated on 2017-09-20 07:46:52.

Flavor Version Tinstall Tcheck Ttotal Status Flags
r-devel-linux-x86_64-debian-clang 1.7 1.27 27.37 28.64 WARN
r-devel-linux-x86_64-debian-gcc 1.7 1.34 26.38 27.72 WARN
r-devel-linux-x86_64-fedora-clang 1.7 49.74 WARN
r-devel-linux-x86_64-fedora-gcc 1.7 49.67 WARN
r-devel-windows-ix86+x86_64 1.7 5.00 67.00 72.00 WARN
r-patched-linux-x86_64 1.7 1.39 26.76 28.15 WARN
r-patched-solaris-x86 1.7 55.40 WARN
r-release-linux-x86_64 1.7 1.36 26.41 27.77 WARN
r-release-windows-ix86+x86_64 1.7 4.00 51.00 55.00 WARN
r-release-osx-x86_64 1.7 OK
r-oldrel-windows-ix86+x86_64 1.7 4.00 42.00 46.00 WARN
r-oldrel-osx-x86_64 1.7 OK

Check Details

Version: 1.7
Check: Rd cross-references
Result: WARN
    Missing link or links in documentation object 'BEPS.Rd':
     ‘[effects]{BEPS}’
    
    See section 'Cross-references' in the 'Writing R Extensions' manual.
Flavors: r-devel-linux-x86_64-debian-clang, r-devel-linux-x86_64-debian-gcc, r-devel-linux-x86_64-fedora-clang, r-devel-linux-x86_64-fedora-gcc, r-devel-windows-ix86+x86_64, r-patched-linux-x86_64, r-patched-solaris-x86, r-release-linux-x86_64, r-release-windows-ix86+x86_64, r-oldrel-windows-ix86+x86_64