CRAN Package Check Results for Package EffectStars

Last updated on 2016-02-08 11:49:27.

Flavor Version Tinstall Tcheck Ttotal Status Flags
r-devel-linux-x86_64-debian-gcc 1.5 1.34 38.75 40.08 NOTE
r-devel-linux-x86_64-fedora-clang 1.5 76.22 NOTE
r-devel-linux-x86_64-fedora-gcc 1.5 72.94 NOTE
r-devel-osx-x86_64-clang 1.5 83.94 NOTE
r-devel-windows-ix86+x86_64 1.5 6.00 65.00 71.00 NOTE
r-patched-linux-x86_64 1.5 1.39 55.33 56.72 OK
r-patched-solaris-sparc 1.5 693.40 OK
r-patched-solaris-x86 1.5 132.50 OK
r-release-linux-x86_64 1.5 1.31 53.31 54.62 OK
r-release-osx-x86_64-mavericks 1.5 OK
r-release-windows-ix86+x86_64 1.5 6.00 90.00 96.00 OK
r-oldrel-windows-ix86+x86_64 1.5 8.00 92.00 100.00 OK

Check Details

Version: 1.5
Check: R code for possible problems
Result: NOTE
    star.cumulative: no visible global function definition for ‘par’
    star.cumulative: no visible global function definition for ‘as.formula’
    star.cumulative: no visible binding for global variable ‘var’
    star.cumulative: no visible global function definition for ‘pchisq’
    star.cumulative: no visible global function definition for ‘stars’
    star.cumulative: no visible global function definition for ‘symbols’
    star.cumulative: no visible global function definition for ‘text’
    star.nominalcat: no visible global function definition for ‘par’
    star.nominalcat: no visible global function definition for ‘as.formula’
    star.nominalcat: no visible binding for global variable ‘var’
    star.nominalcat: no visible global function definition for ‘pchisq’
    star.nominalcat: no visible global function definition for ‘qnorm’
    star.nominalcat: no visible global function definition for ‘pnorm’
    star.nominalcat: no visible global function definition for ‘stars’
    star.nominalcat: no visible global function definition for ‘symbols’
    star.nominalcat: no visible global function definition for ‘text’
    star.nominalglob: no visible global function definition for ‘par’
    star.nominalglob: no visible global function definition for
     ‘as.formula’
    star.nominalglob: no visible global function definition for ‘pchisq’
    star.nominalglob: no visible global function definition for ‘qnorm’
    star.nominalglob: no visible global function definition for ‘pnorm’
    star.nominalglob: no visible global function definition for ‘stars’
    star.nominalglob: no visible global function definition for ‘symbols’
    star.nominalglob: no visible global function definition for ‘text’
    star.sequential: no visible global function definition for ‘par’
    star.sequential: no visible global function definition for ‘as.formula’
    star.sequential: no visible binding for global variable ‘var’
    star.sequential: no visible global function definition for ‘pchisq’
    star.sequential: no visible global function definition for ‘stars’
    star.sequential: no visible global function definition for ‘symbols’
    star.sequential: no visible global function definition for ‘text’
    Undefined global functions or variables:
     as.formula par pchisq pnorm qnorm stars symbols text var
    Consider adding
     importFrom("graphics", "par", "stars", "symbols", "text")
     importFrom("stats", "as.formula", "pchisq", "pnorm", "qnorm", "var")
    to your NAMESPACE file.
Flavors: r-devel-linux-x86_64-debian-gcc, r-devel-linux-x86_64-fedora-clang, r-devel-linux-x86_64-fedora-gcc, r-devel-osx-x86_64-clang, r-devel-windows-ix86+x86_64