CRAN Package Check Results for Package EffectStars

Last updated on 2014-04-21 05:48:14.

Flavor Version Tinstall Tcheck Ttotal Status Flags
r-devel-linux-x86_64-debian-clang 1.3 1.54 25.52 27.06 NOTE
r-devel-linux-x86_64-debian-gcc 1.3 1.49 26.14 27.64 NOTE
r-devel-linux-x86_64-fedora-clang 1.3 61.47 NOTE
r-devel-linux-x86_64-fedora-gcc 1.3 58.20 NOTE
r-devel-macosx-x86_64-clang 1.3 49.18 NOTE
r-devel-macosx-x86_64-gcc 1.3 NOTE
r-devel-windows-ix86+x86_64 1.3 4.00 38.00 42.00 NOTE
r-patched-linux-x86_64 1.3 1.62 25.98 27.60 NOTE
r-patched-solaris-sparc 1.3 304.20 NOTE
r-patched-solaris-x86 1.3 77.80 NOTE
r-release-linux-ix86 NOTE
r-release-linux-x86_64 1.3 1.43 25.35 26.78 NOTE
r-release-windows-ix86+x86_64 1.3 6.00 35.00 41.00 NOTE
r-oldrel-windows-ix86+x86_64 1.3 6.00 61.00 67.00 NOTE

Check Details

Version: 1.3
Check: dependencies in R code
Result: NOTE
    Package in Depends field not imported from: ‘VGAM’
     These packages need to be imported from (in the NAMESPACE file)
     for when this namespace is loaded but not attached.
    See the information on DESCRIPTION files in the chapter ‘Creating R
    packages’ of the ‘Writing R Extensions’ manual.
Flavors: r-devel-linux-x86_64-debian-clang, r-devel-linux-x86_64-debian-gcc, r-devel-linux-x86_64-fedora-clang, r-devel-linux-x86_64-fedora-gcc, r-devel-macosx-x86_64-clang, r-devel-macosx-x86_64-gcc, r-devel-windows-ix86+x86_64, r-patched-linux-x86_64, r-patched-solaris-sparc, r-patched-solaris-x86, r-release-linux-ix86, r-release-linux-x86_64, r-release-windows-ix86+x86_64, r-oldrel-windows-ix86+x86_64

Version: 1.3
Check: for old-style vignette sources
Result: NOTE
    Vignette sources only in ‘inst/doc’:
     ‘BEPS.Rnw’, ‘PID.Rnw’, ‘alligator.Rnw’, ‘coffee.Rnw’, ‘election.Rnw’,
     ‘insolvency.Rnw’, ‘plebiscite.Rnw’, ‘womenlabour.Rnw’
    A ‘vignettes’ directory is required as from R 3.1.0
    and these will not be indexed nor checked
Flavors: r-devel-linux-x86_64-debian-clang, r-devel-linux-x86_64-debian-gcc, r-devel-linux-x86_64-fedora-clang, r-devel-linux-x86_64-fedora-gcc, r-devel-macosx-x86_64-clang, r-devel-macosx-x86_64-gcc, r-devel-windows-ix86+x86_64, r-patched-linux-x86_64, r-patched-solaris-sparc, r-patched-solaris-x86, r-release-linux-ix86, r-release-linux-x86_64, r-release-windows-ix86+x86_64

Version: 1.3
Check: top-level files
Result: NOTE
    Non-standard file/directory found at top level:
     ‘EffectStars-Ex.R’
Flavors: r-devel-linux-x86_64-fedora-clang, r-devel-linux-x86_64-fedora-gcc

Version: 1.3
Check: Rd cross-references
Result: NOTE
    Packages unavailable to check Rd xrefs: ‘faraway’, ‘car’
Flavor: r-devel-macosx-x86_64-gcc

Version: 1.3
Check: for old-style vignette sources
Result: NOTE
    Vignette sources only in 'inst/doc':
     'BEPS.Rnw', 'PID.Rnw', 'alligator.Rnw', 'coffee.Rnw', 'election.Rnw',
     'insolvency.Rnw', 'plebiscite.Rnw', 'womenlabour.Rnw'
    A 'vignettes' directory will be required as from R 3.1.0
Flavor: r-oldrel-windows-ix86+x86_64