CRAN Package Check Results for Package EffectStars

Last updated on 2015-09-02 16:49:22.

Flavor Version Tinstall Tcheck Ttotal Status Flags
r-devel-linux-x86_64-debian-clang 1.5 1.24 55.04 56.28 NOTE
r-devel-linux-x86_64-debian-gcc 1.5 1.20 53.55 54.74 NOTE
r-devel-linux-x86_64-fedora-clang 1.5 106.57 NOTE
r-devel-linux-x86_64-fedora-gcc 1.5 102.86 NOTE
r-devel-osx-x86_64-clang 1.5 90.69 OK
r-devel-windows-ix86+x86_64 1.5 7.00 104.00 111.00 NOTE
r-patched-linux-x86_64 1.5 1.35 54.96 56.31 OK
r-patched-solaris-sparc 1.5 733.90 OK
r-patched-solaris-x86 1.5 147.10 OK
r-release-linux-x86_64 1.5 1.22 53.73 54.95 OK
r-release-osx-x86_64-mavericks 1.5 OK
r-release-windows-ix86+x86_64 1.5 7.00 84.00 91.00 OK
r-oldrel-windows-ix86+x86_64 1.5 8.00 101.00 109.00 OK

Check Details

Version: 1.5
Check: R code for possible problems
Result: NOTE
    star.cumulative: no visible global function definition for ‘par’
    star.cumulative: no visible global function definition for ‘as.formula’
    star.cumulative: no visible binding for global variable ‘var’
    star.cumulative: no visible global function definition for ‘pchisq’
    star.cumulative: no visible global function definition for ‘stars’
    star.cumulative: no visible global function definition for ‘symbols’
    star.cumulative: no visible global function definition for ‘text’
    star.nominalcat: no visible global function definition for ‘par’
    star.nominalcat: no visible global function definition for ‘as.formula’
    star.nominalcat: no visible binding for global variable ‘var’
    star.nominalcat: no visible global function definition for ‘pchisq’
    star.nominalcat: no visible global function definition for ‘qnorm’
    star.nominalcat: no visible global function definition for ‘pnorm’
    star.nominalcat: no visible global function definition for ‘stars’
    star.nominalcat: no visible global function definition for ‘symbols’
    star.nominalcat: no visible global function definition for ‘text’
    star.nominalglob: no visible global function definition for ‘par’
    star.nominalglob: no visible global function definition for
     ‘as.formula’
    star.nominalglob: no visible global function definition for ‘pchisq’
    star.nominalglob: no visible global function definition for ‘qnorm’
    star.nominalglob: no visible global function definition for ‘pnorm’
    star.nominalglob: no visible global function definition for ‘stars’
    star.nominalglob: no visible global function definition for ‘symbols’
    star.nominalglob: no visible global function definition for ‘text’
    star.sequential: no visible global function definition for ‘par’
    star.sequential: no visible global function definition for ‘as.formula’
    star.sequential: no visible binding for global variable ‘var’
    star.sequential: no visible global function definition for ‘pchisq’
    star.sequential: no visible global function definition for ‘stars’
    star.sequential: no visible global function definition for ‘symbols’
    star.sequential: no visible global function definition for ‘text’
    Undefined global functions or variables:
     as.formula par pchisq pnorm qnorm stars symbols text var
    Consider adding
     importFrom("graphics", "par", "stars", "symbols", "text")
     importFrom("stats", "as.formula", "pchisq", "pnorm", "qnorm", "var")
    to your NAMESPACE.
Flavors: r-devel-linux-x86_64-debian-clang, r-devel-linux-x86_64-debian-gcc, r-devel-linux-x86_64-fedora-clang, r-devel-linux-x86_64-fedora-gcc, r-devel-windows-ix86+x86_64