CRAN Package Check Results for Package EffectStars

Last updated on 2015-06-30 15:47:03.

Flavor Version Tinstall Tcheck Ttotal Status Flags
r-devel-linux-x86_64-debian-clang 1.5 1.21 54.58 55.78 NOTE
r-devel-linux-x86_64-debian-gcc 1.5 1.27 53.06 54.32 NOTE
r-devel-linux-x86_64-fedora-clang 1.5 107.09 NOTE
r-devel-linux-x86_64-fedora-gcc 1.5 103.16 OK
r-devel-osx-x86_64-clang 1.5 99.06 OK
r-devel-windows-ix86+x86_64 1.5 8.00 117.00 125.00 NOTE
r-patched-linux-x86_64 1.5 1.20 55.48 56.68 OK
r-patched-solaris-sparc 1.5 736.70 OK
r-patched-solaris-x86 1.5 147.40 OK
r-release-linux-x86_64 1.5 1.20 54.74 55.94 OK
r-release-osx-x86_64-mavericks 1.5 OK
r-release-windows-ix86+x86_64 1.5 6.00 88.00 94.00 OK
r-oldrel-windows-ix86+x86_64 1.5 8.00 91.00 99.00 OK

Check Details

Version: 1.5
Check: R code for possible problems
Result: NOTE
    star.cumulative: no visible global function definition for ‘par’
    star.cumulative: no visible global function definition for ‘as.formula’
    star.cumulative: no visible binding for global variable ‘var’
    star.cumulative: no visible global function definition for ‘pchisq’
    star.cumulative: no visible global function definition for ‘stars’
    star.cumulative: no visible global function definition for ‘symbols’
    star.cumulative: no visible global function definition for ‘text’
    star.nominalcat: no visible global function definition for ‘par’
    star.nominalcat: no visible global function definition for ‘as.formula’
    star.nominalcat: no visible binding for global variable ‘var’
    star.nominalcat: no visible global function definition for ‘pchisq’
    star.nominalcat: no visible global function definition for ‘qnorm’
    star.nominalcat: no visible global function definition for ‘pnorm’
    star.nominalcat: no visible global function definition for ‘stars’
    star.nominalcat: no visible global function definition for ‘symbols’
    star.nominalcat: no visible global function definition for ‘text’
    star.nominalglob: no visible global function definition for ‘par’
    star.nominalglob: no visible global function definition for
     ‘as.formula’
    star.nominalglob: no visible global function definition for ‘pchisq’
    star.nominalglob: no visible global function definition for ‘qnorm’
    star.nominalglob: no visible global function definition for ‘pnorm’
    star.nominalglob: no visible global function definition for ‘stars’
    star.nominalglob: no visible global function definition for ‘symbols’
    star.nominalglob: no visible global function definition for ‘text’
    star.sequential: no visible global function definition for ‘par’
    star.sequential: no visible global function definition for ‘as.formula’
    star.sequential: no visible binding for global variable ‘var’
    star.sequential: no visible global function definition for ‘pchisq’
    star.sequential: no visible global function definition for ‘stars’
    star.sequential: no visible global function definition for ‘symbols’
    star.sequential: no visible global function definition for ‘text’
Flavors: r-devel-linux-x86_64-debian-clang, r-devel-linux-x86_64-debian-gcc, r-devel-linux-x86_64-fedora-clang, r-devel-windows-ix86+x86_64