Last updated on 2021-03-04 05:47:54 CET.
Flavor | Version | Tinstall | Tcheck | Ttotal | Status | Flags |
---|---|---|---|---|---|---|
r-devel-linux-x86_64-debian-clang | 1.9-1 | 6.70 | 54.91 | 61.61 | OK | |
r-devel-linux-x86_64-debian-gcc | 1.9-1 | 6.02 | 42.04 | 48.06 | OK | |
r-devel-linux-x86_64-fedora-clang | 1.9-1 | 85.78 | NOTE | |||
r-devel-linux-x86_64-fedora-gcc | 1.9-1 | 74.54 | OK | |||
r-devel-windows-ix86+x86_64 | 1.9-1 | 16.00 | 74.00 | 90.00 | OK | |
r-patched-linux-x86_64 | 1.9-1 | 7.36 | 51.37 | 58.73 | OK | |
r-patched-solaris-x86 | 1.9-1 | 105.60 | OK | |||
r-release-linux-x86_64 | 1.9-1 | 6.41 | 50.59 | 57.00 | OK | |
r-release-macos-x86_64 | 1.9-1 | OK | ||||
r-release-windows-ix86+x86_64 | 1.9-1 | 16.00 | 57.00 | 73.00 | OK | |
r-oldrel-macos-x86_64 | 1.9-1 | OK | ||||
r-oldrel-windows-ix86+x86_64 | 1.9-1 | 35.00 | 75.00 | 110.00 | OK |
Version: 1.9-1
Check: Rd cross-references
Result: NOTE
Undeclared packages ‘carData’, ‘faraway’ in Rd xrefs
Flavor: r-devel-linux-x86_64-fedora-clang