CRAN Package Check Results for Package EffectStars

Last updated on 2014-08-21 05:46:51.

Flavor Version Tinstall Tcheck Ttotal Status Flags
r-devel-linux-x86_64-debian-clang 1.3 1.48 24.38 25.86 NOTE
r-devel-linux-x86_64-debian-gcc 1.3 1.33 24.40 25.73 NOTE
r-devel-linux-x86_64-fedora-clang 1.3 68.62 NOTE
r-devel-linux-x86_64-fedora-gcc 1.3 55.71 NOTE
r-devel-osx-x86_64-clang 1.3 48.33 NOTE
r-devel-windows-ix86+x86_64 1.3 4.00 35.00 39.00 NOTE
r-patched-linux-x86_64 1.3 1.83 25.61 27.44 NOTE
r-patched-solaris-sparc 1.3 302.10 NOTE
r-patched-solaris-x86 1.3 76.30 NOTE
r-release-linux-ix86 1.3 1.94 34.35 36.29 NOTE
r-release-linux-x86_64 1.3 1.44 25.60 27.04 NOTE
r-release-osx-x86_64-mavericks 1.3 NOTE
r-release-windows-ix86+x86_64 1.3 5.00 36.00 41.00 NOTE
r-oldrel-windows-ix86+x86_64 1.3 6.00 57.00 63.00 NOTE

Check Details

Version: 1.3
Check: dependencies in R code
Result: NOTE
    Package in Depends field not imported from: ‘VGAM’
     These packages need to be imported from (in the NAMESPACE file)
     for when this namespace is loaded but not attached.
    See the information on DESCRIPTION files in the chapter ‘Creating R
    packages’ of the ‘Writing R Extensions’ manual.
Flavors: r-devel-linux-x86_64-debian-clang, r-devel-linux-x86_64-debian-gcc, r-devel-linux-x86_64-fedora-clang, r-devel-linux-x86_64-fedora-gcc, r-devel-osx-x86_64-clang, r-devel-windows-ix86+x86_64, r-patched-linux-x86_64, r-patched-solaris-sparc, r-patched-solaris-x86, r-release-linux-ix86, r-release-linux-x86_64, r-release-osx-x86_64-mavericks, r-release-windows-ix86+x86_64, r-oldrel-windows-ix86+x86_64

Version: 1.3
Check: for old-style vignette sources
Result: NOTE
    Vignette sources only in ‘inst/doc’:
     ‘BEPS.Rnw’, ‘PID.Rnw’, ‘alligator.Rnw’, ‘coffee.Rnw’, ‘election.Rnw’,
     ‘insolvency.Rnw’, ‘plebiscite.Rnw’, ‘womenlabour.Rnw’
    A ‘vignettes’ directory is required as from R 3.1.0
    and these will not be indexed nor checked
Flavors: r-devel-linux-x86_64-debian-clang, r-devel-linux-x86_64-debian-gcc, r-devel-linux-x86_64-fedora-clang, r-devel-linux-x86_64-fedora-gcc, r-devel-osx-x86_64-clang, r-devel-windows-ix86+x86_64, r-patched-linux-x86_64, r-patched-solaris-sparc, r-patched-solaris-x86, r-release-linux-ix86, r-release-linux-x86_64, r-release-osx-x86_64-mavericks, r-release-windows-ix86+x86_64

Version: 1.3
Check: top-level files
Result: NOTE
    Non-standard file/directory found at top level:
     ‘EffectStars-Ex.R’
Flavors: r-devel-linux-x86_64-fedora-clang, r-devel-linux-x86_64-fedora-gcc

Version: 1.3
Check: R code for possible problems
Result: NOTE
    star.cumulative: no visible global function definition for ‘vglm’
    star.cumulative: no visible global function definition for ‘cumulative’
    star.nominalcat: no visible global function definition for ‘vglm’
    star.nominalcat: no visible global function definition for
     ‘multinomial’
    star.nominalglob: no visible global function definition for ‘vglm’
    star.nominalglob: no visible global function definition for
     ‘multinomial’
    star.sequential: no visible global function definition for ‘vglm’
    star.sequential: no visible global function definition for ‘sratio’
Flavors: r-devel-linux-x86_64-fedora-clang, r-devel-linux-x86_64-fedora-gcc, r-devel-osx-x86_64-clang

Version: 1.3
Check: for old-style vignette sources
Result: NOTE
    Vignette sources only in 'inst/doc':
     'BEPS.Rnw', 'PID.Rnw', 'alligator.Rnw', 'coffee.Rnw', 'election.Rnw',
     'insolvency.Rnw', 'plebiscite.Rnw', 'womenlabour.Rnw'
    A 'vignettes' directory will be required as from R 3.1.0
Flavor: r-oldrel-windows-ix86+x86_64