CRAN Package Check Results for Package EffectStars

Last updated on 2015-05-28 03:47:23.

Flavor Version Tinstall Tcheck Ttotal Status Flags
r-devel-linux-x86_64-debian-clang 1.5 1.24 57.74 58.98 OK
r-devel-linux-x86_64-debian-gcc 1.5 1.22 53.98 55.20 OK
r-devel-linux-x86_64-fedora-clang 1.5 110.16 OK
r-devel-linux-x86_64-fedora-gcc 1.5 104.64 OK
r-devel-osx-x86_64-clang 1.5 101.22 OK
r-devel-windows-ix86+x86_64 1.5 5.00 79.00 84.00 OK
r-patched-linux-x86_64 1.5 1.26 54.80 56.06 OK
r-patched-solaris-sparc 1.5 736.70 OK
r-patched-solaris-x86 1.5 147.80 OK
r-release-linux-x86_64 1.5 1.60 58.48 60.08 OK
r-release-osx-x86_64-mavericks 1.5 OK
r-release-osx-x86_64-snowleopard 1.5 NOTE
r-release-windows-ix86+x86_64 1.5 5.00 75.00 80.00 OK
r-oldrel-windows-ix86+x86_64 1.5 6.00 116.00 122.00 OK

Check Details

Version: 1.5
Check: Rd cross-references
Result: NOTE
    Package unavailable to check Rd xrefs: ‘car’
Flavor: r-release-osx-x86_64-snowleopard