CRAN Package Check Results for Package EffectStars

Last updated on 2015-04-27 11:48:36.

Flavor Version Tinstall Tcheck Ttotal Status Flags
r-devel-linux-x86_64-debian-clang 1.5 1.96 54.97 56.93 OK
r-devel-linux-x86_64-debian-gcc 1.5 1.20 54.69 55.89 OK
r-devel-linux-x86_64-fedora-clang 1.5 111.87 OK
r-devel-linux-x86_64-fedora-gcc 1.5 107.67 OK
r-devel-osx-x86_64-clang 1.5 102.81 OK
r-devel-windows-ix86+x86_64 1.5 4.00 114.00 118.00 OK
r-patched-linux-x86_64 1.5 1.33 53.92 55.26 OK
r-patched-solaris-sparc 1.5 791.70 OK
r-patched-solaris-x86 1.5 147.60 OK
r-release-linux-x86_64 1.5 1.32 54.22 55.54 OK
r-release-osx-x86_64-mavericks 1.5 OK
r-release-osx-x86_64-snowleopard 1.5 NOTE
r-release-windows-ix86+x86_64 1.5 6.00 104.00 110.00 OK
r-oldrel-windows-ix86+x86_64 1.5 4.00 81.00 85.00 OK

Check Details

Version: 1.5
Check: Rd cross-references
Result: NOTE
    Package unavailable to check Rd xrefs: ‘car’
Flavor: r-release-osx-x86_64-snowleopard