CRAN Package Check Results for Package EffectsRelBaseline

Last updated on 2019-08-17 19:48:25 CEST.

Flavor Version Tinstall Tcheck Ttotal Status Flags
r-devel-linux-x86_64-debian-clang 0.5 1.72 18.69 20.41 NOTE
r-devel-linux-x86_64-debian-gcc 0.5 1.41 15.59 17.00 NOTE
r-devel-linux-x86_64-fedora-clang 0.5 25.06 NOTE
r-devel-linux-x86_64-fedora-gcc 0.5 23.93 NOTE
r-devel-windows-ix86+x86_64 0.5 6.00 51.00 57.00 NOTE
r-patched-linux-x86_64 0.5 1.33 18.90 20.23 NOTE
r-patched-solaris-x86 0.5 41.50 NOTE
r-release-linux-x86_64 0.5 1.39 18.68 20.07 NOTE
r-release-windows-ix86+x86_64 0.5 6.00 47.00 53.00 NOTE
r-release-osx-x86_64 0.5 NOTE
r-oldrel-windows-ix86+x86_64 0.5 4.00 44.00 48.00 NOTE
r-oldrel-osx-x86_64 0.5 NOTE

Check Details

Version: 0.5
Check: DESCRIPTION meta-information
Result: NOTE
    Malformed Title field: should not end in a period.
Flavors: r-devel-linux-x86_64-debian-clang, r-devel-linux-x86_64-debian-gcc, r-devel-linux-x86_64-fedora-clang, r-devel-linux-x86_64-fedora-gcc, r-devel-windows-ix86+x86_64, r-patched-linux-x86_64, r-patched-solaris-x86, r-release-linux-x86_64, r-release-windows-ix86+x86_64, r-release-osx-x86_64, r-oldrel-windows-ix86+x86_64, r-oldrel-osx-x86_64