CRAN Package Check Results for Package EmbedSOM

Last updated on 2020-09-22 06:47:23 CEST.

Flavor Version Tinstall Tcheck Ttotal Status Flags
r-devel-linux-x86_64-debian-clang 2.1.1 30.79 58.46 89.25 OK
r-devel-linux-x86_64-debian-gcc 2.1.1 0.42 2.26 2.68 ERROR
r-devel-linux-x86_64-fedora-clang 2.1.1 130.95 NOTE
r-devel-linux-x86_64-fedora-gcc 2.1.1 126.30 NOTE
r-devel-windows-ix86+x86_64 2.1.1 50.00 121.00 171.00 OK
r-patched-linux-x86_64 2.1.1 23.73 58.14 81.87 OK
r-patched-solaris-x86 2.1.1 205.70 NOTE
r-release-linux-x86_64 2.1.1 26.62 58.28 84.90 OK
r-release-macos-x86_64 2.1.1 NOTE
r-release-windows-ix86+x86_64 2.1.1 50.00 115.00 165.00 OK
r-oldrel-macos-x86_64 2.1.1 NOTE
r-oldrel-windows-ix86+x86_64 2.1.1 46.00 86.00 132.00 OK

Check Details

Version: 2.1.1
Check: whether package can be installed
Result: ERROR
    Installation failed.
Flavor: r-devel-linux-x86_64-debian-gcc

Version: 2.1.1
Check: installed package size
Result: NOTE
     installed size is 5.9Mb
     sub-directories of 1Mb or more:
     doc 1.7Mb
     libs 4.0Mb
Flavor: r-devel-linux-x86_64-fedora-clang

Version: 2.1.1
Check: dependencies in R code
Result: NOTE
    Namespaces in Imports field not imported from:
     ‘Matrix’ ‘Rtsne’ ‘uwot’
     All declared Imports should be used.
Flavors: r-devel-linux-x86_64-fedora-clang, r-devel-linux-x86_64-fedora-gcc, r-patched-solaris-x86, r-release-macos-x86_64, r-oldrel-macos-x86_64