Last updated on 2025-04-30 02:50:37 CEST.
Flavor | Version | Tinstall | Tcheck | Ttotal | Status | Flags |
---|---|---|---|---|---|---|
r-devel-linux-x86_64-debian-clang | 2.2 | 23.33 | 56.24 | 79.57 | OK | |
r-devel-linux-x86_64-debian-gcc | 2.2 | 16.89 | 41.87 | 58.76 | OK | |
r-devel-linux-x86_64-fedora-clang | 2.2 | 127.14 | NOTE | |||
r-devel-linux-x86_64-fedora-gcc | 2.2 | 149.73 | NOTE | |||
r-devel-windows-x86_64 | 2.2 | 25.00 | 120.00 | 145.00 | OK | |
r-patched-linux-x86_64 | 2.2 | 24.60 | 52.60 | 77.20 | OK | |
r-release-linux-x86_64 | 2.2 | 22.51 | 53.03 | 75.54 | OK | |
r-release-macos-arm64 | 2.2 | 63.00 | OK | |||
r-release-macos-x86_64 | 2.2 | 96.00 | OK | |||
r-release-windows-x86_64 | 2.2 | 27.00 | 126.00 | 153.00 | OK | |
r-oldrel-macos-arm64 | 2.2 | 60.00 | OK | |||
r-oldrel-macos-x86_64 | 2.2 | 83.00 | OK | |||
r-oldrel-windows-x86_64 | 2.2 | 28.00 | 156.00 | 184.00 | OK |
Version: 2.2
Check: dependencies in R code
Result: NOTE
Namespace in Imports field not imported from: ‘Matrix’
All declared Imports should be used.
Flavors: r-devel-linux-x86_64-fedora-clang, r-devel-linux-x86_64-fedora-gcc