CRAN Package Check Results for Package EnQuireR

Last updated on 2015-06-30 12:47:12.

Flavor Version Tinstall Tcheck Ttotal Status Flags
r-devel-linux-x86_64-debian-clang 0.10 9.76 51.44 61.20 NOTE
r-devel-linux-x86_64-debian-gcc 0.10 5.12 48.73 53.85 NOTE
r-devel-linux-x86_64-fedora-clang 0.10 111.34 NOTE
r-devel-linux-x86_64-fedora-gcc 0.10 104.31 NOTE
r-devel-osx-x86_64-clang 0.10 106.63 NOTE
r-devel-windows-ix86+x86_64 0.10 45.00 83.00 128.00 NOTE
r-patched-linux-x86_64 0.10 5.13 50.84 55.97 NOTE
r-patched-solaris-sparc 0.10 677.60 NOTE
r-patched-solaris-x86 0.10 157.40 NOTE
r-release-linux-x86_64 0.10 7.67 50.75 58.42 NOTE
r-release-osx-x86_64-mavericks 0.10 NOTE
r-release-windows-ix86+x86_64 0.10 54.00 75.00 129.00 NOTE
r-oldrel-windows-ix86+x86_64 0.10 63.00 149.00 212.00 NOTE

Check Details

Version: 0.10
Check: installed package size
Result: NOTE
     installed size is 6.2Mb
     sub-directories of 1Mb or more:
     Sweave 6.0Mb
Flavors: r-devel-linux-x86_64-debian-clang, r-devel-linux-x86_64-debian-gcc, r-devel-linux-x86_64-fedora-clang, r-devel-linux-x86_64-fedora-gcc, r-devel-osx-x86_64-clang, r-devel-windows-ix86+x86_64, r-patched-linux-x86_64, r-patched-solaris-sparc, r-patched-solaris-x86, r-release-linux-x86_64, r-release-osx-x86_64-mavericks, r-release-windows-ix86+x86_64, r-oldrel-windows-ix86+x86_64

Version: 0.10
Check: DESCRIPTION meta-information
Result: NOTE
    Malformed Description field: should contain one or more complete sentences.
Flavors: r-devel-linux-x86_64-debian-clang, r-devel-linux-x86_64-debian-gcc, r-devel-linux-x86_64-fedora-clang, r-devel-linux-x86_64-fedora-gcc, r-devel-osx-x86_64-clang, r-devel-windows-ix86+x86_64, r-patched-linux-x86_64, r-patched-solaris-sparc, r-patched-solaris-x86, r-release-linux-x86_64, r-release-osx-x86_64-mavericks, r-release-windows-ix86+x86_64

Version: 0.10
Check: top-level files
Result: NOTE
    Non-standard file/directory found at top level:
     ‘desktop.ini’
Flavors: r-devel-linux-x86_64-debian-clang, r-devel-linux-x86_64-debian-gcc, r-devel-linux-x86_64-fedora-clang, r-devel-linux-x86_64-fedora-gcc, r-patched-linux-x86_64, r-release-linux-x86_64

Version: 0.10
Check: dependencies in R code
Result: NOTE
    Packages in Depends field not imported from:
     ‘FactoMineR’ ‘MASS’ ‘Rcmdr’ ‘SensoMineR’
     These packages need to be imported from (in the NAMESPACE file)
     for when this namespace is loaded but not attached.
Flavors: r-devel-linux-x86_64-debian-clang, r-devel-linux-x86_64-debian-gcc, r-devel-linux-x86_64-fedora-clang, r-devel-linux-x86_64-fedora-gcc, r-devel-osx-x86_64-clang, r-devel-windows-ix86+x86_64, r-patched-linux-x86_64, r-patched-solaris-sparc, r-patched-solaris-x86, r-release-linux-x86_64, r-release-osx-x86_64-mavericks, r-release-windows-ix86+x86_64, r-oldrel-windows-ix86+x86_64

Version: 0.10
Check: R code for possible problems
Result: NOTE
    Found an obsolete/platform-specific call in the following function:
     ‘barplot_function’
    Found the platform-specific device:
     ‘x11’
    dev.new() is the preferred way to open a new device, in the unlikely
    event one is needed.
    ENMCA: no visible global function definition for ‘dev.list’
    ENMCA : fn: no visible global function definition for ‘dev.new’
    ENMCA : fn: no visible global function definition for ‘assignCluster’
    ENMCA : fn: no visible global function definition for ‘dev.cur’
    ENMCA : fn: no visible global function definition for ‘catdes’
    ENMCA : fn: no visible global function definition for ‘plot.MCA’
    ENMCA : fn: no visible global function definition for ‘legend’
    ENMCA : Sweave_f: no visible global function definition for ‘Sweave’
    ENMCA : Sweave_f: no visible global function definition for
     ‘RweaveLatex’
    ENbarplot: no visible global function definition for ‘Sweave’
    ENbarplot: no visible global function definition for ‘RweaveLatex’
    ENdensity: no visible global function definition for ‘kde2d’
    ENdensity: no visible global function definition for ‘contour’
    ENdensity: no visible global function definition for ‘title’
    ENellipse : ellipse: no visible global function definition for ‘qchisq’
    ENellipse: no visible global function definition for ‘var’
    ENellipse: no visible global function definition for ‘plot’
    ENellipse: no visible global function definition for ‘title’
    ENellipse: no visible global function definition for ‘abline’
    ENellipse: no visible global function definition for ‘text’
    ENellipse: no visible global function definition for ‘legend’
    ENellipse: no visible global function definition for ‘points’
    ENellipse: no visible global function definition for ‘lines’
    ENlisib: no visible global function definition for ‘sd’
    ENlisib: no visible global function definition for ‘plot.MCA’
    GRmarking: no visible global function definition for ‘dev.new’
    GRmarking: no visible global function definition for ‘par’
    GRmarking: no visible global function definition for ‘barplot’
    GRmarking: no visible global function definition for ‘text’
    GRmarking: no visible global function definition for ‘mtext’
    MCA2: no visible global function definition for ‘tab.disjonctif’
    MCA2: no visible global function definition for ‘complete.cases’
    MCA2: no visible global function definition for ‘PCA’
    MCA2: no visible global function definition for ‘CA’
    MCA2: no visible global function definition for ‘aov’
    MCA2: no visible global function definition for ‘cor’
    MCA2: no visible global function definition for ‘plot.MCA’
    XvsYbarplot: no visible global function definition for ‘par’
    XvsYbarplot: no visible global function definition for ‘hsv’
    XvsYbarplot: no visible global function definition for ‘plot.new’
    XvsYbarplot: no visible global function definition for ‘plot.window’
    XvsYbarplot : xyrect: no visible global function definition for ‘rect’
    XvsYbarplot: no visible global function definition for ‘axis’
    XvsYbarplot: no visible global function definition for ‘xinch’
    XvsYbarplot: no visible global function definition for ‘yinch’
    XvsYbarplot: no visible global function definition for ‘title’
    barplot_function: no visible global function definition for ‘hsv’
    barplot_function: no visible global function definition for ‘par’
    barplot_function: no visible global function definition for ‘x11’
    barplot_function: no visible global function definition for ‘barplot’
    barplot_function: no visible global function definition for ‘text’
    barplot_function: no visible global function definition for ‘mtext’
    barplot_sweave : set.X: no visible binding for global variable ‘X’
    barplot_sweave : Sweave_f: no visible global function definition for
     ‘Sweave’
    barplot_sweave : Sweave_f: no visible global function definition for
     ‘RweaveLatex’
    barplotclustervsvar: no visible global function definition for ‘par’
    barplotclustervsvar: no visible global function definition for
     ‘col2rgb’
    barplotclustervsvar: no visible global function definition for ‘grey’
    barplotclustervsvar: no visible global function definition for
     ‘rgb2hsv’
    barplotclustervsvar: no visible global function definition for ‘hsv’
    barplotclustervsvar: no visible global function definition for
     ‘plot.new’
    barplotclustervsvar: no visible global function definition for
     ‘plot.window’
    barplotclustervsvar : xyrect: no visible global function definition for
     ‘rect’
    barplotclustervsvar: no visible global function definition for ‘axis’
    barplotclustervsvar: no visible global function definition for ‘xinch’
    barplotclustervsvar: no visible global function definition for ‘yinch’
    barplotclustervsvar: no visible global function definition for ‘title’
    barplotgroupes: no visible global function definition for ‘par’
    barplotgroupes: no visible global function definition for ‘grey.colors’
    barplotgroupes: no visible global function definition for ‘plot.new’
    barplotgroupes: no visible global function definition for ‘plot.window’
    barplotgroupes : xyrect: no visible global function definition for
     ‘rect’
    barplotgroupes: no visible global function definition for ‘axis’
    barplotgroupes: no visible global function definition for ‘title’
    catdes2: no visible global function definition for ‘xtabs’
    catdes2: no visible global function definition for ‘chisq.test’
    catdes2: no visible global function definition for ‘phyper’
    catdes2: no visible global function definition for ‘qnorm’
    catdes2: no visible binding for global variable ‘sd’
    catdes2: no visible global function definition for ‘sd’
    chisq.function: no visible global function definition for ‘as.formula’
    chisq.function: no visible global function definition for ‘xtabs’
    chisq.function: no visible global function definition for ‘chisq.test’
    chisq.function: no visible global function definition for ‘coltable’
    chisq.function: no visible global function definition for ‘par’
    chisq.function: no visible global function definition for ‘title’
    chisq.function: no visible global function definition for ‘mtext’
    chisq.function: no visible global function definition for ‘phyper’
    chisq.function: no visible global function definition for ‘qnorm’
    chisq.sweave : Sweave_f: no visible global function definition for
     ‘Sweave’
    chisq.sweave : Sweave_f: no visible global function definition for
     ‘RweaveLatex’
    col.barplot: no visible global function definition for ‘par’
    col.barplot: no visible global function definition for ‘hsv’
    col.barplot: no visible global function definition for ‘plot.new’
    col.barplot: no visible global function definition for ‘plot.window’
    col.barplot : xyrect: no visible global function definition for ‘rect’
    col.barplot: no visible global function definition for ‘axis’
    col.barplot: no visible global function definition for ‘legend’
    col.barplot: no visible global function definition for ‘xinch’
    col.barplot: no visible global function definition for ‘yinch’
    col.barplot: no visible global function definition for ‘title’
    cuttree.graph: no visible global function definition for ‘plot’
    cuttree.graph: no visible global function definition for ‘locator’
    cuttree.graph: no visible global function definition for ‘rect.hclust’
    cuttree.graph: no visible global function definition for ‘cutree’
    cuttree.graph: no visible global function definition for ‘as.hclust’
    legend2: no visible global function definition for ‘par’
    legend2: no visible global function definition for ‘as.graphicsAnnot’
    legend2: no visible global function definition for ‘xy.coords’
    legend2 : rect2: no visible global function definition for ‘rect’
    legend2 : segments2: no visible global function definition for
     ‘segments’
    legend2 : points2: no visible global function definition for ‘points’
    legend2 : text2: no visible global function definition for ‘text’
    legend2: no visible global function definition for ‘strwidth’
    legend2: no visible global function definition for ‘xinch’
    legend2: no visible global function definition for ‘yinch’
    legend2: no visible global function definition for ‘strheight’
    p_inertia: no visible global function definition for ‘MCA’
    tab_chi2: no visible global function definition for ‘chisq.test’
    tab_chi2: no visible global function definition for ‘coltable’
    tab_chi2: no visible global function definition for ‘par’
    tab_chi2: no visible global function definition for ‘title’
    
    Found the following assignments to the global environment:
    File ‘EnQuireR/R/ENMCA.R’:
     assign("hclus", tab2, envir = .GlobalEnv)
     assign("num.var", num.var, envir = .GlobalEnv)
     assign("catdes", aa, envir = .GlobalEnv)
     assign("res.acm", bb, envir = .GlobalEnv)
     assign("dataset", cc, envir = .GlobalEnv)
     assign("dataset2", dd, envir = .GlobalEnv)
     assign("res.acm.tot", res$MCA, envir = .GlobalEnv)
     assign("res.signif", res.signif$resum, envir = .GlobalEnv)
    File ‘EnQuireR/R/ENbarplot.R’:
     assign("X", X, envir = .GlobalEnv)
     assign("dataset", dataset, envir = .GlobalEnv)
    File ‘EnQuireR/R/chisq.desc.R’:
     assign("Y", Y, envir = .GlobalEnv)
     assign("X", X, envir = .GlobalEnv)
    File ‘EnQuireR/R/chisq.sweave.R’:
     assign("language", language, envir = .GlobalEnv)
     assign("varY", var, envir = .GlobalEnv)
     assign("varX", desc, envir = .GlobalEnv)
     assign("dataset", dataset, envir = .GlobalEnv)
     assign("X", c, envir = .GlobalEnv)
     assign("Y", d, envir = .GlobalEnv)
Flavors: r-devel-linux-x86_64-debian-clang, r-devel-linux-x86_64-debian-gcc

Version: 0.10
Check: Rd line widths
Result: NOTE
    Rd file 'ENMCA.Rd':
     \usage lines wider than 90 characters:
     ENMCA(dataset,ind.sup = NULL, quanti.sup = NULL, quali.sup = NULL, axes = c(1, 2), row.w = NULL,level.ventil = 0,signif=FALSE,proba=0.0 ... [TRUNCATED]
    
    Rd file 'ENellipse.Rd':
     \usage lines wider than 90 characters:
     ENellipse(matP, cluster, resampling="population", iter=500, alpha = 0.05, coord = c(1, 2), eig, cex = 1, color = NULL)
     \examples lines wider than 100 characters:
     ENellipse(matP=x, cluster=b, resampling="population", iter=500, alpha = 0.05, coord = c(1, 2), eig=res.enmca$MCA$eig, cex = 1, color = ... [TRUNCATED]
    
    These lines will be truncated in the PDF manual.
Flavors: r-devel-linux-x86_64-debian-clang, r-devel-linux-x86_64-debian-gcc, r-devel-linux-x86_64-fedora-clang, r-devel-linux-x86_64-fedora-gcc, r-patched-linux-x86_64, r-release-linux-x86_64

Version: 0.10
Check: R code for possible problems
Result: NOTE
    Found an obsolete/platform-specific call in the following function:
     ‘barplot_function’
    Found the platform-specific device:
     ‘x11’
    dev.new() is the preferred way to open a new device, in the unlikely
    event one is needed.
    ENMCA : fn: no visible global function definition for ‘assignCluster’
    ENMCA : fn: possible error in savePlot(filename = "Clustplot", type =
     "pdf", device = dev.cur(), restoreConsole = TRUE): unused argument
     (restoreConsole = TRUE)
    ENMCA : fn: no visible global function definition for ‘catdes’
    ENMCA : fn: no visible global function definition for ‘plot.MCA’
    ENMCA : fn: possible error in savePlot(filename = "MCAplotindclasse",
     type = "pdf", device = dev.cur(), restoreConsole = TRUE): unused
     argument (restoreConsole = TRUE)
    ENMCA : fn: possible error in savePlot(filename = "MCAplotvar", type =
     "pdf", device = dev.cur(), restoreConsole = TRUE): unused argument
     (restoreConsole = TRUE)
    ENMCA : fn: possible error in savePlot(filename = "MCAplotind", type =
     "pdf", device = dev.cur(), restoreConsole = TRUE): unused argument
     (restoreConsole = TRUE)
    ENMCA : fn: possible error in savePlot(filename = "MCAplotquantisup",
     type = "pdf", device = dev.cur(), restoreConsole = TRUE): unused
     argument (restoreConsole = TRUE)
    ENMCA : fn: possible error in savePlot(filename = "Ellipse", type =
     "pdf", device = dev.cur(), restoreConsole = TRUE): unused argument
     (restoreConsole = TRUE)
    ENMCA : fn: possible error in savePlot(filename = "Lisib", type =
     "pdf", device = dev.cur(), restoreConsole = TRUE): unused argument
     (restoreConsole = TRUE)
    ENMCA : fn: possible error in savePlot(filename = "Density", type =
     "pdf", device = dev.cur(), restoreConsole = TRUE): unused argument
     (restoreConsole = TRUE)
    ENMCA : fn: possible error in savePlot(filename = "Densitypop", type =
     "pdf", device = dev.cur(), restoreConsole = TRUE): unused argument
     (restoreConsole = TRUE)
    ENMCA : fn: possible error in savePlot(filename = "barplotgr", type =
     "pdf", device = dev.cur(), restoreConsole = TRUE): unused argument
     (restoreConsole = TRUE)
    ENMCA : fn: possible error in savePlot(filename = paste("barvarclus",
     i, sep = ""), type = "pdf", device = dev.cur(), restoreConsole =
     TRUE): unused argument (restoreConsole = TRUE)
    ENdensity: no visible global function definition for ‘kde2d’
    ENlisib: no visible global function definition for ‘plot.MCA’
    MCA2: no visible global function definition for ‘tab.disjonctif’
    MCA2: no visible global function definition for ‘PCA’
    MCA2: no visible global function definition for ‘CA’
    MCA2: no visible global function definition for ‘plot.MCA’
    XvsYbarplot: possible error in hsv(h = 1, s = 1, v = 1, 1, 1): unused
     argument (1)
    XvsYbarplot: possible error in hsv(h = 1, s = 0.4 + (height[i]/max) *
     0.6, v = 1, 1, 1): unused argument (1)
    XvsYbarplot: possible error in hsv(h = a * i, s = 1, v = 1, 1, 1):
     unused argument (1)
    barplot_function: possible error in hsv(h = a * m, s = 1, v = 1, 1, 1):
     unused argument (1)
    barplot_function: possible error in hsv(h = a * m, s = 0.4 +
     (cont[j]/max) * 0.6, v = 1, 1, 1): unused argument (1)
    barplot_sweave : set.X: no visible binding for global variable ‘X’
    chisq.function: no visible global function definition for ‘coltable’
    col.barplot: possible error in hsv(h = 1, s = 1, v = 1, 1, 1): unused
     argument (1)
    col.barplot: possible error in hsv(h = 1, s = 0.4 + (height[i]/max) *
     0.6, v = 1, 1, 1): unused argument (1)
    col.barplot: possible error in hsv(h = a * i, s = 1, v = 1, 1, 1):
     unused argument (1)
    p_inertia: no visible global function definition for ‘MCA’
    tab_chi2: no visible global function definition for ‘coltable’
    
    Found the following assignments to the global environment:
    File ‘EnQuireR/R/ENMCA.R’:
     assign("hclus", tab2, envir = .GlobalEnv)
     assign("num.var", num.var, envir = .GlobalEnv)
     assign("catdes", aa, envir = .GlobalEnv)
     assign("res.acm", bb, envir = .GlobalEnv)
     assign("dataset", cc, envir = .GlobalEnv)
     assign("dataset2", dd, envir = .GlobalEnv)
     assign("res.acm.tot", res$MCA, envir = .GlobalEnv)
     assign("res.signif", res.signif$resum, envir = .GlobalEnv)
    File ‘EnQuireR/R/ENbarplot.R’:
     assign("X", X, envir = .GlobalEnv)
     assign("dataset", dataset, envir = .GlobalEnv)
    File ‘EnQuireR/R/chisq.desc.R’:
     assign("Y", Y, envir = .GlobalEnv)
     assign("X", X, envir = .GlobalEnv)
    File ‘EnQuireR/R/chisq.sweave.R’:
     assign("language", language, envir = .GlobalEnv)
     assign("varY", var, envir = .GlobalEnv)
     assign("varX", desc, envir = .GlobalEnv)
     assign("dataset", dataset, envir = .GlobalEnv)
     assign("X", c, envir = .GlobalEnv)
     assign("Y", d, envir = .GlobalEnv)
Flavors: r-devel-linux-x86_64-fedora-clang, r-devel-osx-x86_64-clang, r-patched-linux-x86_64, r-release-linux-x86_64

Version: 0.10
Check: R code for possible problems
Result: NOTE
    Found an obsolete/platform-specific call in the following function:
     ‘barplot_function’
    Found the platform-specific device:
     ‘x11’
    dev.new() is the preferred way to open a new device, in the unlikely
    event one is needed.
    ENMCA : fn: no visible global function definition for ‘assignCluster’
    ENMCA : fn: possible error in savePlot(filename = "Clustplot", type =
     "pdf", device = dev.cur(), restoreConsole = TRUE): unused argument
     (restoreConsole = TRUE)
    ENMCA : fn: no visible global function definition for ‘catdes’
    ENMCA : fn: no visible global function definition for ‘plot.MCA’
    ENMCA : fn: possible error in savePlot(filename = "MCAplotindclasse",
     type = "pdf", device = dev.cur(), restoreConsole = TRUE): unused
     argument (restoreConsole = TRUE)
    ENMCA : fn: possible error in savePlot(filename = "MCAplotvar", type =
     "pdf", device = dev.cur(), restoreConsole = TRUE): unused argument
     (restoreConsole = TRUE)
    ENMCA : fn: possible error in savePlot(filename = "MCAplotind", type =
     "pdf", device = dev.cur(), restoreConsole = TRUE): unused argument
     (restoreConsole = TRUE)
    ENMCA : fn: possible error in savePlot(filename = "MCAplotquantisup",
     type = "pdf", device = dev.cur(), restoreConsole = TRUE): unused
     argument (restoreConsole = TRUE)
    ENMCA : fn: possible error in savePlot(filename = "Ellipse", type =
     "pdf", device = dev.cur(), restoreConsole = TRUE): unused argument
     (restoreConsole = TRUE)
    ENMCA : fn: possible error in savePlot(filename = "Lisib", type =
     "pdf", device = dev.cur(), restoreConsole = TRUE): unused argument
     (restoreConsole = TRUE)
    ENMCA : fn: possible error in savePlot(filename = "Density", type =
     "pdf", device = dev.cur(), restoreConsole = TRUE): unused argument
     (restoreConsole = TRUE)
    ENMCA : fn: possible error in savePlot(filename = "Densitypop", type =
     "pdf", device = dev.cur(), restoreConsole = TRUE): unused argument
     (restoreConsole = TRUE)
    ENMCA : fn: possible error in savePlot(filename = "barplotgr", type =
     "pdf", device = dev.cur(), restoreConsole = TRUE): unused argument
     (restoreConsole = TRUE)
    ENMCA : fn: possible error in savePlot(filename = paste("barvarclus",
     i, sep = ""), type = "pdf", device = dev.cur(), restoreConsole =
     TRUE): unused argument (restoreConsole = TRUE)
    ENdensity: no visible global function definition for ‘kde2d’
    ENlisib: no visible global function definition for ‘plot.MCA’
    MCA2: no visible global function definition for ‘tab.disjonctif’
    MCA2: no visible global function definition for ‘PCA’
    MCA2: no visible global function definition for ‘CA’
    MCA2: no visible global function definition for ‘plot.MCA’
    XvsYbarplot: possible error in hsv(h = 1, s = 1, v = 1, 1, 1): unused
     argument (1)
    XvsYbarplot: possible error in hsv(h = 1, s = 0.4 + (height[i]/max) *
     0.6, v = 1, 1, 1): unused argument (1)
    XvsYbarplot: possible error in hsv(h = a * i, s = 1, v = 1, 1, 1):
     unused argument (1)
    barplot_function: possible error in hsv(h = a * m, s = 1, v = 1, 1, 1):
     unused argument (1)
    barplot_function: possible error in hsv(h = a * m, s = 0.4 +
     (cont[j]/max) * 0.6, v = 1, 1, 1): unused argument (1)
    barplot_sweave : set.X: no visible binding for global variable ‘X’
    chisq.function: no visible global function definition for ‘coltable’
    col.barplot: possible error in hsv(h = 1, s = 1, v = 1, 1, 1): unused
     argument (1)
    col.barplot: possible error in hsv(h = 1, s = 0.4 + (height[i]/max) *
     0.6, v = 1, 1, 1): unused argument (1)
    col.barplot: possible error in hsv(h = a * i, s = 1, v = 1, 1, 1):
     unused argument (1)
    p_inertia: no visible global function definition for ‘MCA’
    tab_chi2: no visible global function definition for ‘coltable’
Flavors: r-devel-linux-x86_64-fedora-gcc, r-patched-solaris-sparc, r-patched-solaris-x86

Version: 0.10
Check: R code for possible problems
Result: NOTE
    ENMCA: no visible global function definition for 'dev.list'
    ENMCA : fn: no visible global function definition for 'dev.new'
    ENMCA : fn: no visible global function definition for 'assignCluster'
    ENMCA : fn: no visible global function definition for 'savePlot'
    ENMCA : fn: no visible global function definition for 'dev.cur'
    ENMCA : fn: no visible global function definition for 'catdes'
    ENMCA : fn: no visible global function definition for 'plot.MCA'
    ENMCA : fn: no visible global function definition for 'legend'
    ENMCA : Sweave_f: no visible global function definition for 'Sweave'
    ENMCA : Sweave_f: no visible global function definition for
     'RweaveLatex'
    ENbarplot: no visible global function definition for 'Sweave'
    ENbarplot: no visible global function definition for 'RweaveLatex'
    ENdensity: no visible global function definition for 'kde2d'
    ENdensity: no visible global function definition for 'contour'
    ENdensity: no visible global function definition for 'title'
    ENellipse : ellipse: no visible global function definition for 'qchisq'
    ENellipse: no visible global function definition for 'var'
    ENellipse: no visible global function definition for 'plot'
    ENellipse: no visible global function definition for 'title'
    ENellipse: no visible global function definition for 'abline'
    ENellipse: no visible global function definition for 'text'
    ENellipse: no visible global function definition for 'legend'
    ENellipse: no visible global function definition for 'points'
    ENellipse: no visible global function definition for 'lines'
    ENlisib: no visible global function definition for 'sd'
    ENlisib: no visible global function definition for 'plot.MCA'
    GRmarking: no visible global function definition for 'dev.new'
    GRmarking: no visible global function definition for 'par'
    GRmarking: no visible global function definition for 'barplot'
    GRmarking: no visible global function definition for 'text'
    GRmarking: no visible global function definition for 'mtext'
    MCA2: no visible global function definition for 'tab.disjonctif'
    MCA2: no visible global function definition for 'complete.cases'
    MCA2: no visible global function definition for 'PCA'
    MCA2: no visible global function definition for 'CA'
    MCA2: no visible global function definition for 'aov'
    MCA2: no visible global function definition for 'cor'
    MCA2: no visible global function definition for 'plot.MCA'
    XvsYbarplot: no visible global function definition for 'par'
    XvsYbarplot: no visible global function definition for 'hsv'
    XvsYbarplot: no visible global function definition for 'plot.new'
    XvsYbarplot: no visible global function definition for 'plot.window'
    XvsYbarplot : xyrect: no visible global function definition for 'rect'
    XvsYbarplot: no visible global function definition for 'axis'
    XvsYbarplot: no visible global function definition for 'xinch'
    XvsYbarplot: no visible global function definition for 'yinch'
    XvsYbarplot: no visible global function definition for 'title'
    barplot_function: no visible global function definition for 'hsv'
    barplot_function: no visible global function definition for 'par'
    barplot_function: no visible global function definition for 'x11'
    barplot_function: no visible global function definition for 'barplot'
    barplot_function: no visible global function definition for 'text'
    barplot_function: no visible global function definition for 'mtext'
    barplot_sweave : set.X: no visible binding for global variable 'X'
    barplot_sweave : Sweave_f: no visible global function definition for
     'Sweave'
    barplot_sweave : Sweave_f: no visible global function definition for
     'RweaveLatex'
    barplotclustervsvar: no visible global function definition for 'par'
    barplotclustervsvar: no visible global function definition for
     'col2rgb'
    barplotclustervsvar: no visible global function definition for 'grey'
    barplotclustervsvar: no visible global function definition for
     'rgb2hsv'
    barplotclustervsvar: no visible global function definition for 'hsv'
    barplotclustervsvar: no visible global function definition for
     'plot.new'
    barplotclustervsvar: no visible global function definition for
     'plot.window'
    barplotclustervsvar : xyrect: no visible global function definition for
     'rect'
    barplotclustervsvar: no visible global function definition for 'axis'
    barplotclustervsvar: no visible global function definition for 'xinch'
    barplotclustervsvar: no visible global function definition for 'yinch'
    barplotclustervsvar: no visible global function definition for 'title'
    barplotgroupes: no visible global function definition for 'par'
    barplotgroupes: no visible global function definition for 'grey.colors'
    barplotgroupes: no visible global function definition for 'plot.new'
    barplotgroupes: no visible global function definition for 'plot.window'
    barplotgroupes : xyrect: no visible global function definition for
     'rect'
    barplotgroupes: no visible global function definition for 'axis'
    barplotgroupes: no visible global function definition for 'title'
    catdes2: no visible global function definition for 'xtabs'
    catdes2: no visible global function definition for 'chisq.test'
    catdes2: no visible global function definition for 'phyper'
    catdes2: no visible global function definition for 'qnorm'
    catdes2: no visible binding for global variable 'sd'
    catdes2: no visible global function definition for 'sd'
    chisq.function: no visible global function definition for 'as.formula'
    chisq.function: no visible global function definition for 'xtabs'
    chisq.function: no visible global function definition for 'chisq.test'
    chisq.function: no visible global function definition for 'coltable'
    chisq.function: no visible global function definition for 'par'
    chisq.function: no visible global function definition for 'title'
    chisq.function: no visible global function definition for 'mtext'
    chisq.function: no visible global function definition for 'phyper'
    chisq.function: no visible global function definition for 'qnorm'
    chisq.sweave : Sweave_f: no visible global function definition for
     'Sweave'
    chisq.sweave : Sweave_f: no visible global function definition for
     'RweaveLatex'
    col.barplot: no visible global function definition for 'par'
    col.barplot: no visible global function definition for 'hsv'
    col.barplot: no visible global function definition for 'plot.new'
    col.barplot: no visible global function definition for 'plot.window'
    col.barplot : xyrect: no visible global function definition for 'rect'
    col.barplot: no visible global function definition for 'axis'
    col.barplot: no visible global function definition for 'legend'
    col.barplot: no visible global function definition for 'xinch'
    col.barplot: no visible global function definition for 'yinch'
    col.barplot: no visible global function definition for 'title'
    cuttree.graph: no visible global function definition for 'plot'
    cuttree.graph: no visible global function definition for 'locator'
    cuttree.graph: no visible global function definition for 'rect.hclust'
    cuttree.graph: no visible global function definition for 'cutree'
    cuttree.graph: no visible global function definition for 'as.hclust'
    legend2: no visible global function definition for 'par'
    legend2: no visible global function definition for 'as.graphicsAnnot'
    legend2: no visible global function definition for 'xy.coords'
    legend2 : rect2: no visible global function definition for 'rect'
    legend2 : segments2: no visible global function definition for
     'segments'
    legend2 : points2: no visible global function definition for 'points'
    legend2 : text2: no visible global function definition for 'text'
    legend2: no visible global function definition for 'strwidth'
    legend2: no visible global function definition for 'xinch'
    legend2: no visible global function definition for 'yinch'
    legend2: no visible global function definition for 'strheight'
    p_inertia: no visible global function definition for 'MCA'
    tab_chi2: no visible global function definition for 'chisq.test'
    tab_chi2: no visible global function definition for 'coltable'
    tab_chi2: no visible global function definition for 'par'
    tab_chi2: no visible global function definition for 'title'
Flavor: r-devel-windows-ix86+x86_64

Version: 0.10
Check: R code for possible problems
Result: NOTE
    ENMCA : fn: no visible global function definition for ‘assignCluster’
    ENMCA : fn: possible error in savePlot(filename = "Clustplot", type =
     "pdf", device = dev.cur(), restoreConsole = TRUE): unused argument
     (restoreConsole = TRUE)
    ENMCA : fn: no visible global function definition for ‘catdes’
    ENMCA : fn: no visible global function definition for ‘plot.MCA’
    ENMCA : fn: possible error in savePlot(filename = "MCAplotindclasse",
     type = "pdf", device = dev.cur(), restoreConsole = TRUE): unused
     argument (restoreConsole = TRUE)
    ENMCA : fn: possible error in savePlot(filename = "MCAplotvar", type =
     "pdf", device = dev.cur(), restoreConsole = TRUE): unused argument
     (restoreConsole = TRUE)
    ENMCA : fn: possible error in savePlot(filename = "MCAplotind", type =
     "pdf", device = dev.cur(), restoreConsole = TRUE): unused argument
     (restoreConsole = TRUE)
    ENMCA : fn: possible error in savePlot(filename = "MCAplotquantisup",
     type = "pdf", device = dev.cur(), restoreConsole = TRUE): unused
     argument (restoreConsole = TRUE)
    ENMCA : fn: possible error in savePlot(filename = "Ellipse", type =
     "pdf", device = dev.cur(), restoreConsole = TRUE): unused argument
     (restoreConsole = TRUE)
    ENMCA : fn: possible error in savePlot(filename = "Lisib", type =
     "pdf", device = dev.cur(), restoreConsole = TRUE): unused argument
     (restoreConsole = TRUE)
    ENMCA : fn: possible error in savePlot(filename = "Density", type =
     "pdf", device = dev.cur(), restoreConsole = TRUE): unused argument
     (restoreConsole = TRUE)
    ENMCA : fn: possible error in savePlot(filename = "Densitypop", type =
     "pdf", device = dev.cur(), restoreConsole = TRUE): unused argument
     (restoreConsole = TRUE)
    ENMCA : fn: possible error in savePlot(filename = "barplotgr", type =
     "pdf", device = dev.cur(), restoreConsole = TRUE): unused argument
     (restoreConsole = TRUE)
    ENMCA : fn: possible error in savePlot(filename = paste("barvarclus",
     i, sep = ""), type = "pdf", device = dev.cur(), restoreConsole =
     TRUE): unused argument (restoreConsole = TRUE)
    ENdensity: no visible global function definition for ‘kde2d’
    ENlisib: no visible global function definition for ‘plot.MCA’
    MCA2: no visible global function definition for ‘tab.disjonctif’
    MCA2: no visible global function definition for ‘PCA’
    MCA2: no visible global function definition for ‘CA’
    MCA2: no visible global function definition for ‘plot.MCA’
    XvsYbarplot: possible error in hsv(h = 1, s = 1, v = 1, 1, 1): unused
     argument (1)
    XvsYbarplot: possible error in hsv(h = 1, s = 0.4 + (height[i]/max) *
     0.6, v = 1, 1, 1): unused argument (1)
    XvsYbarplot: possible error in hsv(h = a * i, s = 1, v = 1, 1, 1):
     unused argument (1)
    barplot_function: possible error in hsv(h = a * m, s = 1, v = 1, 1, 1):
     unused argument (1)
    barplot_function: possible error in hsv(h = a * m, s = 0.4 +
     (cont[j]/max) * 0.6, v = 1, 1, 1): unused argument (1)
    barplot_sweave : set.X: no visible binding for global variable ‘X’
    chisq.function: no visible global function definition for ‘coltable’
    col.barplot: possible error in hsv(h = 1, s = 1, v = 1, 1, 1): unused
     argument (1)
    col.barplot: possible error in hsv(h = 1, s = 0.4 + (height[i]/max) *
     0.6, v = 1, 1, 1): unused argument (1)
    col.barplot: possible error in hsv(h = a * i, s = 1, v = 1, 1, 1):
     unused argument (1)
    p_inertia: no visible global function definition for ‘MCA’
    tab_chi2: no visible global function definition for ‘coltable’
Flavor: r-release-osx-x86_64-mavericks

Version: 0.10
Check: R code for possible problems
Result: NOTE
    ENMCA : fn: no visible global function definition for 'assignCluster'
    ENMCA : fn: no visible global function definition for 'catdes'
    ENMCA : fn: no visible global function definition for 'plot.MCA'
    ENdensity: no visible global function definition for 'kde2d'
    ENlisib: no visible global function definition for 'plot.MCA'
    MCA2: no visible global function definition for 'tab.disjonctif'
    MCA2: no visible global function definition for 'PCA'
    MCA2: no visible global function definition for 'CA'
    MCA2: no visible global function definition for 'plot.MCA'
    XvsYbarplot: possible error in hsv(h = 1, s = 1, v = 1, 1, 1): unused
     argument (1)
    XvsYbarplot: possible error in hsv(h = 1, s = 0.4 + (height[i]/max) *
     0.6, v = 1, 1, 1): unused argument (1)
    XvsYbarplot: possible error in hsv(h = a * i, s = 1, v = 1, 1, 1):
     unused argument (1)
    barplot_function: possible error in hsv(h = a * m, s = 1, v = 1, 1, 1):
     unused argument (1)
    barplot_function: possible error in hsv(h = a * m, s = 0.4 +
     (cont[j]/max) * 0.6, v = 1, 1, 1): unused argument (1)
    barplot_sweave : set.X: no visible binding for global variable 'X'
    chisq.function: no visible global function definition for 'coltable'
    col.barplot: possible error in hsv(h = 1, s = 1, v = 1, 1, 1): unused
     argument (1)
    col.barplot: possible error in hsv(h = 1, s = 0.4 + (height[i]/max) *
     0.6, v = 1, 1, 1): unused argument (1)
    col.barplot: possible error in hsv(h = a * i, s = 1, v = 1, 1, 1):
     unused argument (1)
    p_inertia: no visible global function definition for 'MCA'
    tab_chi2: no visible global function definition for 'coltable'
Flavors: r-release-windows-ix86+x86_64, r-oldrel-windows-ix86+x86_64