CRAN Package Check Results for Package EngrExpt

Last updated on 2014-04-23 17:47:43.

Flavor Version Tinstall Tcheck Ttotal Status Flags
r-devel-linux-x86_64-debian-clang 0.1-8 1.63 14.14 15.76 OK
r-devel-linux-x86_64-debian-gcc 0.1-8 1.72 14.01 15.72 OK
r-devel-linux-x86_64-fedora-clang 0.1-8 31.30 OK
r-devel-linux-x86_64-fedora-gcc 0.1-8 29.49 OK
r-devel-osx-x86_64-clang 0.1-8 29.96 OK
r-devel-osx-x86_64-gcc 0.1-8 OK
r-devel-windows-ix86+x86_64 0.1-8 6.00 26.00 32.00 OK
r-patched-linux-x86_64 0.1-8 3.61 13.49 17.10 OK
r-patched-solaris-sparc 0.1-8 176.40 OK
r-patched-solaris-x86 0.1-8 40.90 OK
r-release-linux-ix86 0.1-8 3.00 25.00 28.00 OK
r-release-linux-x86_64 0.1-8 1.60 13.83 15.43 OK
r-release-osx-x86_64-mavericks 0.1-8 WARN
r-release-windows-ix86+x86_64 0.1-8 6.00 23.00 29.00 OK
r-oldrel-windows-ix86+x86_64 0.1-8 7.00 25.00 32.00 OK

Check Details

Version: 0.1-8
Check: PDF version of manual
Result: WARNING
    LaTeX errors when creating PDF version.
    This typically indicates Rd problems.
    LaTeX errors found:
    ! LaTeX Error: File `upquote.sty' not found.
    
    Type X to quit or <RETURN> to proceed,
    or enter new name. (Default extension: sty)
    
    559a32/Rd2.tex:8: ==> Fatal error occurred, no output PDF file produced!
Flavor: r-release-osx-x86_64-mavericks