CRAN Package Check Results for Package EntropyMCMC

Last updated on 2020-02-21 09:51:27 CET.

Flavor Version Tinstall Tcheck Ttotal Status Flags
r-devel-linux-x86_64-debian-clang 1.0.4 9.97 97.39 107.36 OK
r-devel-linux-x86_64-debian-gcc 1.0.4 9.47 75.04 84.51 OK
r-devel-linux-x86_64-fedora-clang 1.0.4 130.50 OK
r-devel-linux-x86_64-fedora-gcc 1.0.4 127.21 OK
r-devel-windows-ix86+x86_64 1.0.4 19.00 130.00 149.00 OK
r-devel-windows-ix86+x86_64-gcc8 1.0.4 27.00 165.00 192.00 OK
r-patched-linux-x86_64 1.0.4 7.85 83.54 91.39 OK
r-patched-solaris-x86 1.0.4 163.10 OK
r-release-linux-x86_64 1.0.4 8.63 84.55 93.18 OK
r-release-windows-ix86+x86_64 1.0.4 19.00 138.00 157.00 OK
r-release-osx-x86_64 1.0.4 NOTE
r-oldrel-windows-ix86+x86_64 1.0.4 14.00 130.00 144.00 OK
r-oldrel-osx-x86_64 1.0.4 NOTE

Check Details

Version: 1.0.4
Check: package dependencies
Result: NOTE
    Package suggested but not available for checking: ‘Rmpi’
Flavors: r-release-osx-x86_64, r-oldrel-osx-x86_64