CRAN Package Check Results for Package Epi

Last updated on 2017-02-20 16:47:09.

Flavor Version Tinstall Tcheck Ttotal Status Flags
r-devel-linux-x86_64-debian-clang 2.7 4.64 122.76 127.40 NOTE
r-devel-linux-x86_64-debian-gcc 2.7 4.51 120.76 125.27 NOTE
r-devel-linux-x86_64-fedora-clang 2.7 255.12 NOTE --no-stop-on-test-error
r-devel-linux-x86_64-fedora-gcc 2.7 250.28 NOTE --no-stop-on-test-error
r-devel-macos-x86_64-clang 2.7 199.62 NOTE --no-stop-on-test-error
r-devel-windows-ix86+x86_64 2.7 29.00 351.00 380.00 OK
r-patched-linux-x86_64 2.7 4.45 115.46 119.90 OK
r-patched-solaris-sparc 2.7 1492.00 OK
r-patched-solaris-x86 2.7 277.10 OK
r-release-linux-x86_64 2.7 4.38 113.37 117.75 OK
r-release-osx-x86_64-mavericks 2.7 OK
r-release-windows-ix86+x86_64 2.7 15.00 242.00 257.00 OK
r-oldrel-windows-ix86+x86_64 2.7 18.00 348.00 366.00 OK

Check Details

Version: 2.7
Check: compiled code
Result: NOTE
    File ‘Epi/libs/Epi.so’:
     Found no calls to: ‘R_registerRoutines’, ‘R_useDynamicSymbols’
    
    It is good practice to register native routines and to disable symbol
    search.
    
    See ‘Writing portable packages’ in the ‘Writing R Extensions’ manual.
Flavors: r-devel-linux-x86_64-debian-clang, r-devel-linux-x86_64-debian-gcc

Version: 2.7
Flags: --no-stop-on-test-error
Check: compiled code
Result: NOTE
    File ‘Epi/libs/Epi.so’:
     Found no calls to: ‘R_registerRoutines’, ‘R_useDynamicSymbols’
    
    It is good practice to register native routines and to disable symbol
    search.
    
    See ‘Writing portable packages’ in the ‘Writing R Extensions’ manual.
Flavors: r-devel-linux-x86_64-fedora-clang, r-devel-linux-x86_64-fedora-gcc, r-devel-macos-x86_64-clang