CRAN Package Check Results for Package Epi

Last updated on 2014-04-25 09:52:13.

Flavor Version Tinstall Tcheck Ttotal Status Flags
r-devel-linux-x86_64-debian-clang 1.1.49 2.54 43.05 45.59 WARN
r-devel-linux-x86_64-debian-gcc 1.1.49 2.44 43.62 46.06 WARN
r-devel-linux-x86_64-fedora-clang 1.1.49 95.96 WARN
r-devel-linux-x86_64-fedora-gcc 1.1.49 90.57 WARN
r-devel-osx-x86_64-clang 1.1.49 74.44 WARN
r-devel-osx-x86_64-gcc 1.1.49 NOTE
r-devel-windows-ix86+x86_64 1.1.49 9.00 74.00 83.00 WARN
r-patched-linux-x86_64 1.1.49 2.50 44.91 47.41 WARN
r-patched-solaris-sparc 1.1.49 501.60 NOTE
r-patched-solaris-x86 1.1.49 104.30 NOTE
r-release-linux-ix86 1.1.49 5.00 71.00 76.00 WARN
r-release-linux-x86_64 1.1.49 2.36 44.02 46.38 WARN
r-release-osx-x86_64-mavericks 1.1.49 NOTE
r-release-windows-ix86+x86_64 1.1.49 10.00 76.00 86.00 WARN
r-oldrel-windows-ix86+x86_64 1.1.49 12.00 83.00 95.00 NOTE

Check Details

Version: 1.1.49
Check: dependencies in R code
Result: NOTE
    ':::' calls which should be '::':
     ‘base:::table’ ‘base:::transform.data.frame’ ‘etm:::etm’
     See the note in ?`:::` about the use of this operator.
    There are ::: calls to the package's namespace in its code. A package
     almost never needs to use ::: for its own objects:
     ‘boxes.Lexis’ ‘check.time.scale’ ‘use.amt.dpt’ ‘use.only.amt’
    See the information on DESCRIPTION files in the chapter ‘Creating R
    packages’ of the ‘Writing R Extensions’ manual.
Flavors: r-devel-linux-x86_64-debian-clang, r-devel-linux-x86_64-debian-gcc, r-devel-linux-x86_64-fedora-clang, r-devel-linux-x86_64-fedora-gcc, r-devel-osx-x86_64-clang, r-devel-osx-x86_64-gcc, r-devel-windows-ix86+x86_64, r-patched-linux-x86_64, r-patched-solaris-sparc, r-patched-solaris-x86, r-release-linux-ix86, r-release-linux-x86_64, r-release-osx-x86_64-mavericks, r-release-windows-ix86+x86_64, r-oldrel-windows-ix86+x86_64

Version: 1.1.49
Check: for old-style vignette sources
Result: NOTE
    Vignette sources only in ‘inst/doc’:
     ‘Follow-up.rnw’
    A ‘vignettes’ directory is required as from R 3.1.0
    and these will not be indexed nor checked
Flavors: r-devel-linux-x86_64-debian-clang, r-devel-linux-x86_64-debian-gcc, r-devel-linux-x86_64-fedora-clang, r-devel-linux-x86_64-fedora-gcc, r-devel-osx-x86_64-clang, r-devel-osx-x86_64-gcc, r-patched-linux-x86_64, r-patched-solaris-sparc, r-patched-solaris-x86, r-release-linux-ix86, r-release-linux-x86_64, r-release-osx-x86_64-mavericks

Version: 1.1.49
Check: examples
Result: WARNING
    Found the following significant warnings:
     Warning in x11(height = 15/ypi + 1, width = 20/ypi + 1) : screen devices should not be used in examples etc
    dev.new() is the preferred way to open a new device, in the unlikely
    event one is needed.
Flavors: r-devel-linux-x86_64-debian-clang, r-devel-linux-x86_64-debian-gcc, r-devel-linux-x86_64-fedora-clang, r-devel-linux-x86_64-fedora-gcc, r-devel-osx-x86_64-clang, r-patched-linux-x86_64, r-release-linux-ix86, r-release-linux-x86_64

Version: 1.1.49
Check: top-level files
Result: NOTE
    Non-standard file/directory found at top level:
     ‘Examples’
Flavors: r-devel-linux-x86_64-fedora-clang, r-devel-linux-x86_64-fedora-gcc

Version: 1.1.49
Check: for old-style vignette sources
Result: NOTE
    Vignette sources only in 'inst/doc':
     'Follow-up.rnw'
    A 'vignettes' directory is required as from R 3.1.0
    and these will not be indexed nor checked
    * checking examples ...
Flavors: r-devel-windows-ix86+x86_64, r-release-windows-ix86+x86_64

Version: 1.1.49
Check: running examples for arch 'i386'
Result: WARNING
    Found the following significant warnings:
     Warning in windows(width = width, height = height, pointsize = pointsize, : screen devices should not be used in examples etc
    dev.new() is the preferred way to open a new device, in the unlikely
    event one is needed.
Flavors: r-devel-windows-ix86+x86_64, r-release-windows-ix86+x86_64

Version: 1.1.49
Check: running examples for arch 'x64'
Result: WARNING
    Found the following significant warnings:
     Warning in windows(width = width, height = height, pointsize = pointsize, : screen devices should not be used in examples etc
    dev.new() is the preferred way to open a new device, in the unlikely
    event one is needed.
Flavors: r-devel-windows-ix86+x86_64, r-release-windows-ix86+x86_64

Version: 1.1.49
Check: for old-style vignette sources
Result: NOTE
    Vignette sources only in 'inst/doc':
     'Follow-up.rnw'
    A 'vignettes' directory will be required as from R 3.1.0
    * checking examples ...
Flavor: r-oldrel-windows-ix86+x86_64