CRAN Package Check Results for Package Epi

Last updated on 2014-09-16 05:48:20.

Flavor Version Tinstall Tcheck Ttotal Status Flags
r-devel-linux-x86_64-debian-clang 1.1.67 2.68 98.33 101.01 NOTE
r-devel-linux-x86_64-debian-gcc 1.1.67 2.40 100.09 102.49 NOTE
r-devel-linux-x86_64-fedora-clang 1.1.67 202.92 NOTE
r-devel-linux-x86_64-fedora-gcc 1.1.67 179.29 NOTE
r-devel-osx-x86_64-clang 1.1.67 178.40 NOTE
r-devel-windows-ix86+x86_64 1.1.67 10.00 154.00 164.00 NOTE
r-patched-linux-x86_64 1.1.67 2.46 95.63 98.09 OK
r-patched-solaris-sparc 1.1.67 1216.40 OK
r-patched-solaris-x86 1.1.67 256.40 OK
r-release-linux-ix86 1.1.67 3.58 125.46 129.04 OK
r-release-linux-x86_64 1.1.67 2.68 99.35 102.03 OK
r-release-osx-x86_64-mavericks 1.1.67 NOTE
r-release-osx-x86_64-snowleopard 1.1.67 OK
r-release-windows-ix86+x86_64 1.1.67 11.00 152.00 163.00 OK
r-oldrel-windows-ix86+x86_64 1.1.67 12.00 174.00 186.00 OK

Check Details

Version: 1.1.67
Check: R code for possible problems
Result: NOTE
    Ns: no visible global function definition for ‘ns’
    apc.fit: no visible global function definition for ‘ns’
    apc.fit: no visible global function definition for ‘bs’
    ci.cum: no visible global function definition for ‘fixed.effects’
    ci.cum: no visible global function definition for ‘fixef’
    ci.cum: no visible global function definition for ‘mvrnorm’
    ci.lin: no visible global function definition for ‘fixed.effects’
    ci.lin: no visible global function definition for ‘fixef’
    ci.lin: no visible global function definition for ‘mvrnorm’
    effx.match: no visible global function definition for ‘clogit’
Flavors: r-devel-linux-x86_64-debian-clang, r-devel-linux-x86_64-debian-gcc, r-devel-linux-x86_64-fedora-clang, r-devel-linux-x86_64-fedora-gcc, r-devel-osx-x86_64-clang, r-devel-windows-ix86+x86_64

Version: 1.1.67
Check: re-building of vignette outputs
Result: NOTE
    Error in re-building vignettes:
     ...
     merge.data.frame
    
    Warning in Lexis(entry = list(Per = dodm, Age = dodm - dobth, DMdur = 0), :
     Dropping 4 rows with duration of follow up < tol
    
    Warning: invalid char string in output conversion
    Warning in formatC(Beg, format = "f", digits = 0, big.mark = ",") :
     class of 'x' was discarded
    Warning in formatC(End, format = "f", digits = 0, big.mark = ",") :
     class of 'x' was discarded
    Warning: invalid char string in output conversion
    Warning: invalid char string in output conversion
    Warning: invalid char string in output conversion
    Error in texi2dvi(file = file, pdf = TRUE, clean = clean, quiet = quiet, :
     Running 'texi2dvi' on 'sim-Lexis.tex' failed.
    LaTeX errors:
    ! LaTeX Error: File `floatflt.sty' not found.
    
    Type X to quit or <RETURN> to proceed,
    or enter new name. (Default extension: sty)
    
    t/Epi/vignettes/sim-Lexis.tex:34: ==> Fatal error occurred, no output PDF file
     produced!
    Calls: buildVignettes -> texi2pdf -> texi2dvi
    Execution halted
Flavor: r-release-osx-x86_64-mavericks