CRAN Package Check Results for Package Epi

Last updated on 2014-11-21 19:47:59.

Flavor Version Tinstall Tcheck Ttotal Status Flags
r-devel-linux-x86_64-debian-clang 1.1.67 2.74 97.56 100.31 NOTE
r-devel-linux-x86_64-debian-gcc 1.1.67 2.43 94.87 97.30 NOTE
r-devel-linux-x86_64-fedora-clang 1.1.67 201.72 NOTE
r-devel-linux-x86_64-fedora-gcc 1.1.67 192.05 NOTE
r-devel-osx-x86_64-clang 1.1.67 187.57 NOTE
r-devel-windows-ix86+x86_64 1.1.67 10.00 203.00 213.00 NOTE
r-patched-linux-x86_64 1.1.67 2.71 98.53 101.24 NOTE
r-patched-solaris-sparc 1.1.67 1204.30 NOTE
r-patched-solaris-x86 1.1.67 256.10 NOTE
r-release-linux-ix86 1.1.67 3.42 120.64 124.06 NOTE
r-release-linux-x86_64 1.1.67 2.56 100.17 102.73 NOTE
r-release-osx-x86_64-mavericks 1.1.67 NOTE
r-release-osx-x86_64-snowleopard 1.1.67 OK
r-release-windows-ix86+x86_64 1.1.67 14.00 163.00 177.00 NOTE
r-oldrel-windows-ix86+x86_64 1.1.67 10.00 175.00 185.00 OK

Check Details

Version: 1.1.67
Check: R code for possible problems
Result: NOTE
    Ns: no visible global function definition for ‘ns’
    apc.fit: no visible global function definition for ‘ns’
    apc.fit: no visible global function definition for ‘bs’
    ci.cum: no visible global function definition for ‘fixed.effects’
    ci.cum: no visible global function definition for ‘fixef’
    ci.cum: no visible global function definition for ‘mvrnorm’
    ci.lin: no visible global function definition for ‘fixed.effects’
    ci.lin: no visible global function definition for ‘fixef’
    ci.lin: no visible global function definition for ‘mvrnorm’
    effx.match: no visible global function definition for ‘clogit’
Flavors: r-devel-linux-x86_64-debian-clang, r-devel-linux-x86_64-debian-gcc, r-devel-linux-x86_64-fedora-clang, r-devel-linux-x86_64-fedora-gcc, r-devel-osx-x86_64-clang, r-devel-windows-ix86+x86_64, r-patched-linux-x86_64, r-patched-solaris-sparc, r-patched-solaris-x86, r-release-linux-ix86, r-release-linux-x86_64, r-release-windows-ix86+x86_64

Version: 1.1.67
Check: re-building of vignette outputs
Result: NOTE
    Error in re-building vignettes:
     ...
     merge.data.frame
    
    Warning in Lexis(entry = list(Per = dodm, Age = dodm - dobth, DMdur = 0), :
     Dropping 4 rows with duration of follow up < tol
    
    Warning: invalid char string in output conversion
    Warning in formatC(Beg, format = "f", digits = 0, big.mark = ",") :
     class of 'x' was discarded
    Warning in formatC(End, format = "f", digits = 0, big.mark = ",") :
     class of 'x' was discarded
    Warning: invalid char string in output conversion
    Warning: invalid char string in output conversion
    Warning: invalid char string in output conversion
    Error in texi2dvi(file = file, pdf = TRUE, clean = clean, quiet = quiet, :
     Running 'texi2dvi' on 'sim-Lexis.tex' failed.
    LaTeX errors:
    ! LaTeX Error: File `floatflt.sty' not found.
    
    Type X to quit or <RETURN> to proceed,
    or enter new name. (Default extension: sty)
    
    t/Epi/vignettes/sim-Lexis.tex:34: ==> Fatal error occurred, no output PDF file
     produced!
    Calls: buildVignettes -> texi2pdf -> texi2dvi
    Execution halted
Flavor: r-release-osx-x86_64-mavericks