CRAN Package Check Results for Package Epi

Last updated on 2014-10-23 03:48:45.

Flavor Version Tinstall Tcheck Ttotal Status Flags
r-devel-linux-x86_64-debian-clang 1.1.67 2.48 98.84 101.32 NOTE
r-devel-linux-x86_64-debian-gcc 1.1.67 2.58 93.01 95.59 NOTE
r-devel-linux-x86_64-fedora-clang 1.1.67 208.86 NOTE
r-devel-linux-x86_64-fedora-gcc 1.1.67 198.61 NOTE
r-devel-osx-x86_64-clang 1.1.67 192.17 NOTE
r-devel-windows-ix86+x86_64 1.1.67 10.00 154.00 164.00 NOTE
r-patched-linux-x86_64 1.1.67 2.72 98.44 101.16 NOTE
r-patched-solaris-sparc 1.1.67 1204.30 NOTE
r-patched-solaris-x86 1.1.67 265.70 NOTE
r-release-linux-ix86 1.1.67 3.58 126.34 129.92 OK
r-release-linux-x86_64 1.1.67 2.55 101.17 103.72 OK
r-release-osx-x86_64-mavericks 1.1.67 NOTE
r-release-osx-x86_64-snowleopard 1.1.67 OK
r-release-windows-ix86+x86_64 1.1.67 10.00 158.00 168.00 OK
r-oldrel-windows-ix86+x86_64 1.1.67 12.00 169.00 181.00 OK

Check Details

Version: 1.1.67
Check: R code for possible problems
Result: NOTE
    Ns: no visible global function definition for ‘ns’
    apc.fit: no visible global function definition for ‘ns’
    apc.fit: no visible global function definition for ‘bs’
    ci.cum: no visible global function definition for ‘fixed.effects’
    ci.cum: no visible global function definition for ‘fixef’
    ci.cum: no visible global function definition for ‘mvrnorm’
    ci.lin: no visible global function definition for ‘fixed.effects’
    ci.lin: no visible global function definition for ‘fixef’
    ci.lin: no visible global function definition for ‘mvrnorm’
    effx.match: no visible global function definition for ‘clogit’
Flavors: r-devel-linux-x86_64-debian-clang, r-devel-linux-x86_64-debian-gcc, r-devel-linux-x86_64-fedora-clang, r-devel-linux-x86_64-fedora-gcc, r-devel-osx-x86_64-clang, r-devel-windows-ix86+x86_64, r-patched-linux-x86_64, r-patched-solaris-sparc, r-patched-solaris-x86

Version: 1.1.67
Check: re-building of vignette outputs
Result: NOTE
    Error in re-building vignettes:
     ...
     merge.data.frame
    
    Warning in Lexis(entry = list(Per = dodm, Age = dodm - dobth, DMdur = 0), :
     Dropping 4 rows with duration of follow up < tol
    
    Warning: invalid char string in output conversion
    Warning in formatC(Beg, format = "f", digits = 0, big.mark = ",") :
     class of 'x' was discarded
    Warning in formatC(End, format = "f", digits = 0, big.mark = ",") :
     class of 'x' was discarded
    Warning: invalid char string in output conversion
    Warning: invalid char string in output conversion
    Warning: invalid char string in output conversion
    Error in texi2dvi(file = file, pdf = TRUE, clean = clean, quiet = quiet, :
     Running 'texi2dvi' on 'sim-Lexis.tex' failed.
    LaTeX errors:
    ! LaTeX Error: File `floatflt.sty' not found.
    
    Type X to quit or <RETURN> to proceed,
    or enter new name. (Default extension: sty)
    
    t/Epi/vignettes/sim-Lexis.tex:34: ==> Fatal error occurred, no output PDF file
     produced!
    Calls: buildVignettes -> texi2pdf -> texi2dvi
    Execution halted
Flavor: r-release-osx-x86_64-mavericks