CRAN Package Check Results for Package Epi

Last updated on 2015-01-31 13:48:21.

Flavor Version Tinstall Tcheck Ttotal Status Flags
r-devel-linux-x86_64-debian-clang 1.1.67 2.49 90.48 92.97 NOTE
r-devel-linux-x86_64-debian-gcc 1.1.67 2.56 87.80 90.36 NOTE
r-devel-linux-x86_64-fedora-clang 1.1.67 200.50 NOTE
r-devel-linux-x86_64-fedora-gcc 1.1.67 189.23 NOTE
r-devel-osx-x86_64-clang 1.1.67 191.58 NOTE
r-devel-windows-ix86+x86_64 1.1.67 17.00 146.00 163.00 NOTE
r-patched-linux-x86_64 1.1.67 2.64 97.96 100.60 NOTE
r-patched-solaris-sparc 1.1.67 1248.80 NOTE
r-patched-solaris-x86 1.1.67 266.60 NOTE
r-release-linux-ix86 1.1.67 3.43 126.12 129.56 NOTE
r-release-linux-x86_64 1.1.67 2.55 97.88 100.44 NOTE
r-release-osx-x86_64-mavericks 1.1.67 NOTE
r-release-osx-x86_64-snowleopard 1.1.67 OK
r-release-windows-ix86+x86_64 1.1.67 12.00 174.00 186.00 NOTE
r-oldrel-windows-ix86+x86_64 1.1.67 12.00 169.00 181.00 OK

Check Details

Version: 1.1.67
Check: dependencies in R code
Result: NOTE
    'library' or 'require' calls in package code:
     ‘MASS’ ‘cmprsk’ ‘etm’ ‘mstate’ ‘splines’
     Please use :: or requireNamespace() instead.
     See section 'Suggested packages' in the 'Writing R Extensions' manual.
Flavors: r-devel-linux-x86_64-debian-clang, r-devel-linux-x86_64-debian-gcc, r-devel-linux-x86_64-fedora-clang, r-devel-linux-x86_64-fedora-gcc, r-devel-osx-x86_64-clang, r-devel-windows-ix86+x86_64

Version: 1.1.67
Check: S3 generic/method consistency
Result: NOTE
    Found the following apparent S3 methods exported but not registered:
     print.Icens print.floated
    See section ‘Registering S3 methods’ in the ‘Writing R Extensions’
    manual.
Flavors: r-devel-linux-x86_64-debian-clang, r-devel-linux-x86_64-debian-gcc, r-devel-linux-x86_64-fedora-clang, r-devel-linux-x86_64-fedora-gcc, r-devel-osx-x86_64-clang

Version: 1.1.67
Check: R code for possible problems
Result: NOTE
    Ns: no visible global function definition for ‘ns’
    apc.fit: no visible global function definition for ‘ns’
    apc.fit: no visible global function definition for ‘bs’
    ci.cum: no visible global function definition for ‘fixed.effects’
    ci.cum: no visible global function definition for ‘fixef’
    ci.cum: no visible global function definition for ‘mvrnorm’
    ci.lin: no visible global function definition for ‘fixed.effects’
    ci.lin: no visible global function definition for ‘fixef’
    ci.lin: no visible global function definition for ‘mvrnorm’
    effx.match: no visible global function definition for ‘clogit’
Flavors: r-devel-linux-x86_64-debian-clang, r-devel-linux-x86_64-debian-gcc, r-devel-linux-x86_64-fedora-clang, r-devel-linux-x86_64-fedora-gcc, r-devel-osx-x86_64-clang, r-devel-windows-ix86+x86_64, r-patched-linux-x86_64, r-patched-solaris-sparc, r-patched-solaris-x86, r-release-linux-ix86, r-release-linux-x86_64, r-release-osx-x86_64-mavericks, r-release-windows-ix86+x86_64