CRAN Package Check Results for Package Epi

Last updated on 2014-07-23 15:47:44.

Flavor Version Tinstall Tcheck Ttotal Status Flags
r-devel-linux-x86_64-debian-clang 1.1.65 4.31 271.50 275.81 OK
r-devel-linux-x86_64-debian-gcc 1.1.65 2.38 268.60 270.98 OK
r-devel-linux-x86_64-fedora-clang 1.1.67 142.31 OK
r-devel-linux-x86_64-fedora-gcc 1.1.67 142.05 OK
r-devel-osx-x86_64-clang 1.1.65 500.05 OK
r-devel-windows-ix86+x86_64 1.1.65 10.00 411.00 421.00 OK
r-patched-linux-x86_64 1.1.65 2.42 294.44 296.86 OK
r-patched-solaris-sparc 1.1.65 2925.10 OK
r-patched-solaris-x86 1.1.67 206.50 OK
r-release-linux-ix86 1.1.65 3.33 333.66 336.98 OK
r-release-linux-x86_64 1.1.65 2.43 261.28 263.71 OK
r-release-osx-x86_64-mavericks 1.1.65 NOTE
r-release-osx-x86_64-snowleopard 1.1.65 OK
r-release-windows-ix86+x86_64 1.1.65 9.00 401.00 410.00 OK
r-oldrel-windows-ix86+x86_64 1.1.65 11.00 634.00 645.00 OK

Check Details

Version: 1.1.65
Check: re-building of vignette outputs
Result: NOTE
    Error in re-building vignettes:
     ...
    
    Attaching package: ‘Epi’
    
    The following object is masked from ‘package:base’:
    
     merge.data.frame
    
    Warning in Lexis(entry = list(Per = dodm, Age = dodm - dobth, DMdur = 0), :
     Dropping 4 rows with duration of follow up < tol
    
    Warning: invalid char string in output conversion
    Warning: invalid char string in output conversion
    Warning: invalid char string in output conversion
    Error in texi2dvi(file = file, pdf = TRUE, clean = clean, quiet = quiet, :
     Running 'texi2dvi' on 'sim-Lexis.tex' failed.
    LaTeX errors:
    ! LaTeX Error: File `floatflt.sty' not found.
    
    Type X to quit or <RETURN> to proceed,
    or enter new name. (Default extension: sty)
    
    t/Epi/vignettes/sim-Lexis.tex:34: ==> Fatal error occurred, no output PDF file
     produced!
    Calls: buildVignettes -> texi2pdf -> texi2dvi
    Execution halted
Flavor: r-release-osx-x86_64-mavericks