CRAN Package Check Results for Package Epi

Last updated on 2014-08-02 07:50:19.

Flavor Version Tinstall Tcheck Ttotal Status Flags
r-devel-linux-x86_64-debian-clang 1.1.67 2.74 96.62 99.36 OK
r-devel-linux-x86_64-debian-gcc 1.1.67 2.50 94.26 96.76 OK
r-devel-linux-x86_64-fedora-clang 1.1.67 218.68 OK
r-devel-linux-x86_64-fedora-gcc 1.1.67 205.45 OK
r-devel-osx-x86_64-clang 1.1.67 185.92 OK
r-devel-windows-ix86+x86_64 1.1.67 10.00 157.00 167.00 OK
r-patched-linux-x86_64 1.1.67 2.48 95.28 97.76 OK
r-patched-solaris-sparc 1.1.67 1216.40 OK
r-patched-solaris-x86 1.1.67 271.30 OK
r-release-linux-ix86 1.1.67 3.54 123.30 126.84 OK
r-release-linux-x86_64 1.1.67 2.49 96.35 98.84 OK
r-release-osx-x86_64-mavericks 1.1.67 NOTE
r-release-osx-x86_64-snowleopard 1.1.67 OK
r-release-windows-ix86+x86_64 1.1.67 12.00 165.00 177.00 OK
r-oldrel-windows-ix86+x86_64 1.1.67 17.00 234.00 251.00 OK

Check Details

Version: 1.1.67
Check: re-building of vignette outputs
Result: NOTE
    Error in re-building vignettes:
     ...
     merge.data.frame
    
    Warning in Lexis(entry = list(Per = dodm, Age = dodm - dobth, DMdur = 0), :
     Dropping 4 rows with duration of follow up < tol
    
    Warning: invalid char string in output conversion
    Warning in formatC(Beg, format = "f", digits = 0, big.mark = ",") :
     class of 'x' was discarded
    Warning in formatC(End, format = "f", digits = 0, big.mark = ",") :
     class of 'x' was discarded
    Warning: invalid char string in output conversion
    Warning: invalid char string in output conversion
    Warning: invalid char string in output conversion
    Error in texi2dvi(file = file, pdf = TRUE, clean = clean, quiet = quiet, :
     Running 'texi2dvi' on 'sim-Lexis.tex' failed.
    LaTeX errors:
    ! LaTeX Error: File `floatflt.sty' not found.
    
    Type X to quit or <RETURN> to proceed,
    or enter new name. (Default extension: sty)
    
    t/Epi/vignettes/sim-Lexis.tex:34: ==> Fatal error occurred, no output PDF file
     produced!
    Calls: buildVignettes -> texi2pdf -> texi2dvi
    Execution halted
Flavor: r-release-osx-x86_64-mavericks