CRAN Package Check Results for Package Epi

Last updated on 2015-03-31 23:49:30.

Flavor Version Tinstall Tcheck Ttotal Status Flags
r-devel-linux-x86_64-debian-clang 1.1.67 2.58 88.56 91.15 NOTE
r-devel-linux-x86_64-debian-gcc 1.1.67 2.46 87.14 89.60 NOTE
r-devel-linux-x86_64-fedora-clang 1.1.67 187.62 NOTE
r-devel-linux-x86_64-fedora-gcc 1.1.67 175.87 NOTE
r-devel-osx-x86_64-clang 1.1.67 180.46 NOTE
r-prerel-windows-ix86+x86_64 1.1.67 14.00 151.00 165.00 NOTE
r-prerel-linux-x86_64 1.1.67 2.56 88.21 90.77 NOTE
r-prerel-solaris-sparc 1.1.67 1158.30 NOTE
r-prerel-solaris-x86 1.1.67 249.30 NOTE
r-release-linux-x86_64 1.1.67 2.70 99.37 102.07 NOTE
r-release-osx-x86_64-mavericks 1.1.67 NOTE
r-release-osx-x86_64-snowleopard 1.1.67 OK
r-release-windows-ix86+x86_64 1.1.67 12.00 163.00 175.00 NOTE
r-oldrel-windows-ix86+x86_64 1.1.67 12.00 173.00 185.00 OK

Check Details

Version: 1.1.67
Check: DESCRIPTION meta-information
Result: NOTE
    Malformed Title field: should not end in a period.
Flavors: r-devel-linux-x86_64-debian-clang, r-devel-linux-x86_64-debian-gcc, r-devel-linux-x86_64-fedora-clang, r-devel-linux-x86_64-fedora-gcc, r-devel-osx-x86_64-clang, r-prerel-windows-ix86+x86_64, r-prerel-linux-x86_64, r-prerel-solaris-sparc, r-prerel-solaris-x86

Version: 1.1.67
Check: dependencies in R code
Result: NOTE
    'library' or 'require' calls in package code:
     ‘MASS’ ‘cmprsk’ ‘etm’ ‘mstate’ ‘splines’
     Please use :: or requireNamespace() instead.
     See section 'Suggested packages' in the 'Writing R Extensions' manual.
Flavors: r-devel-linux-x86_64-debian-clang, r-devel-linux-x86_64-debian-gcc, r-devel-linux-x86_64-fedora-clang, r-devel-linux-x86_64-fedora-gcc, r-devel-osx-x86_64-clang, r-prerel-windows-ix86+x86_64, r-prerel-linux-x86_64, r-prerel-solaris-sparc, r-prerel-solaris-x86, r-release-linux-x86_64, r-release-windows-ix86+x86_64

Version: 1.1.67
Check: S3 generic/method consistency
Result: NOTE
    Found the following apparent S3 methods exported but not registered:
     print.Icens print.floated
    See section ‘Registering S3 methods’ in the ‘Writing R Extensions’
    manual.
Flavors: r-devel-linux-x86_64-debian-clang, r-devel-linux-x86_64-debian-gcc, r-devel-linux-x86_64-fedora-clang, r-devel-linux-x86_64-fedora-gcc, r-devel-osx-x86_64-clang, r-prerel-linux-x86_64

Version: 1.1.67
Check: R code for possible problems
Result: NOTE
    Ns: no visible global function definition for ‘ns’
    apc.fit: no visible global function definition for ‘ns’
    apc.fit: no visible global function definition for ‘bs’
    ci.cum: no visible global function definition for ‘fixed.effects’
    ci.cum: no visible global function definition for ‘fixef’
    ci.cum: no visible global function definition for ‘mvrnorm’
    ci.lin: no visible global function definition for ‘fixed.effects’
    ci.lin: no visible global function definition for ‘fixef’
    ci.lin: no visible global function definition for ‘mvrnorm’
    effx.match: no visible global function definition for ‘clogit’
Flavors: r-devel-linux-x86_64-debian-clang, r-devel-linux-x86_64-debian-gcc, r-devel-linux-x86_64-fedora-clang, r-devel-linux-x86_64-fedora-gcc, r-devel-osx-x86_64-clang, r-prerel-windows-ix86+x86_64, r-prerel-linux-x86_64, r-prerel-solaris-sparc, r-prerel-solaris-x86, r-release-linux-x86_64, r-release-osx-x86_64-mavericks, r-release-windows-ix86+x86_64