CRAN Package Check Results for Package Epi

Last updated on 2015-04-19 17:48:34.

Flavor Version Tinstall Tcheck Ttotal Status Flags
r-devel-linux-x86_64-debian-clang 1.1.67 2.59 88.73 91.32 NOTE
r-devel-linux-x86_64-debian-gcc 1.1.67 2.78 89.50 92.27 NOTE
r-devel-linux-x86_64-fedora-clang 1.1.67 184.74 NOTE
r-devel-linux-x86_64-fedora-gcc 1.1.67 209.43 NOTE
r-devel-osx-x86_64-clang 1.1.67 177.74 NOTE
r-devel-windows-ix86+x86_64 1.1.67 13.00 151.00 164.00 NOTE
r-patched-linux-x86_64 1.1.67 2.43 88.19 90.62 NOTE
r-patched-solaris-sparc 1.1.67 1158.30 NOTE
r-patched-solaris-x86 1.1.67 243.10 NOTE
r-release-linux-x86_64 1.1.67 2.47 89.36 91.82 NOTE
r-release-osx-x86_64-mavericks 1.1.67 NOTE
r-release-osx-x86_64-snowleopard 1.1.67 NOTE
r-release-windows-ix86+x86_64 1.1.67 8.00 151.00 159.00 NOTE
r-oldrel-windows-ix86+x86_64 1.1.67 11.00 210.00 221.00 NOTE

Check Details

Version: 1.1.67
Check: DESCRIPTION meta-information
Result: NOTE
    Malformed Title field: should not end in a period.
Flavors: r-devel-linux-x86_64-debian-clang, r-devel-linux-x86_64-debian-gcc, r-devel-linux-x86_64-fedora-clang, r-devel-linux-x86_64-fedora-gcc, r-devel-osx-x86_64-clang, r-devel-windows-ix86+x86_64, r-patched-linux-x86_64, r-patched-solaris-sparc, r-patched-solaris-x86, r-release-linux-x86_64, r-release-osx-x86_64-mavericks, r-release-osx-x86_64-snowleopard, r-release-windows-ix86+x86_64

Version: 1.1.67
Check: dependencies in R code
Result: NOTE
    'library' or 'require' calls in package code:
     ‘MASS’ ‘cmprsk’ ‘etm’ ‘mstate’ ‘splines’
     Please use :: or requireNamespace() instead.
     See section 'Suggested packages' in the 'Writing R Extensions' manual.
Flavors: r-devel-linux-x86_64-debian-clang, r-devel-linux-x86_64-debian-gcc, r-devel-linux-x86_64-fedora-clang, r-devel-linux-x86_64-fedora-gcc, r-devel-osx-x86_64-clang, r-devel-windows-ix86+x86_64, r-patched-linux-x86_64, r-patched-solaris-sparc, r-patched-solaris-x86, r-release-linux-x86_64, r-release-osx-x86_64-mavericks, r-release-osx-x86_64-snowleopard, r-release-windows-ix86+x86_64, r-oldrel-windows-ix86+x86_64

Version: 1.1.67
Check: S3 generic/method consistency
Result: NOTE
    Found the following apparent S3 methods exported but not registered:
     print.Icens print.floated
    See section ‘Registering S3 methods’ in the ‘Writing R Extensions’
    manual.
Flavors: r-devel-linux-x86_64-debian-clang, r-devel-linux-x86_64-debian-gcc, r-devel-linux-x86_64-fedora-clang, r-devel-linux-x86_64-fedora-gcc, r-devel-osx-x86_64-clang, r-patched-linux-x86_64, r-release-linux-x86_64

Version: 1.1.67
Check: R code for possible problems
Result: NOTE
    Ns: no visible global function definition for ‘ns’
    apc.fit: no visible global function definition for ‘ns’
    apc.fit: no visible global function definition for ‘bs’
    ci.cum: no visible global function definition for ‘fixed.effects’
    ci.cum: no visible global function definition for ‘fixef’
    ci.cum: no visible global function definition for ‘mvrnorm’
    ci.lin: no visible global function definition for ‘fixed.effects’
    ci.lin: no visible global function definition for ‘fixef’
    ci.lin: no visible global function definition for ‘mvrnorm’
    effx.match: no visible global function definition for ‘clogit’
Flavors: r-devel-linux-x86_64-debian-clang, r-devel-linux-x86_64-debian-gcc, r-devel-linux-x86_64-fedora-clang, r-devel-linux-x86_64-fedora-gcc, r-devel-osx-x86_64-clang, r-devel-windows-ix86+x86_64, r-patched-linux-x86_64, r-patched-solaris-sparc, r-patched-solaris-x86, r-release-linux-x86_64, r-release-osx-x86_64-mavericks, r-release-osx-x86_64-snowleopard, r-release-windows-ix86+x86_64, r-oldrel-windows-ix86+x86_64