CRAN Package Check Results for Package Epi

Last updated on 2016-09-25 18:47:59.

Flavor Version Tinstall Tcheck Ttotal Status Flags
r-devel-linux-x86_64-debian-clang 2.0 4.20 102.15 106.34 WARN
r-devel-linux-x86_64-debian-gcc 2.0 4.00 101.06 105.06 WARN
r-devel-linux-x86_64-fedora-clang 2.0 207.83 WARN
r-devel-linux-x86_64-fedora-gcc 2.0 199.07 WARN
r-devel-macos-x86_64-clang 2.0 155.59 WARN
r-devel-windows-ix86+x86_64 2.0 15.00 182.00 197.00 WARN
r-patched-linux-x86_64 2.0 4.26 97.00 101.26 OK
r-patched-solaris-sparc 2.0 1249.10 OK
r-patched-solaris-x86 2.0 244.40 OK
r-release-linux-x86_64 2.0 4.02 102.13 106.14 OK
r-release-osx-x86_64-mavericks 2.0 OK
r-release-windows-ix86+x86_64 2.0 15.00 184.00 199.00 WARN
r-oldrel-windows-ix86+x86_64 2.0 27.00 326.00 353.00 NOTE

Check Details

Version: 2.0
Check: files in ‘vignettes’
Result: WARN
    Files in the 'vignettes' directory newer than same file in 'inst/doc':
     ‘index.html’
Flavors: r-devel-linux-x86_64-debian-clang, r-devel-linux-x86_64-debian-gcc, r-devel-linux-x86_64-fedora-clang, r-devel-linux-x86_64-fedora-gcc, r-devel-macos-x86_64-clang, r-devel-windows-ix86+x86_64

Version: 2.0
Check: re-building of vignette outputs
Result: WARN
    Error in re-building vignettes:
     ...
    Attaching package: 'Epi'
    
    The following object is masked from 'package:base':
    
     merge.data.frame
    
    Warning in Lexis(entry = list(Per = dodm, Age = dodm - dobth, DMdur = 0), :
     Dropping 4 rows with duration of follow up < tol
    
    Warning in formatC(Beg, format = "f", digits = 0, big.mark = ",") :
     class of 'x' was discarded
    Warning in formatC(End, format = "f", digits = 0, big.mark = ",") :
     class of 'x' was discarded
    Warning in coxph(Surv(DMdur, DMdur + lex.dur, lex.Xst %in% c("Dead(Ins)", :
     a variable appears on both the left and right sides of the formula
    Warning: running command '"D:\compiler\texmf\miktex\bin\texify.exe" --quiet --pdf "simLexis.tex" --max-iterations=20 -I "D:/RCompile/recent/R/share/texmf/tex/latex" -I "D:/RCompile/recent/R/share/texmf/bibtex/bst"' had status 1
    Error: running 'texi2dvi' on 'simLexis.tex' failed
    
    LaTeX errors:
    ! LaTeX Error: File `IEEEtrantools.sty' not found.
    
    Type X to quit or <RETURN> to proceed,
    or enter new name. (Default extension: sty)
    
    Execution halted
Flavor: r-devel-windows-ix86+x86_64

Version: 2.0
Check: re-building of vignette outputs
Result: WARN
    Error in re-building vignettes:
     ...
    Attaching package: 'Epi'
    
    The following object is masked from 'package:base':
    
     merge.data.frame
    
    Warning in Lexis(entry = list(Per = dodm, Age = dodm - dobth, DMdur = 0), :
     Dropping 4 rows with duration of follow up < tol
    
    Warning in formatC(Beg, format = "f", digits = 0, big.mark = ",") :
     class of 'x' was discarded
    Warning in formatC(End, format = "f", digits = 0, big.mark = ",") :
     class of 'x' was discarded
    Warning in coxph(Surv(DMdur, DMdur + lex.dur, lex.Xst %in% c("Dead(Ins)", :
     a variable appears on both the left and right sides of the formula
    Warning: running command '"D:\compiler\texmf\miktex\bin\texify.exe" --quiet --pdf "simLexis.tex" --max-iterations=20 -I "D:/RCompile/recent/R-3.3.1/share/texmf/tex/latex" -I "D:/RCompile/recent/R-3.3.1/share/texmf/bibtex/bst"' had status 1
    Error: running 'texi2dvi' on 'simLexis.tex' failed
    
    LaTeX errors:
    ! LaTeX Error: File `IEEEtrantools.sty' not found.
    
    Type X to quit or <RETURN> to proceed,
    or enter new name. (Default extension: sty)
    
    Execution halted
Flavor: r-release-windows-ix86+x86_64

Version: 2.0
Check: re-building of vignette outputs
Result: NOTE
    Error in re-building vignettes:
     ...
    Attaching package: 'Epi'
    
    The following object is masked from 'package:base':
    
     merge.data.frame
    
    Warning in Lexis(entry = list(Per = dodm, Age = dodm - dobth, DMdur = 0), :
     Dropping 4 rows with duration of follow up < tol
    
    Warning in formatC(Beg, format = "f", digits = 0, big.mark = ",") :
     class of 'x' was discarded
    Warning in formatC(End, format = "f", digits = 0, big.mark = ",") :
     class of 'x' was discarded
    Warning in coxph(Surv(DMdur, DMdur + lex.dur, lex.Xst %in% c("Dead(Ins)", :
     a variable appears on both the left and right sides of the formula
    Warning: running command '"D:\compiler\texmf\miktex\bin\texify.exe" --quiet --pdf "simLexis.tex" --max-iterations=20 -I "D:/RCompile/recent/R-3.2.5/share/texmf/tex/latex" -I "D:/RCompile/recent/R-3.2.5/share/texmf/bibtex/bst"' had status 1
    Error: running 'texi2dvi' on 'simLexis.tex' failed
    
    LaTeX errors:
    ! LaTeX Error: File `IEEEtrantools.sty' not found.
    
    Type X to quit or <RETURN> to proceed,
    or enter new name. (Default extension: sty)
    
    Execution halted
Flavor: r-oldrel-windows-ix86+x86_64