CRAN Package Check Results for Package Epi

Last updated on 2014-12-22 01:47:35.

Flavor Version Tinstall Tcheck Ttotal Status Flags
r-devel-linux-x86_64-debian-clang 1.1.67 2.42 94.84 97.26 NOTE
r-devel-linux-x86_64-debian-gcc 1.1.67 2.44 92.00 94.43 NOTE
r-devel-linux-x86_64-fedora-clang 1.1.67 198.08 NOTE
r-devel-linux-x86_64-fedora-gcc 1.1.67 194.66 NOTE
r-devel-osx-x86_64-clang 1.1.67 189.12 NOTE
r-devel-windows-ix86+x86_64 1.1.67 13.00 156.00 169.00 NOTE
r-patched-linux-x86_64 1.1.67 2.62 100.46 103.08 NOTE
r-patched-solaris-sparc 1.1.67 1204.30 NOTE
r-patched-solaris-x86 1.1.67 259.80 NOTE
r-release-linux-ix86 1.1.67 3.40 119.48 122.88 NOTE
r-release-linux-x86_64 1.1.67 2.56 99.93 102.49 NOTE
r-release-osx-x86_64-mavericks 1.1.67 NOTE
r-release-osx-x86_64-snowleopard 1.1.67 OK
r-release-windows-ix86+x86_64 1.1.67 13.00 177.00 190.00 NOTE
r-oldrel-windows-ix86+x86_64 1.1.67 13.00 174.00 187.00 OK

Check Details

Version: 1.1.67
Check: R code for possible problems
Result: NOTE
    Ns: no visible global function definition for ‘ns’
    apc.fit: no visible global function definition for ‘ns’
    apc.fit: no visible global function definition for ‘bs’
    ci.cum: no visible global function definition for ‘fixed.effects’
    ci.cum: no visible global function definition for ‘fixef’
    ci.cum: no visible global function definition for ‘mvrnorm’
    ci.lin: no visible global function definition for ‘fixed.effects’
    ci.lin: no visible global function definition for ‘fixef’
    ci.lin: no visible global function definition for ‘mvrnorm’
    effx.match: no visible global function definition for ‘clogit’
Flavors: r-devel-linux-x86_64-debian-clang, r-devel-linux-x86_64-debian-gcc, r-devel-linux-x86_64-fedora-clang, r-devel-linux-x86_64-fedora-gcc, r-devel-osx-x86_64-clang, r-devel-windows-ix86+x86_64, r-patched-linux-x86_64, r-patched-solaris-sparc, r-patched-solaris-x86, r-release-linux-ix86, r-release-linux-x86_64, r-release-windows-ix86+x86_64

Version: 1.1.67
Check: re-building of vignette outputs
Result: NOTE
    Error in re-building vignettes:
     ...
     merge.data.frame
    
    Warning in Lexis(entry = list(Per = dodm, Age = dodm - dobth, DMdur = 0), :
     Dropping 4 rows with duration of follow up < tol
    
    Warning: invalid char string in output conversion
    Warning in formatC(Beg, format = "f", digits = 0, big.mark = ",") :
     class of 'x' was discarded
    Warning in formatC(End, format = "f", digits = 0, big.mark = ",") :
     class of 'x' was discarded
    Warning: invalid char string in output conversion
    Warning: invalid char string in output conversion
    Warning: invalid char string in output conversion
    Error in texi2dvi(file = file, pdf = TRUE, clean = clean, quiet = quiet, :
     Running 'texi2dvi' on 'sim-Lexis.tex' failed.
    LaTeX errors:
    ! LaTeX Error: File `floatflt.sty' not found.
    
    Type X to quit or <RETURN> to proceed,
    or enter new name. (Default extension: sty)
    
    t/Epi/vignettes/sim-Lexis.tex:34: ==> Fatal error occurred, no output PDF file
     produced!
    Calls: buildVignettes -> texi2pdf -> texi2dvi
    Execution halted
Flavor: r-release-osx-x86_64-mavericks