CRAN Package Check Results for Package Epi

Last updated on 2016-02-09 18:49:09.

Flavor Version Tinstall Tcheck Ttotal Status Flags
r-devel-linux-x86_64-debian-gcc 2.0 2.85 85.54 88.39 OK
r-devel-linux-x86_64-fedora-clang 2.0 166.36 OK
r-devel-linux-x86_64-fedora-gcc 2.0 155.49 OK
r-devel-osx-x86_64-clang 2.0 187.46 OK
r-devel-windows-ix86+x86_64 2.0 20.00 171.00 191.00 WARN
r-patched-linux-x86_64 2.0 3.22 121.19 124.41 OK
r-patched-solaris-sparc 2.0 1387.50 OK
r-patched-solaris-x86 2.0 277.40 OK
r-release-linux-x86_64 2.0 2.97 114.78 117.74 OK
r-release-osx-x86_64-mavericks 2.0 OK
r-release-windows-ix86+x86_64 2.0 16.00 225.00 241.00 NOTE
r-oldrel-windows-ix86+x86_64 2.0 22.00 269.00 291.00 NOTE

Check Details

Version: 2.0
Check: re-building of vignette outputs
Result: WARN
    Error in re-building vignettes:
     ...
    Attaching package: 'Epi'
    
    The following object is masked from 'package:base':
    
     merge.data.frame
    
    Warning in Lexis(entry = list(Per = dodm, Age = dodm - dobth, DMdur = 0), :
     Dropping 4 rows with duration of follow up < tol
    
    Warning in formatC(Beg, format = "f", digits = 0, big.mark = ",") :
     class of 'x' was discarded
    Warning in formatC(End, format = "f", digits = 0, big.mark = ",") :
     class of 'x' was discarded
    Warning in coxph(Surv(DMdur, DMdur + lex.dur, lex.Xst %in% c("Dead(Ins)", :
     a variable appears on both the left and right sides of the formula
    Warning: running command '"D:\compiler\texmf\miktex\bin\texi2dvi.exe" --quiet --pdf "simLexis.tex" --max-iterations=20 -I "D:/RCompile/recent/R/share/texmf/tex/latex" -I "D:/RCompile/recent/R/share/texmf/bibtex/bst"' had status 1
    Error: running 'texi2dvi' on 'simLexis.tex' failed
    
    LaTeX errors:
    ! LaTeX Error: File `IEEEtrantools.sty' not found.
    
    Type X to quit or <RETURN> to proceed,
    or enter new name. (Default extension: sty)
    
    Execution halted
Flavor: r-devel-windows-ix86+x86_64

Version: 2.0
Check: re-building of vignette outputs
Result: NOTE
    Error in re-building vignettes:
     ...
    Attaching package: 'Epi'
    
    The following object is masked from 'package:base':
    
     merge.data.frame
    
    Warning in Lexis(entry = list(Per = dodm, Age = dodm - dobth, DMdur = 0), :
     Dropping 4 rows with duration of follow up < tol
    
    Warning in formatC(Beg, format = "f", digits = 0, big.mark = ",") :
     class of 'x' was discarded
    Warning in formatC(End, format = "f", digits = 0, big.mark = ",") :
     class of 'x' was discarded
    Warning in coxph(Surv(DMdur, DMdur + lex.dur, lex.Xst %in% c("Dead(Ins)", :
     a variable appears on both the left and right sides of the formula
    Warning: running command '"D:\compiler\texmf\miktex\bin\texi2dvi.exe" --quiet --pdf "simLexis.tex" --max-iterations=20 -I "D:/RCompile/recent/R-3.2.3p/share/texmf/tex/latex" -I "D:/RCompile/recent/R-3.2.3p/share/texmf/bibtex/bst"' had status 1
    Error: running 'texi2dvi' on 'simLexis.tex' failed
    
    LaTeX errors:
    ! LaTeX Error: File `IEEEtrantools.sty' not found.
    
    Type X to quit or <RETURN> to proceed,
    or enter new name. (Default extension: sty)
    
    Execution halted
Flavor: r-release-windows-ix86+x86_64

Version: 2.0
Check: re-building of vignette outputs
Result: NOTE
    Error in re-building vignettes:
     ...
    Attaching package: 'Epi'
    
    The following object is masked from 'package:base':
    
     merge.data.frame
    
    Warning in Lexis(entry = list(Per = dodm, Age = dodm - dobth, DMdur = 0), :
     Dropping 4 rows with duration of follow up < tol
    
    Warning in formatC(Beg, format = "f", digits = 0, big.mark = ",") :
     class of 'x' was discarded
    Warning in formatC(End, format = "f", digits = 0, big.mark = ",") :
     class of 'x' was discarded
    Warning in coxph(Surv(DMdur, DMdur + lex.dur, lex.Xst %in% c("Dead(Ins)", :
     a variable appears on both the left and right sides of the formula
    Warning: running command '"D:\compiler\texmf\miktex\bin\texi2dvi.exe" --quiet --pdf "simLexis.tex" --max-iterations=20 -I "D:/RCompile/recent/R-3.1.3/share/texmf/tex/latex" -I "D:/RCompile/recent/R-3.1.3/share/texmf/bibtex/bst"' had status 1
    Error: running 'texi2dvi' on 'simLexis.tex' failed
    
    LaTeX errors:
    ! LaTeX Error: File `IEEEtrantools.sty' not found.
    
    Type X to quit or <RETURN> to proceed,
    or enter new name. (Default extension: sty)
    
    Execution halted
Flavor: r-oldrel-windows-ix86+x86_64