CRAN Package Check Results for Package EpiContactTrace

Last updated on 2014-08-22 19:47:45.

Flavor Version Tinstall Tcheck Ttotal Status Flags
r-devel-linux-x86_64-debian-clang 0.8.8 5.29 33.33 38.62 NOTE
r-devel-linux-x86_64-debian-gcc 0.8.8 6.70 35.50 42.20 OK
r-devel-linux-x86_64-fedora-clang 0.8.8 78.96 NOTE
r-devel-linux-x86_64-fedora-gcc 0.8.8 82.40 NOTE
r-devel-osx-x86_64-clang 0.8.8 77.58 NOTE
r-devel-windows-ix86+x86_64 0.8.8 25.00 111.00 136.00 OK
r-patched-linux-x86_64 0.8.8 6.76 33.20 39.96 OK
r-patched-solaris-sparc 0.8.8 493.60 OK
r-patched-solaris-x86 0.8.8 113.30 OK
r-release-linux-ix86 0.8.8 8.84 44.40 53.24 OK
r-release-linux-x86_64 0.8.8 8.25 34.37 42.62 OK
r-release-osx-x86_64-mavericks 0.8.8 OK
r-release-osx-x86_64-snowleopard 0.8.8 OK
r-release-windows-ix86+x86_64 0.8.8 23.00 116.00 139.00 OK
r-oldrel-windows-ix86+x86_64 0.8.8 25.00 93.00 118.00 OK

Check Details

Version: 0.8.8
Check: R code for possible problems
Result: NOTE
    Animate : create_map: no visible global function definition for ‘ggmap’
    Animate : create_map: no visible global function definition for
     ‘geom_segment’
    Animate : create_map: no visible global function definition for
     ‘aes_string’
    Animate : create_map: no visible global function definition for ‘labs’
    Animate : create_map: no visible global function definition for
     ‘ggtitle’
    Animate : create_map: no visible global function definition for
     ‘ani.pause’
    Animate: no visible global function definition for ‘saveHTML’
Flavors: r-devel-linux-x86_64-debian-clang, r-devel-linux-x86_64-fedora-clang, r-devel-linux-x86_64-fedora-gcc, r-devel-osx-x86_64-clang