CRAN Package Check Results for Package EpiContactTrace

Last updated on 2014-10-31 21:47:52.

Flavor Version Tinstall Tcheck Ttotal Status Flags
r-devel-linux-x86_64-debian-clang 0.8.8 5.37 33.82 39.20 NOTE
r-devel-linux-x86_64-debian-gcc 0.8.8 6.59 32.72 39.32 NOTE
r-devel-linux-x86_64-fedora-clang 0.8.8 83.02 NOTE
r-devel-linux-x86_64-fedora-gcc 0.8.8 78.63 NOTE
r-devel-osx-x86_64-clang 0.8.8 73.80 NOTE
r-devel-windows-ix86+x86_64 0.8.8 22.00 114.00 136.00 NOTE
r-patched-linux-x86_64 0.8.8 6.88 32.72 39.60 NOTE
r-patched-solaris-sparc 0.8.8 480.40 NOTE
r-patched-solaris-x86 0.8.8 113.30 NOTE
r-release-linux-ix86 0.8.8 8.80 44.45 53.26 OK
r-release-linux-x86_64 0.8.8 7.00 33.63 40.63 OK
r-release-osx-x86_64-mavericks 0.8.8 OK
r-release-osx-x86_64-snowleopard 0.8.8 OK
r-release-windows-ix86+x86_64 0.8.8 27.00 119.00 146.00 OK
r-oldrel-windows-ix86+x86_64 0.8.8 24.00 89.00 113.00 OK

Check Details

Version: 0.8.8
Check: R code for possible problems
Result: NOTE
    Animate : create_map: no visible global function definition for ‘ggmap’
    Animate : create_map: no visible global function definition for
     ‘geom_segment’
    Animate : create_map: no visible global function definition for
     ‘aes_string’
    Animate : create_map: no visible global function definition for ‘labs’
    Animate : create_map: no visible global function definition for
     ‘ggtitle’
    Animate : create_map: no visible global function definition for
     ‘ani.pause’
    Animate: no visible global function definition for ‘saveHTML’
Flavors: r-devel-linux-x86_64-debian-clang, r-devel-linux-x86_64-debian-gcc, r-devel-linux-x86_64-fedora-clang, r-devel-linux-x86_64-fedora-gcc, r-devel-osx-x86_64-clang, r-devel-windows-ix86+x86_64, r-patched-linux-x86_64, r-patched-solaris-sparc, r-patched-solaris-x86