CRAN Package Check Results for Package EpiContactTrace

Last updated on 2017-04-27 23:49:48.

Flavor Version Tinstall Tcheck Ttotal Status Flags
r-devel-linux-x86_64-debian-clang 0.10.0 3.04 28.89 31.94 NOTE
r-devel-linux-x86_64-debian-gcc 0.10.0 3.12 28.61 31.73 NOTE
r-devel-linux-x86_64-fedora-clang 0.10.0 61.12 NOTE --no-stop-on-test-error
r-devel-linux-x86_64-fedora-gcc 0.10.0 56.75 NOTE --no-stop-on-test-error
r-devel-windows-ix86+x86_64 0.10.0 14.00 124.00 138.00 OK
r-patched-linux-x86_64 0.10.0 3.11 28.73 31.84 NOTE
r-patched-solaris-sparc 0.10.0 357.70 OK
r-patched-solaris-x86 0.10.0 87.30 OK
r-release-linux-x86_64 0.10.0 2.94 29.26 32.20 NOTE
r-release-windows-ix86+x86_64 0.10.0 12.00 98.00 110.00 OK
r-release-osx-x86_64 0.10.0 OK
r-oldrel-windows-ix86+x86_64 0.10.0 22.00 150.00 172.00 OK
r-oldrel-osx-x86_64 0.10.0 OK

Check Details

Version: 0.10.0
Check: compiled code
Result: NOTE
    File ‘EpiContactTrace/libs/EpiContactTrace.so’:
     Found no calls to: ‘R_registerRoutines’, ‘R_useDynamicSymbols’
    
    It is good practice to register native routines and to disable symbol
    search.
    
    See ‘Writing portable packages’ in the ‘Writing R Extensions’ manual.
Flavors: r-devel-linux-x86_64-debian-clang, r-devel-linux-x86_64-debian-gcc, r-patched-linux-x86_64, r-release-linux-x86_64

Version: 0.10.0
Flags: --no-stop-on-test-error
Check: compiled code
Result: NOTE
    File ‘EpiContactTrace/libs/EpiContactTrace.so’:
     Found no calls to: ‘R_registerRoutines’, ‘R_useDynamicSymbols’
    
    It is good practice to register native routines and to disable symbol
    search.
    
    See ‘Writing portable packages’ in the ‘Writing R Extensions’ manual.
Flavors: r-devel-linux-x86_64-fedora-clang, r-devel-linux-x86_64-fedora-gcc