CRAN Package Check Results for Package EpiContactTrace

Last updated on 2015-03-06 09:49:30.

Flavor Version Tinstall Tcheck Ttotal Status Flags
r-devel-linux-x86_64-debian-clang 0.8.8 6.68 29.57 36.24 NOTE
r-devel-linux-x86_64-debian-gcc 0.8.8 6.54 29.45 35.99 NOTE
r-devel-linux-x86_64-fedora-clang 0.8.8 73.22 NOTE
r-devel-linux-x86_64-fedora-gcc 0.8.8 71.95 NOTE
r-devel-osx-x86_64-clang 0.8.8 66.38 NOTE
r-devel-windows-ix86+x86_64 0.8.8 21.00 112.00 133.00 NOTE
r-patched-linux-x86_64 0.8.8 6.92 34.79 41.71 NOTE
r-patched-solaris-sparc 0.8.8 521.60 NOTE
r-patched-solaris-x86 0.8.8 115.60 NOTE
r-release-linux-ix86 0.8.8 8.47 42.03 50.50 NOTE
r-release-linux-x86_64 0.8.8 6.89 33.22 40.11 NOTE
r-release-osx-x86_64-mavericks 0.8.8 NOTE
r-release-osx-x86_64-snowleopard 0.8.8 OK
r-release-windows-ix86+x86_64 0.8.8 26.00 117.00 143.00 NOTE
r-oldrel-windows-ix86+x86_64 0.8.8 24.00 98.00 122.00 OK

Check Details

Version: 0.8.8
Check: dependencies in R code
Result: NOTE
    'library' or 'require' calls in package code:
     ‘animation’ ‘ggmap’
     Please use :: or requireNamespace() instead.
     See section 'Suggested packages' in the 'Writing R Extensions' manual.
Flavors: r-devel-linux-x86_64-debian-clang, r-devel-linux-x86_64-debian-gcc, r-devel-linux-x86_64-fedora-clang, r-devel-linux-x86_64-fedora-gcc, r-devel-osx-x86_64-clang, r-devel-windows-ix86+x86_64, r-patched-linux-x86_64, r-patched-solaris-sparc, r-patched-solaris-x86

Version: 0.8.8
Check: R code for possible problems
Result: NOTE
    Animate : create_map: no visible global function definition for ‘ggmap’
    Animate : create_map: no visible global function definition for
     ‘geom_segment’
    Animate : create_map: no visible global function definition for
     ‘aes_string’
    Animate : create_map: no visible global function definition for ‘labs’
    Animate : create_map: no visible global function definition for
     ‘ggtitle’
    Animate : create_map: no visible global function definition for
     ‘ani.pause’
    Animate: no visible global function definition for ‘saveHTML’
Flavors: r-devel-linux-x86_64-debian-clang, r-devel-linux-x86_64-debian-gcc, r-devel-linux-x86_64-fedora-clang, r-devel-linux-x86_64-fedora-gcc, r-devel-osx-x86_64-clang, r-devel-windows-ix86+x86_64, r-patched-linux-x86_64, r-patched-solaris-sparc, r-patched-solaris-x86, r-release-linux-ix86, r-release-linux-x86_64, r-release-osx-x86_64-mavericks, r-release-windows-ix86+x86_64