CRAN Package Check Results for Package EpiContactTrace

Last updated on 2015-05-26 02:46:45.

Flavor Version Tinstall Tcheck Ttotal Status Flags
r-devel-linux-x86_64-debian-clang 0.8.8 5.34 29.61 34.96 NOTE
r-devel-linux-x86_64-debian-gcc 0.8.8 7.14 29.10 36.24 NOTE
r-devel-linux-x86_64-fedora-clang 0.8.8 72.46 NOTE
r-devel-linux-x86_64-fedora-gcc 0.8.8 68.43 NOTE
r-devel-osx-x86_64-clang 0.8.8 65.51 NOTE
r-devel-windows-ix86+x86_64 0.8.8 26.00 115.00 141.00 NOTE
r-patched-linux-x86_64 0.8.8 6.64 30.36 37.01 NOTE
r-patched-solaris-sparc 0.8.8 460.10 NOTE
r-patched-solaris-x86 0.8.8 99.70 NOTE
r-release-linux-x86_64 0.8.8 6.54 29.62 36.16 NOTE
r-release-osx-x86_64-mavericks 0.8.8 NOTE
r-release-osx-x86_64-snowleopard 0.8.8 NOTE
r-release-windows-ix86+x86_64 0.8.8 22.00 122.00 144.00 NOTE
r-oldrel-windows-ix86+x86_64 0.8.8 24.00 123.00 147.00 NOTE

Check Details

Version: 0.8.8
Check: dependencies in R code
Result: NOTE
    'library' or 'require' calls in package code:
     ‘animation’ ‘ggmap’
     Please use :: or requireNamespace() instead.
     See section 'Suggested packages' in the 'Writing R Extensions' manual.
Flavors: r-devel-linux-x86_64-debian-clang, r-devel-linux-x86_64-debian-gcc, r-devel-linux-x86_64-fedora-clang, r-devel-linux-x86_64-fedora-gcc, r-devel-osx-x86_64-clang, r-devel-windows-ix86+x86_64, r-patched-linux-x86_64, r-patched-solaris-sparc, r-patched-solaris-x86, r-release-linux-x86_64, r-release-osx-x86_64-mavericks, r-release-osx-x86_64-snowleopard, r-release-windows-ix86+x86_64, r-oldrel-windows-ix86+x86_64

Version: 0.8.8
Check: R code for possible problems
Result: NOTE
    Animate : create_map: no visible global function definition for ‘ggmap’
    Animate : create_map: no visible global function definition for
     ‘geom_segment’
    Animate : create_map: no visible global function definition for
     ‘aes_string’
    Animate : create_map: no visible global function definition for ‘labs’
    Animate : create_map: no visible global function definition for
     ‘ggtitle’
    Animate : create_map: no visible global function definition for
     ‘ani.pause’
    Animate: no visible global function definition for ‘saveHTML’
Flavors: r-devel-linux-x86_64-debian-clang, r-devel-linux-x86_64-debian-gcc, r-devel-linux-x86_64-fedora-clang, r-devel-linux-x86_64-fedora-gcc, r-devel-osx-x86_64-clang, r-devel-windows-ix86+x86_64, r-patched-linux-x86_64, r-patched-solaris-sparc, r-patched-solaris-x86, r-release-linux-x86_64, r-release-osx-x86_64-mavericks, r-release-osx-x86_64-snowleopard, r-release-windows-ix86+x86_64, r-oldrel-windows-ix86+x86_64

Version: 0.8.8
Check: package dependencies
Result: NOTE
    Package suggested but not available for checking: ‘ggmap’
Flavor: r-release-osx-x86_64-snowleopard

Version: 0.8.8
Check: Rd cross-references
Result: NOTE
    Package unavailable to check Rd xrefs: ‘ggmap’
Flavor: r-release-osx-x86_64-snowleopard