CRAN Package Check Results for Package EpiContactTrace

Last updated on 2014-11-24 00:47:42.

Flavor Version Tinstall Tcheck Ttotal Status Flags
r-devel-linux-x86_64-debian-clang 0.8.8 5.56 32.64 38.20 NOTE
r-devel-linux-x86_64-debian-gcc 0.8.8 6.70 31.66 38.36 NOTE
r-devel-linux-x86_64-fedora-clang 0.8.8 87.70 NOTE
r-devel-linux-x86_64-fedora-gcc 0.8.8 78.44 NOTE
r-devel-osx-x86_64-clang 0.8.8 75.43 NOTE
r-devel-windows-ix86+x86_64 0.8.8 24.00 118.00 142.00 NOTE
r-patched-linux-x86_64 0.8.8 6.72 33.60 40.32 NOTE
r-patched-solaris-sparc 0.8.8 480.40 NOTE
r-patched-solaris-x86 0.8.8 110.40 NOTE
r-release-linux-ix86 0.8.8 8.33 41.27 49.60 NOTE
r-release-linux-x86_64 0.8.8 6.86 32.98 39.83 NOTE
r-release-osx-x86_64-mavericks 0.8.8 OK
r-release-osx-x86_64-snowleopard 0.8.8 OK
r-release-windows-ix86+x86_64 0.8.8 25.00 115.00 140.00 NOTE
r-oldrel-windows-ix86+x86_64 0.8.8 25.00 89.00 114.00 OK

Check Details

Version: 0.8.8
Check: R code for possible problems
Result: NOTE
    Animate : create_map: no visible global function definition for ‘ggmap’
    Animate : create_map: no visible global function definition for
     ‘geom_segment’
    Animate : create_map: no visible global function definition for
     ‘aes_string’
    Animate : create_map: no visible global function definition for ‘labs’
    Animate : create_map: no visible global function definition for
     ‘ggtitle’
    Animate : create_map: no visible global function definition for
     ‘ani.pause’
    Animate: no visible global function definition for ‘saveHTML’
Flavors: r-devel-linux-x86_64-debian-clang, r-devel-linux-x86_64-debian-gcc, r-devel-linux-x86_64-fedora-clang, r-devel-linux-x86_64-fedora-gcc, r-devel-osx-x86_64-clang, r-devel-windows-ix86+x86_64, r-patched-linux-x86_64, r-patched-solaris-sparc, r-patched-solaris-x86, r-release-linux-ix86, r-release-linux-x86_64, r-release-windows-ix86+x86_64