CRAN Package Check Results for Package EpiContactTrace

Last updated on 2014-04-23 17:47:43.

Flavor Version Tinstall Tcheck Ttotal Status Flags
r-devel-linux-x86_64-debian-clang 0.8.8 5.26 34.26 39.52 OK
r-devel-linux-x86_64-debian-gcc 0.8.8 6.62 35.29 41.90 OK
r-devel-linux-x86_64-fedora-clang 0.8.8 82.25 OK
r-devel-linux-x86_64-fedora-gcc 0.8.8 82.83 OK
r-devel-osx-x86_64-clang 0.8.8 77.34 OK
r-devel-osx-x86_64-gcc 0.8.8 NOTE
r-devel-windows-ix86+x86_64 0.8.8 23.00 131.00 154.00 OK
r-patched-linux-x86_64 0.8.8 6.72 36.43 43.16 OK
r-patched-solaris-sparc 0.8.8 483.20 OK
r-patched-solaris-x86 0.8.8 112.70 OK
r-release-linux-ix86 0.8.8 11.00 60.00 71.00 OK
r-release-linux-x86_64 0.8.8 6.63 34.76 41.39 OK
r-release-osx-x86_64-mavericks 0.8.8 WARN
r-release-osx-x86_64-snowleopard 0.8.8 OK
r-release-windows-ix86+x86_64 0.8.8 23.00 121.00 144.00 OK
r-oldrel-windows-ix86+x86_64 0.8.8 24.00 96.00 120.00 OK

Check Details

Version: 0.8.8
Check: package dependencies
Result: NOTE
    Package suggested but not available for checking: ‘ggmap’
Flavor: r-devel-osx-x86_64-gcc

Version: 0.8.8
Check: R code for possible problems
Result: NOTE
    Animate : create_map: no visible global function definition for ‘ggmap’
    Animate : create_map: no visible global function definition for
     ‘geom_segment’
    Animate : create_map: no visible global function definition for
     ‘aes_string’
    Animate : create_map: no visible global function definition for ‘labs’
    Animate : create_map: no visible global function definition for
     ‘ggtitle’
Flavor: r-devel-osx-x86_64-gcc

Version: 0.8.8
Check: Rd cross-references
Result: NOTE
    Package unavailable to check Rd xrefs: ‘ggmap’
Flavor: r-devel-osx-x86_64-gcc

Version: 0.8.8
Check: PDF version of manual
Result: WARNING
    LaTeX errors when creating PDF version.
    This typically indicates Rd problems.
    LaTeX errors found:
    ! LaTeX Error: File `upquote.sty' not found.
    
    Type X to quit or <RETURN> to proceed,
    or enter new name. (Default extension: sty)
    
    c84eaac/Rd2.tex:8: ==> Fatal error occurred, no output PDF file produced!
Flavor: r-release-osx-x86_64-mavericks