CRAN Package Check Results for Package EpiContactTrace

Last updated on 2015-04-28 06:46:32.

Flavor Version Tinstall Tcheck Ttotal Status Flags
r-devel-linux-x86_64-debian-clang 0.8.8 6.69 30.06 36.75 NOTE
r-devel-linux-x86_64-debian-gcc 0.8.8 6.50 30.23 36.72 NOTE
r-devel-linux-x86_64-fedora-clang 0.8.8 73.47 NOTE
r-devel-linux-x86_64-fedora-gcc 0.8.8 71.40 NOTE
r-devel-osx-x86_64-clang 0.8.8 67.51 NOTE
r-devel-windows-ix86+x86_64 0.8.8 23.00 110.00 133.00 NOTE
r-patched-linux-x86_64 0.8.8 6.30 29.52 35.83 NOTE
r-patched-solaris-sparc 0.8.8 455.90 NOTE
r-patched-solaris-x86 0.8.8 100.90 NOTE
r-release-linux-x86_64 0.8.8 6.60 29.72 36.32 NOTE
r-release-osx-x86_64-mavericks 0.8.8 NOTE
r-release-osx-x86_64-snowleopard 0.8.8 NOTE
r-release-windows-ix86+x86_64 0.8.8 32.00 142.00 174.00 NOTE
r-oldrel-windows-ix86+x86_64 0.8.8 23.00 122.00 145.00 NOTE

Check Details

Version: 0.8.8
Check: dependencies in R code
Result: NOTE
    'library' or 'require' calls in package code:
     ‘animation’ ‘ggmap’
     Please use :: or requireNamespace() instead.
     See section 'Suggested packages' in the 'Writing R Extensions' manual.
Flavors: r-devel-linux-x86_64-debian-clang, r-devel-linux-x86_64-debian-gcc, r-devel-linux-x86_64-fedora-clang, r-devel-linux-x86_64-fedora-gcc, r-devel-osx-x86_64-clang, r-devel-windows-ix86+x86_64, r-patched-solaris-sparc, r-patched-solaris-x86, r-release-linux-x86_64, r-release-osx-x86_64-mavericks, r-release-osx-x86_64-snowleopard, r-release-windows-ix86+x86_64, r-oldrel-windows-ix86+x86_64

Version: 0.8.8
Check: R code for possible problems
Result: NOTE
    Animate : create_map: no visible global function definition for ‘ggmap’
    Animate : create_map: no visible global function definition for
     ‘geom_segment’
    Animate : create_map: no visible global function definition for
     ‘aes_string’
    Animate : create_map: no visible global function definition for ‘labs’
    Animate : create_map: no visible global function definition for
     ‘ggtitle’
    Animate : create_map: no visible global function definition for
     ‘ani.pause’
    Animate: no visible global function definition for ‘saveHTML’
Flavors: r-devel-linux-x86_64-debian-clang, r-devel-linux-x86_64-debian-gcc, r-devel-linux-x86_64-fedora-clang, r-devel-linux-x86_64-fedora-gcc, r-devel-osx-x86_64-clang, r-devel-windows-ix86+x86_64, r-patched-solaris-sparc, r-patched-solaris-x86, r-release-linux-x86_64, r-release-osx-x86_64-mavericks, r-release-osx-x86_64-snowleopard, r-release-windows-ix86+x86_64, r-oldrel-windows-ix86+x86_64

Version: 0.8.8
Check: package dependencies
Result: NOTE
    Package suggested but not available for checking: ‘ggmap’
Flavor: r-release-osx-x86_64-snowleopard

Version: 0.8.8
Check: Rd cross-references
Result: NOTE
    Package unavailable to check Rd xrefs: ‘ggmap’
Flavor: r-release-osx-x86_64-snowleopard