CRAN Package Check Results for Package EpiContactTrace

Last updated on 2014-09-30 15:53:25.

Flavor Version Tinstall Tcheck Ttotal Status Flags
r-devel-linux-x86_64-debian-clang 0.8.8 5.47 32.99 38.46 NOTE
r-devel-linux-x86_64-debian-gcc 0.8.8 6.66 32.86 39.53 NOTE
r-devel-linux-x86_64-fedora-clang 0.8.8 82.14 NOTE
r-devel-linux-x86_64-fedora-gcc 0.8.8 93.14 NOTE
r-devel-osx-x86_64-clang 0.8.8 75.73 NOTE
r-devel-windows-ix86+x86_64 0.8.8 21.00 119.00 140.00 NOTE
r-patched-linux-x86_64 0.8.8 6.88 34.32 41.21 OK
r-patched-solaris-sparc 0.8.8 493.60 OK
r-patched-solaris-x86 0.8.8 112.90 OK
r-release-linux-ix86 0.8.8 10.44 44.84 55.27 OK
r-release-linux-x86_64 0.8.8 6.79 34.46 41.25 OK
r-release-osx-x86_64-mavericks 0.8.8 OK
r-release-osx-x86_64-snowleopard 0.8.8 OK
r-release-windows-ix86+x86_64 0.8.8 23.00 117.00 140.00 OK
r-oldrel-windows-ix86+x86_64 0.8.8 23.00 90.00 113.00 OK

Check Details

Version: 0.8.8
Check: R code for possible problems
Result: NOTE
    Animate : create_map: no visible global function definition for ‘ggmap’
    Animate : create_map: no visible global function definition for
     ‘geom_segment’
    Animate : create_map: no visible global function definition for
     ‘aes_string’
    Animate : create_map: no visible global function definition for ‘labs’
    Animate : create_map: no visible global function definition for
     ‘ggtitle’
    Animate : create_map: no visible global function definition for
     ‘ani.pause’
    Animate: no visible global function definition for ‘saveHTML’
Flavors: r-devel-linux-x86_64-debian-clang, r-devel-linux-x86_64-debian-gcc, r-devel-linux-x86_64-fedora-clang, r-devel-linux-x86_64-fedora-gcc, r-devel-osx-x86_64-clang, r-devel-windows-ix86+x86_64