CRAN Package Check Results for Package EpiContactTrace

Last updated on 2017-02-27 23:03:24.

Flavor Version Tinstall Tcheck Ttotal Status Flags
r-devel-linux-x86_64-debian-clang 0.10.0 2.96 28.92 31.88 NOTE
r-devel-linux-x86_64-debian-gcc 0.10.0 2.99 30.27 33.26 NOTE
r-devel-linux-x86_64-fedora-clang 0.10.0 70.31 NOTE --no-stop-on-test-error
r-devel-linux-x86_64-fedora-gcc 0.10.0 61.54 NOTE --no-stop-on-test-error
r-devel-macos-x86_64-clang 0.10.0 49.45 NOTE --no-stop-on-test-error
r-devel-windows-ix86+x86_64 0.10.0 11.00 125.00 136.00 OK
r-patched-linux-x86_64 0.10.0 2.69 24.26 26.94 OK
r-patched-solaris-sparc 0.10.0 302.80 OK
r-patched-solaris-x86 0.10.0 73.20 OK
r-release-linux-x86_64 0.10.0 2.75 24.85 27.60 OK
r-release-osx-x86_64-mavericks 0.10.0 OK
r-release-windows-ix86+x86_64 0.10.0 22.00 150.00 172.00 OK
r-oldrel-windows-ix86+x86_64 0.10.0 25.00 162.00 187.00 OK

Check Details

Version: 0.10.0
Check: compiled code
Result: NOTE
    File ‘EpiContactTrace/libs/EpiContactTrace.so’:
     Found no calls to: ‘R_registerRoutines’, ‘R_useDynamicSymbols’
    
    It is good practice to register native routines and to disable symbol
    search.
    
    See ‘Writing portable packages’ in the ‘Writing R Extensions’ manual.
Flavors: r-devel-linux-x86_64-debian-clang, r-devel-linux-x86_64-debian-gcc

Version: 0.10.0
Flags: --no-stop-on-test-error
Check: compiled code
Result: NOTE
    File ‘EpiContactTrace/libs/EpiContactTrace.so’:
     Found no calls to: ‘R_registerRoutines’, ‘R_useDynamicSymbols’
    
    It is good practice to register native routines and to disable symbol
    search.
    
    See ‘Writing portable packages’ in the ‘Writing R Extensions’ manual.
Flavors: r-devel-linux-x86_64-fedora-clang, r-devel-linux-x86_64-fedora-gcc, r-devel-macos-x86_64-clang