CRAN Package Check Results for Package EpiEstim

Last updated on 2014-04-21 11:43:09.

Flavor Version Tinstall Tcheck Ttotal Status Flags
r-devel-linux-x86_64-debian-clang 1.1-2 0.62 11.85 12.46 OK
r-devel-linux-x86_64-debian-gcc 1.1-2 0.62 11.72 12.33 OK
r-devel-linux-x86_64-fedora-clang 1.1-2 23.76 NOTE
r-devel-linux-x86_64-fedora-gcc 1.1-2 22.26 NOTE
r-devel-macosx-x86_64-clang 1.1-2 26.08 OK
r-devel-macosx-x86_64-gcc 1.1-2 OK
r-devel-windows-ix86+x86_64 1.1-2 2.00 19.00 21.00 OK
r-patched-linux-x86_64 1.1-2 0.62 11.86 12.48 OK
r-patched-solaris-sparc 1.1-2 148.50 OK
r-patched-solaris-x86 1.1-2 33.20 OK
r-release-linux-x86_64 1.1-2 0.62 11.48 12.10 OK
r-release-osx-x86_64-mavericks 1.1-2 OK
r-release-windows-ix86+x86_64 1.1-2 4.00 27.00 31.00 OK
r-oldrel-windows-ix86+x86_64 1.1-2 2.00 19.00 21.00 OK

Check Details

Version: 1.1-2
Check: top-level files
Result: NOTE
    Non-standard file/directory found at top level:
     ‘sync.x64.ffs_db’
Flavors: r-devel-linux-x86_64-fedora-clang, r-devel-linux-x86_64-fedora-gcc

Version: 1.1-2
Check: Rd line widths
Result: NOTE
    Rd file 'Flu1918.Rd':
     \examples lines wider than 100 characters:
     # the estimate of the instantaneous reproduction number over the 7-day window finishing on that day.
    
    Rd file 'Flu2009.Rd':
     \examples lines wider than 100 characters:
     # the estimate of the instantaneous reproduction number over the 7-day window finishing on that day.
    
    Rd file 'Measles1861.Rd':
     \examples lines wider than 100 characters:
     EstimateR(Measles1861$Incidence, T.Start=17:42, T.End=23:48, method="NonParametricSI",
     # the estimate of the instantaneous reproduction number over the 7-day window finishing on that day.
    
    Rd file 'SARS2003.Rd':
     \examples lines wider than 100 characters:
     EstimateR(SARS2003$Incidence, T.Start=14:101, T.End=20:107, method="NonParametricSI",
     # the estimate of the instantaneous reproduction number over the 7-day window finishing on that day.
    
    Rd file 'Smallpox1972.Rd':
     \examples lines wider than 100 characters:
     EstimateR(Smallpox1972$Incidence, T.Start=27:51, T.End=33:57, method="NonParametricSI",
     # the estimate of the instantaneous reproduction number over the 7-day window finishing on that day.
    
    These lines will be truncated in the PDF manual.
Flavors: r-devel-linux-x86_64-fedora-clang, r-devel-linux-x86_64-fedora-gcc