CRAN Package Check Results for Package EpiEstim

Last updated on 2015-04-27 11:48:37.

Flavor Version Tinstall Tcheck Ttotal Status Flags
r-devel-linux-x86_64-debian-clang 1.1-2 0.60 11.55 12.15 NOTE
r-devel-linux-x86_64-debian-gcc 1.1-2 0.62 11.60 12.22 NOTE
r-devel-linux-x86_64-fedora-clang 1.1-2 22.77 NOTE
r-devel-linux-x86_64-fedora-gcc 1.1-2 22.50 NOTE
r-devel-osx-x86_64-clang 1.1-2 26.05 NOTE
r-devel-windows-ix86+x86_64 1.1-2 3.00 18.00 21.00 NOTE
r-patched-linux-x86_64 1.1-2 0.59 11.30 11.89 NOTE
r-patched-solaris-sparc 1.1-2 153.20 NOTE
r-patched-solaris-x86 1.1-2 32.00 NOTE
r-release-linux-x86_64 1.1-2 0.61 11.08 11.69 NOTE
r-release-osx-x86_64-mavericks 1.1-2 NOTE
r-release-osx-x86_64-snowleopard 1.1-2 NOTE
r-release-windows-ix86+x86_64 1.1-2 1.00 22.00 23.00 NOTE
r-oldrel-windows-ix86+x86_64 1.1-2 5.00 27.00 32.00 OK

Check Details

Version: 1.1-2
Check: DESCRIPTION meta-information
Result: NOTE
    Malformed Title field: should not end in a period.
Flavors: r-devel-linux-x86_64-debian-clang, r-devel-linux-x86_64-debian-gcc, r-devel-linux-x86_64-fedora-clang, r-devel-linux-x86_64-fedora-gcc, r-devel-osx-x86_64-clang, r-devel-windows-ix86+x86_64, r-patched-solaris-sparc, r-patched-solaris-x86, r-release-linux-x86_64, r-release-osx-x86_64-mavericks, r-release-osx-x86_64-snowleopard, r-release-windows-ix86+x86_64

Version: 1.1-2
Check: top-level files
Result: NOTE
    Non-standard file/directory found at top level:
     ‘sync.x64.ffs_db’
Flavors: r-devel-linux-x86_64-debian-clang, r-devel-linux-x86_64-debian-gcc, r-devel-linux-x86_64-fedora-clang, r-devel-linux-x86_64-fedora-gcc, r-release-linux-x86_64

Version: 1.1-2
Check: Rd line widths
Result: NOTE
    Rd file 'Flu1918.Rd':
     \examples lines wider than 100 characters:
     # the estimate of the instantaneous reproduction number over the 7-day window finishing on that day.
    
    Rd file 'Flu2009.Rd':
     \examples lines wider than 100 characters:
     # the estimate of the instantaneous reproduction number over the 7-day window finishing on that day.
    
    Rd file 'Measles1861.Rd':
     \examples lines wider than 100 characters:
     EstimateR(Measles1861$Incidence, T.Start=17:42, T.End=23:48, method="NonParametricSI",
     # the estimate of the instantaneous reproduction number over the 7-day window finishing on that day.
    
    Rd file 'SARS2003.Rd':
     \examples lines wider than 100 characters:
     EstimateR(SARS2003$Incidence, T.Start=14:101, T.End=20:107, method="NonParametricSI",
     # the estimate of the instantaneous reproduction number over the 7-day window finishing on that day.
    
    Rd file 'Smallpox1972.Rd':
     \examples lines wider than 100 characters:
     EstimateR(Smallpox1972$Incidence, T.Start=27:51, T.End=33:57, method="NonParametricSI",
     # the estimate of the instantaneous reproduction number over the 7-day window finishing on that day.
    
    These lines will be truncated in the PDF manual.
Flavors: r-devel-linux-x86_64-debian-clang, r-devel-linux-x86_64-debian-gcc, r-devel-linux-x86_64-fedora-clang, r-devel-linux-x86_64-fedora-gcc, r-release-linux-x86_64