CRAN Package Check Results for Package EpiEstim

Last updated on 2015-03-29 09:49:12.

Flavor Version Tinstall Tcheck Ttotal Status Flags
r-devel-linux-x86_64-debian-clang 1.1-2 0.58 11.30 11.88 NOTE
r-devel-linux-x86_64-debian-gcc 1.1-2 0.58 11.35 11.92 NOTE
r-devel-linux-x86_64-fedora-clang 1.1-2 22.71 NOTE
r-devel-linux-x86_64-fedora-gcc 1.1-2 21.19 NOTE
r-devel-osx-x86_64-clang 1.1-2 28.52 NOTE
r-prerel-windows-ix86+x86_64 1.1-2 4.00 20.00 24.00 NOTE
r-prerel-linux-x86_64 1.1-2 0.66 11.38 12.04 NOTE
r-prerel-solaris-sparc 1.1-2 153.20 NOTE
r-prerel-solaris-x86 1.1-2 32.70 NOTE
r-release-linux-x86_64 1.1-2 0.64 12.10 12.74 NOTE
r-release-osx-x86_64-mavericks 1.1-2 OK
r-release-windows-ix86+x86_64 1.1-2 5.00 27.00 32.00 OK
r-oldrel-windows-ix86+x86_64 1.1-2 2.00 19.00 21.00 OK

Check Details

Version: 1.1-2
Check: DESCRIPTION meta-information
Result: NOTE
    Malformed Title field: should not end in a period.
Flavors: r-devel-linux-x86_64-debian-clang, r-devel-linux-x86_64-debian-gcc, r-devel-linux-x86_64-fedora-clang, r-devel-linux-x86_64-fedora-gcc, r-devel-osx-x86_64-clang, r-prerel-windows-ix86+x86_64, r-prerel-linux-x86_64, r-prerel-solaris-sparc, r-prerel-solaris-x86

Version: 1.1-2
Check: top-level files
Result: NOTE
    Non-standard file/directory found at top level:
     ‘sync.x64.ffs_db’
Flavors: r-devel-linux-x86_64-debian-clang, r-devel-linux-x86_64-debian-gcc, r-devel-linux-x86_64-fedora-clang, r-devel-linux-x86_64-fedora-gcc, r-prerel-linux-x86_64, r-release-linux-x86_64

Version: 1.1-2
Check: Rd line widths
Result: NOTE
    Rd file 'Flu1918.Rd':
     \examples lines wider than 100 characters:
     # the estimate of the instantaneous reproduction number over the 7-day window finishing on that day.
    
    Rd file 'Flu2009.Rd':
     \examples lines wider than 100 characters:
     # the estimate of the instantaneous reproduction number over the 7-day window finishing on that day.
    
    Rd file 'Measles1861.Rd':
     \examples lines wider than 100 characters:
     EstimateR(Measles1861$Incidence, T.Start=17:42, T.End=23:48, method="NonParametricSI",
     # the estimate of the instantaneous reproduction number over the 7-day window finishing on that day.
    
    Rd file 'SARS2003.Rd':
     \examples lines wider than 100 characters:
     EstimateR(SARS2003$Incidence, T.Start=14:101, T.End=20:107, method="NonParametricSI",
     # the estimate of the instantaneous reproduction number over the 7-day window finishing on that day.
    
    Rd file 'Smallpox1972.Rd':
     \examples lines wider than 100 characters:
     EstimateR(Smallpox1972$Incidence, T.Start=27:51, T.End=33:57, method="NonParametricSI",
     # the estimate of the instantaneous reproduction number over the 7-day window finishing on that day.
    
    These lines will be truncated in the PDF manual.
Flavors: r-devel-linux-x86_64-debian-clang, r-devel-linux-x86_64-debian-gcc, r-devel-linux-x86_64-fedora-clang, r-devel-linux-x86_64-fedora-gcc, r-prerel-linux-x86_64, r-release-linux-x86_64