CRAN Package Check Results for Package EpiModel

Last updated on 2015-03-04 19:50:15.

Flavor Version Tinstall Tcheck Ttotal Status Flags
r-devel-linux-x86_64-debian-clang 1.1.3 4.24 95.76 100.00 OK
r-devel-linux-x86_64-debian-gcc 1.1.3 3.94 97.22 101.16 OK
r-devel-linux-x86_64-fedora-clang 1.1.3 196.35 OK
r-devel-linux-x86_64-fedora-gcc 1.1.3 185.71 OK
r-devel-osx-x86_64-clang 1.1.3 166.08 OK
r-devel-windows-ix86+x86_64 1.1.3 13.00 140.00 153.00 NOTE
r-patched-linux-x86_64 1.1.3 5.80 116.43 122.23 OK
r-patched-solaris-sparc 1.1.3 1384.00 OK --no-vignettes
r-patched-solaris-x86 1.1.3 322.80 OK
r-release-linux-ix86 1.1.3 6.77 133.44 140.21 OK
r-release-linux-x86_64 1.1.3 5.84 119.20 125.04 OK
r-release-osx-x86_64-mavericks 1.1.3 NOTE
r-release-osx-x86_64-snowleopard 1.1.3 OK
r-release-windows-ix86+x86_64 1.1.3 20.00 170.00 190.00 NOTE
r-oldrel-windows-ix86+x86_64 1.1.3 19.00 169.00 188.00 NOTE

Check Details

Version: 1.1.3
Check: package dependencies
Result: NOTE
    Package suggested but not available for checking: 'doMPI'
Flavors: r-devel-windows-ix86+x86_64, r-release-osx-x86_64-mavericks, r-release-windows-ix86+x86_64, r-oldrel-windows-ix86+x86_64