CRAN Package Check Results for Package EpiModel

Last updated on 2022-12-04 02:49:15 CET.

Flavor Version Tinstall Tcheck Ttotal Status Flags
r-devel-linux-x86_64-debian-clang 2.3.1 43.24 391.65 434.89 OK
r-devel-linux-x86_64-debian-gcc 2.3.1 34.11 281.76 315.87 OK
r-devel-linux-x86_64-fedora-clang 2.3.1 579.20 OK
r-devel-linux-x86_64-fedora-gcc 2.3.1 564.16 OK
r-devel-windows-x86_64 2.3.1 143.00 471.00 614.00 NOTE
r-patched-linux-x86_64 2.3.1 51.47 356.71 408.18 OK
r-release-linux-x86_64 2.3.1 37.26 348.45 385.71 OK
r-release-macos-arm64 2.3.1 139.00 OK
r-release-macos-x86_64 2.3.1 188.00 OK
r-release-windows-x86_64 2.3.1 114.00 445.00 559.00 NOTE
r-oldrel-macos-arm64 2.3.1 143.00 OK
r-oldrel-macos-x86_64 2.3.1 195.00 OK
r-oldrel-windows-ix86+x86_64 2.3.1 99.00 663.00 762.00 NOTE

Check Details

Version: 2.3.1
Check: installed package size
Result: NOTE
     installed size is 5.0Mb
     sub-directories of 1Mb or more:
     doc 2.8Mb
     libs 1.0Mb
Flavors: r-devel-windows-x86_64, r-release-windows-x86_64, r-oldrel-windows-ix86+x86_64