CRAN Package Check Results for Package EpiModel

Last updated on 2014-09-03 08:53:28.

Flavor Version Tinstall Tcheck Ttotal Status Flags
r-devel-linux-x86_64-debian-clang 1.0.2 4.67 95.76 100.43 OK
r-devel-linux-x86_64-debian-gcc 1.0.2 4.82 90.53 95.35 OK
r-devel-linux-x86_64-fedora-clang 1.0.2 223.57 OK
r-devel-linux-x86_64-fedora-gcc 1.0.2 211.71 OK
r-devel-osx-x86_64-clang 1.0.2 175.66 OK
r-devel-windows-ix86+x86_64 1.0.2 14.00 130.00 144.00 OK
r-patched-linux-x86_64 1.0.2 4.79 99.28 104.07 OK
r-patched-solaris-sparc 1.0.2 1064.20 OK --no-vignettes
r-patched-solaris-x86 1.0.2 280.90 OK
r-release-linux-ix86 1.0.2 6.00 121.10 127.10 OK
r-release-linux-x86_64 1.0.2 5.12 96.73 101.85 OK
r-release-osx-x86_64-mavericks 1.0.2 NOTE
r-release-osx-x86_64-snowleopard 1.0.2 OK
r-release-windows-ix86+x86_64 1.0.2 14.00 140.00 154.00 OK
r-oldrel-windows-ix86+x86_64 1.0.2 13.00 142.00 155.00 OK

Check Details

Version: 1.0.2
Check: re-building of vignette outputs
Result: NOTE
    Error in re-building vignettes:
     ...
    Warning: running command 'kpsewhich framed.sty' had status 1
    Warning in test_latex_pkg("framed", system.file("misc", "framed.sty", package = "knitr")) :
     unable to find LaTeX package 'framed'; will use a copy from knitr
    Error in texi2dvi(file = file, pdf = TRUE, clean = clean, quiet = quiet, :
     Running 'texi2dvi' on 'Intro.tex' failed.
    LaTeX errors:
    ! LaTeX Error: File `titling.sty' not found.
    
    Type X to quit or <RETURN> to proceed,
    or enter new name. (Default extension: sty)
    
    n_test/EpiModel/vignettes/Intro.tex:72: ==> Fatal error occurred, no output PD
    F file produced!
    Calls: buildVignettes -> texi2pdf -> texi2dvi
    Execution halted
Flavor: r-release-osx-x86_64-mavericks