CRAN Package Check Results for Package EpiModel

Last updated on 2019-10-16 19:46:20 CEST.

Flavor Version Tinstall Tcheck Ttotal Status Flags
r-devel-linux-x86_64-debian-clang 1.7.3 20.40 225.83 246.23 OK
r-devel-linux-x86_64-debian-gcc 1.7.3 17.51 172.72 190.23 OK
r-devel-linux-x86_64-fedora-clang 1.7.3 290.51 OK
r-devel-linux-x86_64-fedora-gcc 1.7.3 284.27 OK
r-devel-windows-ix86+x86_64 1.7.3 57.00 480.00 537.00 OK
r-patched-linux-x86_64 1.7.3 22.40 220.36 242.76 OK
r-patched-solaris-x86 1.7.3 423.70 OK
r-release-linux-x86_64 1.7.3 18.45 216.38 234.83 OK
r-release-windows-ix86+x86_64 1.7.3 35.00 356.00 391.00 OK
r-release-osx-x86_64 1.7.3 OK
r-oldrel-windows-ix86+x86_64 1.7.3 29.00 126.00 155.00 ERROR
r-oldrel-osx-x86_64 1.7.3 ERROR

Check Details

Version: 1.7.3
Check: loading without being on the library search path
Result: WARN
    Loading required package: deSolve
    Loading required package: networkDynamic
    Loading required package: network
    Loading required package: utils
    network: Classes for Relational Data
    Version 1.15 created on 2019-04-01.
    copyright (c) 2005, Carter T. Butts, University of California-Irvine
     Mark S. Handcock, University of California -- Los Angeles
     David R. Hunter, Penn State University
     Martina Morris, University of Washington
     Skye Bender-deMoll, University of Washington
     For citation information, type citation("network").
     Type help("network-package") to get started.
    
    
    networkDynamic: version 0.10.0, created on 2019-04-04
    Copyright (c) 2019, Carter T. Butts, University of California -- Irvine
     Ayn Leslie-Cook, University of Washington
     Pavel N. Krivitsky, University of Wollongong
     Skye Bender-deMoll, University of Washington
     with contributions from
     Zack Almquist, University of California -- Irvine
     David R. Hunter, Penn State University
     Li Wang
     Kirk Li, University of Washington
     Steven M. Goodreau, University of Washington
     Jeffrey Horner
     Martina Morris, University of Washington
    Based on "statnet" project software (statnet.org).
    For license and citation information see statnet.org/attribution
    or type citation("networkDynamic").
    
    Loading required package: tergm
    Loading required package: ergm
    Error: package or namespace load failed for 'ergm' in loadNamespace(j <- i[[1L]], c(lib.loc, .libPaths()), versionCheck = vI[[j]]):
     namespace 'Matrix' 1.2-15 is being loaded, but >= 1.2.17 is required
    Error: package 'ergm' could not be loaded
    Execution halted
    
    It looks like this package has a loading problem when not on .libPaths:
    see the messages for details.
Flavors: r-oldrel-windows-ix86+x86_64, r-oldrel-windows-ix86+x86_64

Version: 1.7.3
Check: running examples for arch ‘i386’
Result: ERROR
    Running examples in 'EpiModel-Ex.R' failed
    The error occurred in:
    
    
    R version 3.5.3 (2019-03-11) -- "Great Truth"
    Copyright (C) 2019 The R Foundation for Statistical Computing
    Platform: i386-w64-mingw32/i386 (32-bit)
    
    R is free software and comes with ABSOLUTELY NO WARRANTY.
    You are welcome to redistribute it under certain conditions.
    Type 'license()' or 'licence()' for distribution details.
    
     Natural language support but running in an English locale
    
    R is a collaborative project with many contributors.
    Type 'contributors()' for more information and
    'citation()' on how to cite R or R packages in publications.
    
    Type 'demo()' for some demos, 'help()' for on-line help, or
    'help.start()' for an HTML browser interface to help.
    Type 'q()' to quit R.
    
    > pkgname <- "EpiModel"
    > source(file.path(R.home("share"), "R", "examples-header.R"))
    > options(warn = 1)
    > options(pager = "console")
    > library('EpiModel')
    Loading required package: deSolve
    Loading required package: networkDynamic
    Loading required package: network
    network: Classes for Relational Data
    Version 1.15 created on 2019-04-01.
    copyright (c) 2005, Carter T. Butts, University of California-Irvine
     Mark S. Handcock, University of California -- Los Angeles
     David R. Hunter, Penn State University
     Martina Morris, University of Washington
     Skye Bender-deMoll, University of Washington
     For citation information, type citation("network").
     Type help("network-package") to get started.
    
    
    networkDynamic: version 0.10.0, created on 2019-04-04
    Copyright (c) 2019, Carter T. Butts, University of California -- Irvine
     Ayn Leslie-Cook, University of Washington
     Pavel N. Krivitsky, University of Wollongong
     Skye Bender-deMoll, University of Washington
     with contributions from
     Zack Almquist, University of California -- Irvine
     David R. Hunter, Penn State University
     Li Wang
     Kirk Li, University of Washington
     Steven M. Goodreau, University of Washington
     Jeffrey Horner
     Martina Morris, University of Washington
    Based on "statnet" project software (statnet.org).
    For license and citation information see statnet.org/attribution
    or type citation("networkDynamic").
    
    Loading required package: tergm
    Loading required package: ergm
    Error: package or namespace load failed for 'ergm' in loadNamespace(j <- i[[1L]], c(lib.loc, .libPaths()), versionCheck = vI[[j]]):
     namespace 'Matrix' 1.2-15 is being loaded, but >= 1.2.17 is required
    Error: package 'ergm' could not be loaded
    Execution halted
Flavor: r-oldrel-windows-ix86+x86_64

Version: 1.7.3
Check: running examples for arch ‘x64’
Result: ERROR
    Running examples in 'EpiModel-Ex.R' failed
    The error occurred in:
    
    
    R version 3.5.3 (2019-03-11) -- "Great Truth"
    Copyright (C) 2019 The R Foundation for Statistical Computing
    Platform: x86_64-w64-mingw32/x64 (64-bit)
    
    R is free software and comes with ABSOLUTELY NO WARRANTY.
    You are welcome to redistribute it under certain conditions.
    Type 'license()' or 'licence()' for distribution details.
    
     Natural language support but running in an English locale
    
    R is a collaborative project with many contributors.
    Type 'contributors()' for more information and
    'citation()' on how to cite R or R packages in publications.
    
    Type 'demo()' for some demos, 'help()' for on-line help, or
    'help.start()' for an HTML browser interface to help.
    Type 'q()' to quit R.
    
    > pkgname <- "EpiModel"
    > source(file.path(R.home("share"), "R", "examples-header.R"))
    > options(warn = 1)
    > options(pager = "console")
    > library('EpiModel')
    Loading required package: deSolve
    Loading required package: networkDynamic
    Loading required package: network
    network: Classes for Relational Data
    Version 1.15 created on 2019-04-01.
    copyright (c) 2005, Carter T. Butts, University of California-Irvine
     Mark S. Handcock, University of California -- Los Angeles
     David R. Hunter, Penn State University
     Martina Morris, University of Washington
     Skye Bender-deMoll, University of Washington
     For citation information, type citation("network").
     Type help("network-package") to get started.
    
    
    networkDynamic: version 0.10.0, created on 2019-04-04
    Copyright (c) 2019, Carter T. Butts, University of California -- Irvine
     Ayn Leslie-Cook, University of Washington
     Pavel N. Krivitsky, University of Wollongong
     Skye Bender-deMoll, University of Washington
     with contributions from
     Zack Almquist, University of California -- Irvine
     David R. Hunter, Penn State University
     Li Wang
     Kirk Li, University of Washington
     Steven M. Goodreau, University of Washington
     Jeffrey Horner
     Martina Morris, University of Washington
    Based on "statnet" project software (statnet.org).
    For license and citation information see statnet.org/attribution
    or type citation("networkDynamic").
    
    Loading required package: tergm
    Loading required package: ergm
    Error: package or namespace load failed for 'ergm' in loadNamespace(j <- i[[1L]], c(lib.loc, .libPaths()), versionCheck = vI[[j]]):
     namespace 'Matrix' 1.2-15 is being loaded, but >= 1.2.17 is required
    Error: package 'ergm' could not be loaded
    Execution halted
Flavor: r-oldrel-windows-ix86+x86_64

Version: 1.7.3
Check: running tests for arch ‘i386’
Result: ERROR
     Running 'test-all.R' [1s]
    Running the tests in 'tests/test-all.R' failed.
    Complete output:
     > library(testthat)
     > test_check("EpiModel")
     Loading required package: EpiModel
     Loading required package: deSolve
     Loading required package: networkDynamic
     Loading required package: network
     network: Classes for Relational Data
     Version 1.15 created on 2019-04-01.
     copyright (c) 2005, Carter T. Butts, University of California-Irvine
     Mark S. Handcock, University of California -- Los Angeles
     David R. Hunter, Penn State University
     Martina Morris, University of Washington
     Skye Bender-deMoll, University of Washington
     For citation information, type citation("network").
     Type help("network-package") to get started.
    
    
     networkDynamic: version 0.10.0, created on 2019-04-04
     Copyright (c) 2019, Carter T. Butts, University of California -- Irvine
     Ayn Leslie-Cook, University of Washington
     Pavel N. Krivitsky, University of Wollongong
     Skye Bender-deMoll, University of Washington
     with contributions from
     Zack Almquist, University of California -- Irvine
     David R. Hunter, Penn State University
     Li Wang
     Kirk Li, University of Washington
     Steven M. Goodreau, University of Washington
     Jeffrey Horner
     Martina Morris, University of Washington
     Based on "statnet" project software (statnet.org).
     For license and citation information see statnet.org/attribution
     or type citation("networkDynamic").
    
     Loading required package: tergm
     Loading required package: ergm
     Error: package or namespace load failed for 'ergm' in loadNamespace(j <- i[[1L]], c(lib.loc, .libPaths()), versionCheck = vI[[j]]):
     namespace 'Matrix' 1.2-15 is being loaded, but >= 1.2.17 is required
     Failed with error: 'package 'ergm' could not be loaded'
     Error in loadNamespace(j <- i[[1L]], c(lib.loc, .libPaths()), versionCheck = vI[[j]]) :
     namespace 'Matrix' 1.2-15 is being loaded, but >= 1.2.17 is required
     Calls: test_check ... tryCatch -> tryCatchList -> tryCatchOne -> <Anonymous>
     Execution halted
Flavor: r-oldrel-windows-ix86+x86_64

Version: 1.7.3
Check: running tests for arch ‘x64’
Result: ERROR
     Running 'test-all.R' [1s]
    Running the tests in 'tests/test-all.R' failed.
    Complete output:
     > library(testthat)
     > test_check("EpiModel")
     Loading required package: EpiModel
     Loading required package: deSolve
     Loading required package: networkDynamic
     Loading required package: network
     network: Classes for Relational Data
     Version 1.15 created on 2019-04-01.
     copyright (c) 2005, Carter T. Butts, University of California-Irvine
     Mark S. Handcock, University of California -- Los Angeles
     David R. Hunter, Penn State University
     Martina Morris, University of Washington
     Skye Bender-deMoll, University of Washington
     For citation information, type citation("network").
     Type help("network-package") to get started.
    
    
     networkDynamic: version 0.10.0, created on 2019-04-04
     Copyright (c) 2019, Carter T. Butts, University of California -- Irvine
     Ayn Leslie-Cook, University of Washington
     Pavel N. Krivitsky, University of Wollongong
     Skye Bender-deMoll, University of Washington
     with contributions from
     Zack Almquist, University of California -- Irvine
     David R. Hunter, Penn State University
     Li Wang
     Kirk Li, University of Washington
     Steven M. Goodreau, University of Washington
     Jeffrey Horner
     Martina Morris, University of Washington
     Based on "statnet" project software (statnet.org).
     For license and citation information see statnet.org/attribution
     or type citation("networkDynamic").
    
     Loading required package: tergm
     Loading required package: ergm
     Error: package or namespace load failed for 'ergm' in loadNamespace(j <- i[[1L]], c(lib.loc, .libPaths()), versionCheck = vI[[j]]):
     namespace 'Matrix' 1.2-15 is being loaded, but >= 1.2.17 is required
     Failed with error: 'package 'ergm' could not be loaded'
     Error in loadNamespace(j <- i[[1L]], c(lib.loc, .libPaths()), versionCheck = vI[[j]]) :
     namespace 'Matrix' 1.2-15 is being loaded, but >= 1.2.17 is required
     Calls: test_check ... tryCatch -> tryCatchList -> tryCatchOne -> <Anonymous>
     Execution halted
Flavor: r-oldrel-windows-ix86+x86_64

Version: 1.7.3
Check: package dependencies
Result: ERROR
    Package required and available but unsuitable version: ‘ergm’
    
    See section ‘The DESCRIPTION file’ in the ‘Writing R Extensions’
    manual.
Flavor: r-oldrel-osx-x86_64