CRAN Package Check Results for Package EpiModel

Last updated on 2014-11-25 23:46:44.

Flavor Version Tinstall Tcheck Ttotal Status Flags
r-devel-linux-x86_64-debian-clang 1.1.1 5.11 105.06 110.17 OK
r-devel-linux-x86_64-debian-gcc 1.1.1 5.76 107.51 113.27 OK
r-devel-linux-x86_64-fedora-clang 1.1.1 251.55 OK
r-devel-linux-x86_64-fedora-gcc 1.1.1 231.40 OK
r-devel-osx-x86_64-clang 1.1.1 191.11 OK
r-devel-windows-ix86+x86_64 1.1.1 16.00 144.00 160.00 NOTE
r-patched-linux-x86_64 1.1.1 5.23 107.33 112.56 OK
r-patched-solaris-sparc 1.1.1 1251.20 OK --no-vignettes
r-patched-solaris-x86 1.1.1 309.00 OK
r-release-linux-ix86 1.1.1 6.12 128.47 134.58 OK
r-release-linux-x86_64 1.1.1 5.46 111.41 116.86 OK
r-release-osx-x86_64-mavericks 1.1.1 NOTE
r-release-osx-x86_64-snowleopard 1.1.1 OK
r-release-windows-ix86+x86_64 1.1.1 18.00 143.00 161.00 NOTE
r-oldrel-windows-ix86+x86_64 1.1.1 14.00 156.00 170.00 NOTE

Check Details

Version: 1.1.1
Check: package dependencies
Result: NOTE
    Package suggested but not available for checking: 'doMPI'
Flavors: r-devel-windows-ix86+x86_64, r-release-osx-x86_64-mavericks, r-release-windows-ix86+x86_64, r-oldrel-windows-ix86+x86_64