CRAN Package Check Results for Package EpiModel

Last updated on 2019-08-23 02:47:27 CEST.

Flavor Version Tinstall Tcheck Ttotal Status Flags
r-devel-linux-x86_64-debian-clang 1.7.2 20.95 220.42 241.37 OK
r-devel-linux-x86_64-debian-gcc 1.7.2 19.66 172.92 192.58 OK
r-devel-linux-x86_64-fedora-clang 1.7.2 279.27 OK
r-devel-linux-x86_64-fedora-gcc 1.7.2 277.85 OK
r-devel-windows-ix86+x86_64 1.7.2 57.00 490.00 547.00 OK
r-patched-linux-x86_64 1.7.2 20.28 222.46 242.74 OK
r-patched-solaris-x86 1.7.2 439.10 OK
r-release-linux-x86_64 1.7.2 20.06 221.50 241.56 OK
r-release-windows-ix86+x86_64 1.7.2 59.00 470.00 529.00 OK
r-release-osx-x86_64 1.7.2 OK
r-oldrel-windows-ix86+x86_64 1.7.2 22.00 7.00 29.00 ERROR
r-oldrel-osx-x86_64 1.7.2 OK

Check Details

Version: 1.7.2
Check: whether package can be installed
Result: ERROR
    Installation failed.
Flavor: r-oldrel-windows-ix86+x86_64