Last updated on 2023-03-21 12:50:35 CET.
Flavor | Version | Tinstall | Tcheck | Ttotal | Status | Flags |
---|---|---|---|---|---|---|
r-devel-linux-x86_64-debian-clang | 2.3.2 | 46.94 | 463.69 | 510.63 | OK | |
r-devel-linux-x86_64-debian-gcc | 2.3.2 | 35.77 | 340.74 | 376.51 | OK | |
r-devel-linux-x86_64-fedora-clang | 2.3.2 | 630.87 | OK | |||
r-devel-linux-x86_64-fedora-gcc | 2.3.2 | 612.40 | OK | |||
r-devel-windows-x86_64 | 2.3.2 | 140.00 | 551.00 | 691.00 | OK | |
r-patched-linux-x86_64 | 2.3.2 | 55.58 | 431.09 | 486.67 | OK | |
r-release-linux-x86_64 | 2.3.2 | 35.30 | 429.84 | 465.14 | OK | |
r-release-macos-arm64 | 2.3.2 | 121.00 | OK | |||
r-release-macos-x86_64 | 2.3.2 | 211.00 | OK | |||
r-release-windows-x86_64 | 2.3.2 | 137.00 | 551.00 | 688.00 | OK | |
r-oldrel-macos-arm64 | 2.3.2 | 135.00 | OK | |||
r-oldrel-macos-x86_64 | 2.3.2 | 212.00 | OK | |||
r-oldrel-windows-ix86+x86_64 | 2.3.2 | 102.00 | 835.00 | 937.00 | NOTE |
Version: 2.3.2
Check: installed package size
Result: NOTE
installed size is 6.0Mb
sub-directories of 1Mb or more:
doc 2.8Mb
libs 2.0Mb
Flavor: r-oldrel-windows-ix86+x86_64