CRAN Package Check Results for Package EpiModel

Last updated on 2014-12-19 09:50:54.

Flavor Version Tinstall Tcheck Ttotal Status Flags
r-devel-linux-x86_64-debian-clang 1.1.2 5.80 110.72 116.51 OK
r-devel-linux-x86_64-debian-gcc 1.1.2 4.99 107.00 111.99 OK
r-devel-linux-x86_64-fedora-clang 1.1.2 241.42 OK
r-devel-linux-x86_64-fedora-gcc 1.1.2 219.81 OK
r-devel-osx-x86_64-clang 1.1.2 194.46 OK
r-devel-windows-ix86+x86_64 1.1.2 20.00 150.00 170.00 NOTE
r-patched-linux-x86_64 1.1.2 5.34 110.22 115.56 OK
r-patched-solaris-sparc 1.1.2 1264.80 OK --no-vignettes
r-patched-solaris-x86 1.1.2 305.40 OK
r-release-linux-ix86 1.1.2 6.16 130.83 136.99 OK
r-release-linux-x86_64 1.1.2 5.23 113.90 119.13 OK
r-release-osx-x86_64-mavericks 1.1.2 NOTE
r-release-osx-x86_64-snowleopard 1.1.2 OK
r-release-windows-ix86+x86_64 1.1.2 18.00 160.00 178.00 NOTE
r-oldrel-windows-ix86+x86_64 1.1.2 16.00 163.00 179.00 NOTE

Check Details

Version: 1.1.2
Check: package dependencies
Result: NOTE
    Package suggested but not available for checking: 'doMPI'
Flavors: r-devel-windows-ix86+x86_64, r-release-osx-x86_64-mavericks, r-release-windows-ix86+x86_64, r-oldrel-windows-ix86+x86_64