CRAN Package Check Results for Package EpiModel

Last updated on 2014-08-20 21:47:25.

Flavor Version Tinstall Tcheck Ttotal Status Flags
r-devel-linux-x86_64-debian-clang 1.0.1 4.88 90.92 95.80 OK
r-devel-linux-x86_64-debian-gcc 1.0.1 4.54 89.65 94.19 OK
r-devel-linux-x86_64-fedora-clang 1.0.1 257.29 OK
r-devel-linux-x86_64-fedora-gcc 1.0.1 203.54 OK
r-devel-osx-x86_64-clang 1.0.1 165.35 OK
r-devel-windows-ix86+x86_64 1.0.1 12.00 126.00 138.00 OK
r-patched-linux-x86_64 1.0.1 6.74 91.99 98.73 OK
r-patched-solaris-sparc 1.0.1 1080.40 OK --no-vignettes
r-patched-solaris-x86 1.0.1 267.50 OK
r-release-linux-ix86 1.0.1 5.87 129.51 135.38 OK
r-release-linux-x86_64 1.0.1 4.85 92.39 97.24 OK
r-release-osx-x86_64-mavericks 1.0.1 NOTE
r-release-osx-x86_64-snowleopard 1.0.1 OK
r-release-windows-ix86+x86_64 1.0.1 16.00 138.00 154.00 OK
r-oldrel-windows-ix86+x86_64 1.0.1 15.00 133.00 148.00 OK

Check Details

Version: 1.0.1
Check: re-building of vignette outputs
Result: NOTE
    Error in re-building vignettes:
     ...
    Warning: running command 'kpsewhich framed.sty' had status 1
    Warning in test_latex_pkg("framed", system.file("misc", "framed.sty", package = "knitr")) :
     unable to find LaTeX package 'framed'; will use a copy from knitr
    Error in texi2dvi(file = file, pdf = TRUE, clean = clean, quiet = quiet, :
     Running 'texi2dvi' on 'Intro.tex' failed.
    LaTeX errors:
    ! LaTeX Error: File `titling.sty' not found.
    
    Type X to quit or <RETURN> to proceed,
    or enter new name. (Default extension: sty)
    
    n_test/EpiModel/vignettes/Intro.tex:72: ==> Fatal error occurred, no output PD
    F file produced!
    Calls: buildVignettes -> texi2pdf -> texi2dvi
    Execution halted
Flavor: r-release-osx-x86_64-mavericks