CRAN Package Check Results for Package EpiModel

Last updated on 2014-07-30 03:48:19.

Flavor Version Tinstall Tcheck Ttotal Status Flags
r-devel-linux-x86_64-debian-clang 1.0.1 5.43 92.99 98.42 OK
r-devel-linux-x86_64-debian-gcc 1.0.1 4.95 92.02 96.97 OK
r-devel-linux-x86_64-fedora-clang 1.0.1 145.11 OK
r-devel-linux-x86_64-fedora-gcc 1.0.1 141.00 OK
r-devel-osx-x86_64-clang 1.0.1 108.35 OK
r-devel-windows-ix86+x86_64 1.0.1 15.00 138.00 153.00 OK
r-patched-linux-x86_64 1.0 4.74 76.97 81.70 OK
r-patched-solaris-sparc 1.0 860.20 OK --no-vignettes
r-patched-solaris-x86 1.0.1 231.20 OK
r-release-linux-ix86 1.0 5.70 92.11 97.82 OK
r-release-linux-x86_64 1.0 4.80 76.05 80.85 OK
r-release-osx-x86_64-mavericks 1.0 NOTE
r-release-osx-x86_64-snowleopard 1.0.1 OK
r-release-windows-ix86+x86_64 1.0.1 16.00 129.00 145.00 OK
r-oldrel-windows-ix86+x86_64 1.0 12.00 110.00 122.00 OK

Check Details

Version: 1.0
Check: re-building of vignette outputs
Result: NOTE
    Error in re-building vignettes:
     ...
    plot.netdx Plot Dynamic Network Model Diagnostics
    plot.netsim Plot Data from a Stochastic Network Epidemic
     Model
    summary.dcm Summary Model Statistics
    summary.icm Summary Model Statistics
    summary.netsim Summary Model Statistics
    
    Further information is available in the following vignettes in
    directory
    '/Builds/CRAN-QA-Simon/packages/mavericks-x86_64/results/3.1/EpiModel.Rcheck/EpiModel/doc':
    
    Intro: EpiModel Introduction (source, pdf)
    
    Error in texi2dvi(file = file, pdf = TRUE, clean = clean, quiet = quiet, :
     Running 'texi2dvi' on 'Intro.tex' failed.
    LaTeX errors:
    ! LaTeX Error: File `berasans.sty' not found.
    
    Type X to quit or <RETURN> to proceed,
    or enter new name. (Default extension: sty)
    
    n_test/EpiModel/vignettes/Intro.tex:60: ==> Fatal error occurred, no output PD
    F file produced!
    Calls: buildVignettes -> texi2pdf -> texi2dvi
    Execution halted
Flavor: r-release-osx-x86_64-mavericks