CRAN Package Check Results for Package EpiModel

Last updated on 2015-01-31 19:51:22.

Flavor Version Tinstall Tcheck Ttotal Status Flags
r-devel-linux-x86_64-debian-clang 1.1.3 4.20 92.94 97.13 OK
r-devel-linux-x86_64-debian-gcc 1.1.3 4.04 98.05 102.09 OK
r-devel-linux-x86_64-fedora-clang 1.1.3 236.37 OK
r-devel-linux-x86_64-fedora-gcc 1.1.3 214.51 OK
r-devel-osx-x86_64-clang 1.1.3 197.50 OK
r-devel-windows-ix86+x86_64 1.1.3 14.00 128.00 142.00 NOTE
r-patched-linux-x86_64 1.1.3 5.31 112.65 117.96 OK
r-patched-solaris-sparc 1.1.3 1232.90 OK --no-vignettes
r-patched-solaris-x86 1.1.3 310.90 OK
r-release-linux-ix86 1.1.3 6.32 133.92 140.24 OK
r-release-linux-x86_64 1.1.3 5.31 113.65 118.96 OK
r-release-osx-x86_64-mavericks 1.1.3 NOTE
r-release-osx-x86_64-snowleopard 1.1.3 OK
r-release-windows-ix86+x86_64 1.1.3 20.00 163.00 183.00 NOTE
r-oldrel-windows-ix86+x86_64 1.1.3 18.00 170.00 188.00 NOTE

Check Details

Version: 1.1.3
Check: package dependencies
Result: NOTE
    Package suggested but not available for checking: 'doMPI'
Flavors: r-devel-windows-ix86+x86_64, r-release-osx-x86_64-mavericks, r-release-windows-ix86+x86_64, r-oldrel-windows-ix86+x86_64