CRAN Package Check Results for Package EpiModel

Last updated on 2014-10-25 19:47:35.

Flavor Version Tinstall Tcheck Ttotal Status Flags
r-devel-linux-x86_64-debian-clang 1.1 5.16 96.97 102.13 OK
r-devel-linux-x86_64-debian-gcc 1.1 5.08 96.54 101.62 OK
r-devel-linux-x86_64-fedora-clang 1.1 227.67 OK
r-devel-linux-x86_64-fedora-gcc 1.1 217.19 OK
r-devel-osx-x86_64-clang 1.1 183.29 OK
r-devel-windows-ix86+x86_64 1.1 12.00 136.00 148.00 NOTE
r-patched-linux-x86_64 1.1 5.31 100.98 106.29 OK
r-patched-solaris-sparc 1.1 1149.40 OK --no-vignettes
r-patched-solaris-x86 1.1 295.60 OK
r-release-linux-ix86 1.1 6.38 124.96 131.34 OK
r-release-linux-x86_64 1.1 5.28 109.15 114.42 OK
r-release-osx-x86_64-mavericks 1.1 NOTE
r-release-osx-x86_64-snowleopard 1.1 OK
r-release-windows-ix86+x86_64 1.1 17.00 148.00 165.00 NOTE
r-oldrel-windows-ix86+x86_64 1.1 15.00 151.00 166.00 NOTE

Check Details

Version: 1.1
Check: package dependencies
Result: NOTE
    Package suggested but not available for checking: 'doMPI'
Flavors: r-devel-windows-ix86+x86_64, r-release-osx-x86_64-mavericks, r-release-windows-ix86+x86_64, r-oldrel-windows-ix86+x86_64

Version: 1.1
Check: re-building of vignette outputs
Result: NOTE
    Error in re-building vignettes:
     ...
    Warning: running command 'kpsewhich framed.sty' had status 1
    Warning in test_latex_pkg("framed", system.file("misc", "framed.sty", package = "knitr")) :
     unable to find LaTeX package 'framed'; will use a copy from knitr
    Error in texi2dvi(file = file, pdf = TRUE, clean = clean, quiet = quiet, :
     Running 'texi2dvi' on 'Intro.tex' failed.
    LaTeX errors:
    ! LaTeX Error: File `titling.sty' not found.
    
    Type X to quit or <RETURN> to proceed,
    or enter new name. (Default extension: sty)
    
    n_test/EpiModel/vignettes/Intro.tex:72: ==> Fatal error occurred, no output PD
    F file produced!
    Calls: buildVignettes -> texi2pdf -> texi2dvi
    Execution halted
Flavor: r-release-osx-x86_64-mavericks