Last updated on 2023-09-24 12:28:16 CEST.
Flavor | Version | Tinstall | Tcheck | Ttotal | Status | Flags |
---|---|---|---|---|---|---|
r-devel-linux-x86_64-debian-clang | 2.4.0 | 46.40 | 748.91 | 795.31 | OK | |
r-devel-linux-x86_64-debian-gcc | 2.4.0 | 35.02 | 543.26 | 578.28 | OK | |
r-devel-linux-x86_64-fedora-clang | 2.4.0 | 989.47 | OK | |||
r-devel-linux-x86_64-fedora-gcc | 2.4.0 | 1004.49 | OK | |||
r-devel-windows-x86_64 | 2.4.0 | 42.00 | 578.00 | 620.00 | NOTE | |
r-patched-linux-x86_64 | 2.4.0 | 50.02 | 713.66 | 763.68 | OK | |
r-release-linux-x86_64 | 2.4.0 | 41.72 | 717.68 | 759.40 | OK | |
r-release-macos-arm64 | 2.4.0 | 209.00 | OK | |||
r-release-macos-x86_64 | 2.4.0 | 462.00 | OK | |||
r-release-windows-x86_64 | 2.4.0 | 54.00 | 752.00 | 806.00 | NOTE | |
r-oldrel-macos-arm64 | 2.4.0 | 221.00 | OK | |||
r-oldrel-macos-x86_64 | 2.4.0 | 318.00 | OK | |||
r-oldrel-windows-x86_64 | 2.4.0 | 54.00 | 710.00 | 764.00 | NOTE |
Version: 2.4.0
Check: installed package size
Result: NOTE
installed size is 5.0Mb
sub-directories of 1Mb or more:
doc 2.8Mb
libs 1.0Mb
Flavors: r-devel-windows-x86_64, r-release-windows-x86_64, r-oldrel-windows-x86_64