CRAN Package Check Results for Package EpiModel

Last updated on 2015-07-03 16:47:17.

Flavor Version Tinstall Tcheck Ttotal Status Flags
r-devel-linux-x86_64-debian-clang 1.1.6 4.39 105.46 109.84 NOTE
r-devel-linux-x86_64-debian-gcc 1.1.6 4.00 103.62 107.62 NOTE
r-devel-linux-x86_64-fedora-clang 1.1.6 208.29 NOTE
r-devel-linux-x86_64-fedora-gcc 1.1.6 206.75 NOTE
r-devel-osx-x86_64-clang 1.1.6 183.84 OK
r-devel-windows-ix86+x86_64 1.1.6 13.00 148.00 161.00 NOTE
r-patched-linux-x86_64 1.1.6 4.11 104.38 108.48 OK
r-patched-solaris-sparc 1.1.6 1278.20 OK --no-vignettes
r-patched-solaris-x86 1.1.6 293.80 OK
r-release-linux-x86_64 1.1.6 4.08 102.71 106.79 OK
r-release-osx-x86_64-mavericks 1.1.6 OK
r-release-windows-ix86+x86_64 1.1.6 18.00 149.00 167.00 OK
r-oldrel-windows-ix86+x86_64 1.1.6 18.00 189.00 207.00 OK

Check Details

Version: 1.1.6
Check: R code for possible problems
Result: NOTE
    as.data.frame.icm: no visible binding for global variable ‘sd’
    births.icm: no visible global function definition for ‘rbinom’
    births.net: no visible global function definition for ‘rbinom’
    brewer_ramp: no visible global function definition for
     ‘colorRampPalette’
    calc_eql: no visible global function definition for ‘tail’
    calc_eql: no visible global function definition for ‘head’
    comp_plot.dcm: no visible global function definition for ‘par’
    comp_plot.dcm: no visible global function definition for ‘plot’
    comp_plot.dcm: no visible global function definition for ‘title’
    comp_plot.dcm: no visible global function definition for ‘mtext’
    comp_plot.icm: no visible global function definition for ‘par’
    comp_plot.icm: no visible global function definition for ‘plot’
    comp_plot.icm: no visible global function definition for ‘title’
    comp_plot.icm: no visible global function definition for ‘mtext’
    dcm: no visible global function definition for ‘setNames’
    deaths.icm: no visible global function definition for ‘rbinom’
    deaths.net: no visible global function definition for ‘rbinom’
    draw_means: no visible global function definition for ‘supsmu’
    draw_means: no visible global function definition for ‘lines’
    draw_qnts : <anonymous>: no visible global function definition for
     ‘quantile’
    draw_qnts: no visible global function definition for ‘polygon’
    get_formula_terms: no visible global function definition for
     ‘terms.formula’
    get_sims: no visible global function definition for ‘tail’
    harrow: no visible global function definition for ‘arrows’
    harrow: no visible global function definition for ‘text’
    infection.icm: no visible global function definition for ‘rbinom’
    infection.net: no visible global function definition for ‘rbinom’
    init_status.icm: no visible global function definition for ‘rgeom’
    init_status.net: no visible global function definition for ‘rgeom’
    initialize.net: no visible global function definition for ‘simulate’
    mbox: no visible global function definition for ‘polygon’
    mbox: no visible global function definition for ‘text’
    netdx: no visible global function definition for ‘simulate’
    netdx: no visible binding for global variable ‘sd’
    netdx: no visible global function definition for ‘sd’
    netest: no visible global function definition for ‘update’
    netest: no visible global function definition for ‘tail’
    netest: no visible global function definition for ‘simulate’
    plot.dcm: no visible global function definition for ‘plot’
    plot.dcm: no visible global function definition for ‘lines’
    plot.dcm: no visible global function definition for ‘legend’
    plot.icm: no visible global function definition for ‘plot’
    plot.icm: no visible global function definition for ‘lines’
    plot.icm: no visible global function definition for ‘legend’
    plot.netdx: no visible global function definition for ‘plot’
    plot.netdx : <anonymous>: no visible global function definition for
     ‘quantile’
    plot.netdx: no visible global function definition for ‘polygon’
    plot.netdx: no visible global function definition for ‘lines’
    plot.netdx: no visible global function definition for ‘supsmu’
    plot.netdx: no visible global function definition for ‘abline’
    plot.netdx: no visible global function definition for ‘legend’
    plot.netdx: no visible global function definition for ‘par’
    plot.netdx: no visible global function definition for ‘boxplot’
    plot.netdx: no visible global function definition for ‘points’
    plot.netsim: no visible global function definition for ‘plot’
    plot.netsim: no visible global function definition for ‘lines’
    plot.netsim: no visible global function definition for ‘abline’
    plot.netsim: no visible global function definition for ‘legend’
    plot.netsim: no visible global function definition for ‘par’
    recovery.icm: no visible global function definition for ‘rbinom’
    recovery.net: no visible global function definition for ‘rbinom’
    resim_nets: no visible global function definition for ‘simulate’
    resim_nets: no visible global function definition for ‘tail’
    sim_nets: no visible global function definition for ‘simulate’
    transco: no visible global function definition for ‘col2rgb’
    transco: no visible global function definition for ‘rgb’
    varrow: no visible global function definition for ‘arrows’
    varrow: no visible global function definition for ‘text’
    Undefined global functions or variables:
     abline arrows boxplot col2rgb colorRampPalette head legend lines
     mtext par plot points polygon quantile rbinom rgb rgeom sd setNames
     simulate supsmu tail terms.formula text title update
Flavors: r-devel-linux-x86_64-debian-clang, r-devel-linux-x86_64-debian-gcc, r-devel-linux-x86_64-fedora-clang, r-devel-linux-x86_64-fedora-gcc, r-devel-windows-ix86+x86_64