CRAN Package Check Results for Package EpiModel

Last updated on 2014-04-25 09:52:13.

Flavor Version Tinstall Tcheck Ttotal Status Flags
r-devel-linux-x86_64-debian-clang 0.95 5.18 595.24 600.43 OK
r-devel-linux-x86_64-debian-gcc 0.95 5.07 579.96 585.02 OK
r-devel-linux-x86_64-fedora-clang 0.95 1194.97 OK
r-devel-linux-x86_64-fedora-gcc 0.95 1158.23 OK
r-devel-osx-x86_64-clang 0.95 852.79 OK
r-devel-osx-x86_64-gcc 0.95 ERROR
r-devel-windows-ix86+x86_64 0.95 13.00 795.00 808.00 OK
r-patched-linux-x86_64 0.95 4.80 574.32 579.13 OK
r-patched-solaris-sparc 0.95 876.90 OK --no-vignettes
r-patched-solaris-x86 0.95 1319.10 OK
r-release-linux-ix86 0.95 8.00 783.00 791.00 OK
r-release-linux-x86_64 0.95 4.83 566.98 571.81 OK
r-release-osx-x86_64-mavericks 0.95 NOTE
r-release-osx-x86_64-snowleopard 0.95 OK
r-release-windows-ix86+x86_64 0.95 14.00 815.00 829.00 OK
r-oldrel-windows-ix86+x86_64 0.95 15.00 790.00 805.00 OK

Check Details

Version: 0.95
Check: package dependencies
Result: ERROR
    Package required but not available: ‘tergm’
    
    Package suggested but not available for checking: ‘knitr’
    
    Files named as vignettes but with no recognized vignette engine:
     ‘inst/doc/Tutorial.Rnw’
    (Is a VignetteBuilder field missing?)
    
    See the information on DESCRIPTION files in the chapter ‘Creating R
    packages’ of the ‘Writing R Extensions’ manual.
Flavor: r-devel-osx-x86_64-gcc

Version: 0.95
Check: re-building of vignette outputs
Result: NOTE
    Error in re-building vignettes:
     ...
    Warning: running command 'kpsewhich framed.sty' had status 1
    Warning in test_latex_pkg("framed", system.file("misc", "framed.sty", package = "knitr")) :
     unable to find LaTeX package 'framed'; will use a copy from knitr
    Error in texi2dvi(file = file, pdf = TRUE, clean = clean, quiet = quiet, :
     Running 'texi2dvi' on 'Tutorial.tex' failed.
    LaTeX errors:
    ! LaTeX Error: File `berasans.sty' not found.
    
    Type X to quit or <RETURN> to proceed,
    or enter new name. (Default extension: sty)
    
    n_test/EpiModel/vignettes/Tutorial.tex:61: ==> Fatal error occurred, no output
     PDF file produced!
    Calls: buildVignettes -> texi2pdf -> texi2dvi
    Execution halted
Flavor: r-release-osx-x86_64-mavericks