CRAN Package Check Results for Package EquiSurv

Last updated on 2024-03-03 08:52:32 CET.

Flavor Version Tinstall Tcheck Ttotal Status Flags
r-devel-linux-x86_64-debian-clang 0.1.0 6.58 105.11 111.69 NOTE
r-devel-linux-x86_64-debian-gcc 0.1.0 6.12 78.70 84.82 NOTE
r-devel-linux-x86_64-fedora-clang 0.1.0 136.20 NOTE
r-devel-linux-x86_64-fedora-gcc 0.1.0 132.27 NOTE
r-devel-windows-x86_64 0.1.0 8.00 91.00 99.00 NOTE
r-patched-linux-x86_64 0.1.0 7.15 104.01 111.16 NOTE
r-release-linux-x86_64 0.1.0 7.91 102.36 110.27 NOTE
r-release-macos-arm64 0.1.0 43.00 NOTE
r-release-macos-x86_64 0.1.0 73.00 NOTE
r-release-windows-x86_64 0.1.0 10.00 108.00 118.00 NOTE
r-oldrel-macos-arm64 0.1.0 39.00 NOTE
r-oldrel-windows-x86_64 0.1.0 10.00 111.00 121.00 NOTE

Check Details

Version: 0.1.0
Check: LazyData
Result: NOTE 'LazyData' is specified without a 'data' directory Flavors: r-devel-linux-x86_64-debian-clang, r-devel-linux-x86_64-debian-gcc, r-devel-linux-x86_64-fedora-clang, r-devel-linux-x86_64-fedora-gcc, r-devel-windows-x86_64, r-patched-linux-x86_64, r-release-linux-x86_64, r-release-macos-arm64, r-release-macos-x86_64, r-release-windows-x86_64, r-oldrel-macos-arm64, r-oldrel-windows-x86_64