CRAN Package Check Results for Package EquiSurv

Last updated on 2021-12-06 14:53:50 CET.

Flavor Version Tinstall Tcheck Ttotal Status Flags
r-devel-linux-x86_64-debian-clang 0.1.0 6.96 104.35 111.31 NOTE
r-devel-linux-x86_64-debian-gcc 0.1.0 6.51 81.32 87.83 NOTE
r-devel-linux-x86_64-fedora-clang 0.1.0 139.81 NOTE
r-devel-linux-x86_64-fedora-gcc 0.1.0 129.53 NOTE
r-devel-windows-x86_64-new-UL 0.1.0 14.00 136.00 150.00 NOTE
r-devel-windows-x86_64-new-TK 0.1.0 NOTE
r-devel-windows-x86_64-old 0.1.0 12.00 92.00 104.00 NOTE
r-patched-linux-x86_64 0.1.0 7.10 92.06 99.16 NOTE
r-release-linux-x86_64 0.1.0 7.15 100.19 107.34 NOTE
r-release-macos-arm64 0.1.0 NOTE
r-release-macos-x86_64 0.1.0 NOTE
r-release-windows-ix86+x86_64 0.1.0 17.00 123.00 140.00 NOTE
r-oldrel-macos-x86_64 0.1.0 OK
r-oldrel-windows-ix86+x86_64 0.1.0 17.00 127.00 144.00 OK

Check Details

Version: 0.1.0
Check: LazyData
Result: NOTE
     'LazyData' is specified without a 'data' directory
Flavors: r-devel-linux-x86_64-debian-clang, r-devel-linux-x86_64-debian-gcc, r-devel-linux-x86_64-fedora-clang, r-devel-linux-x86_64-fedora-gcc, r-devel-windows-x86_64-new-UL, r-devel-windows-x86_64-new-TK, r-devel-windows-x86_64-old, r-patched-linux-x86_64, r-release-linux-x86_64, r-release-macos-arm64, r-release-macos-x86_64, r-release-windows-ix86+x86_64