CRAN Package Check Results for Package EstCRM

Last updated on 2015-07-01 06:48:32.

Flavor Version Tinstall Tcheck Ttotal Status Flags
r-devel-linux-x86_64-debian-clang 1.3 1.73 34.84 36.57 NOTE
r-devel-linux-x86_64-debian-gcc 1.3 1.46 31.86 33.32 NOTE
r-devel-linux-x86_64-fedora-clang 1.3 68.14 NOTE
r-devel-linux-x86_64-fedora-gcc 1.3 64.91 NOTE
r-devel-osx-x86_64-clang 1.3 62.32 NOTE
r-devel-windows-ix86+x86_64 1.3 7.00 50.00 57.00 NOTE
r-patched-linux-x86_64 1.3 1.47 32.08 33.55 NOTE
r-patched-solaris-sparc 1.3 423.00 NOTE
r-patched-solaris-x86 1.3 93.70 NOTE
r-release-linux-x86_64 1.3 1.57 32.03 33.60 NOTE
r-release-osx-x86_64-mavericks 1.3 NOTE
r-release-windows-ix86+x86_64 1.3 6.00 48.00 54.00 NOTE
r-oldrel-windows-ix86+x86_64 1.3 12.00 88.00 100.00 NOTE

Check Details

Version: 1.3
Check: dependencies in R code
Result: NOTE
    'library' or 'require' calls to packages already attached by Depends:
     ‘Hmisc’ ‘lattice’
     Please remove these calls from your code.
Flavors: r-devel-linux-x86_64-debian-clang, r-devel-linux-x86_64-debian-gcc, r-devel-linux-x86_64-fedora-clang, r-devel-linux-x86_64-fedora-gcc, r-devel-osx-x86_64-clang, r-devel-windows-ix86+x86_64, r-patched-linux-x86_64, r-patched-solaris-sparc, r-patched-solaris-x86, r-release-linux-x86_64, r-release-osx-x86_64-mavericks, r-release-windows-ix86+x86_64, r-oldrel-windows-ix86+x86_64

Version: 1.3
Check: R code for possible problems
Result: NOTE
    EstCRMitem: no visible global function definition for ‘na.omit’
    EstCRMitem: no visible global function definition for ‘sd’
    EstCRMitem : estEM: no visible global function definition for ‘var’
    EstCRMitem : estEM: no visible global function definition for ‘cov’
    EstCRMperson: no visible global function definition for ‘na.omit’
    EstCRMperson: no visible global function definition for ‘sd’
    bootCRM: no visible global function definition for ‘sd’
    fitCRM: no visible global function definition for ‘na.omit’
    fitCRM : expected : prob: no visible global function definition for
     ‘integrate’
    fitCRM : expected : prob: no visible binding for global variable
     ‘dnorm’
    fitCRM: no visible global function definition for ‘median’
    fitCRM: no visible global function definition for ‘var’
    plotCRM : prob: no visible global function definition for ‘integrate’
    plotCRM : prob: no visible binding for global variable ‘dnorm’
Flavors: r-devel-linux-x86_64-debian-clang, r-devel-linux-x86_64-debian-gcc, r-devel-linux-x86_64-fedora-clang, r-devel-linux-x86_64-fedora-gcc, r-devel-windows-ix86+x86_64