CRAN Package Check Results for Package EstCRM

Last updated on 2015-04-02 08:49:28.

Flavor Version Tinstall Tcheck Ttotal Status Flags
r-devel-linux-x86_64-debian-clang 1.3 1.53 30.98 32.51 NOTE
r-devel-linux-x86_64-debian-gcc 1.3 1.44 34.48 35.91 NOTE
r-devel-linux-x86_64-fedora-clang 1.3 71.39 NOTE
r-devel-linux-x86_64-fedora-gcc 1.3 64.42 NOTE
r-devel-osx-x86_64-clang 1.3 66.28 NOTE
r-prerel-windows-ix86+x86_64 1.3 7.00 48.00 55.00 NOTE
r-prerel-linux-x86_64 1.3 1.45 31.23 32.68 NOTE
r-prerel-solaris-sparc 1.3 403.30 NOTE
r-prerel-solaris-x86 1.3 87.70 NOTE
r-release-linux-x86_64 1.3 3.06 43.69 46.75 NOTE
r-release-osx-x86_64-mavericks 1.3 NOTE
r-release-windows-ix86+x86_64 1.3 11.00 80.00 91.00 NOTE
r-oldrel-windows-ix86+x86_64 1.3 11.00 88.00 99.00 NOTE

Check Details

Version: 1.3
Check: dependencies in R code
Result: NOTE
    'library' or 'require' calls to packages already attached by Depends:
     ‘Hmisc’ ‘lattice’
     Please remove these calls from your code.
Flavors: r-devel-linux-x86_64-debian-clang, r-devel-linux-x86_64-debian-gcc, r-devel-linux-x86_64-fedora-clang, r-devel-linux-x86_64-fedora-gcc, r-devel-osx-x86_64-clang, r-prerel-windows-ix86+x86_64, r-prerel-linux-x86_64, r-prerel-solaris-sparc, r-prerel-solaris-x86, r-release-linux-x86_64, r-release-windows-ix86+x86_64

Version: 1.3
Check: dependencies in R code
Result: NOTE
    'library' or 'require' calls to packages already attached by Depends:
     ‘Hmisc’ ‘lattice’
     Please remove these calls from your code.
    See the information on DESCRIPTION files in the chapter ‘Creating R
    packages’ of the ‘Writing R Extensions’ manual.
Flavors: r-release-osx-x86_64-mavericks, r-oldrel-windows-ix86+x86_64