CRAN Package Check Results for Package EstCRM

Last updated on 2014-04-20 21:46:47.

Flavor Version Tinstall Tcheck Ttotal Status Flags
r-devel-linux-x86_64-debian-clang 1.3 1.15 31.93 33.08 NOTE
r-devel-linux-x86_64-debian-gcc 1.3 1.30 33.66 34.95 NOTE
r-devel-linux-x86_64-fedora-clang 1.3 64.91 NOTE
r-devel-linux-x86_64-fedora-gcc 1.3 62.07 NOTE
r-devel-macosx-x86_64-clang 1.3 58.77 NOTE
r-devel-macosx-x86_64-gcc 1.3 ERROR
r-devel-windows-ix86+x86_64 1.3 5.00 51.00 56.00 NOTE
r-patched-linux-x86_64 1.3 1.20 31.67 32.87 NOTE
r-patched-solaris-sparc 1.3 362.80 NOTE
r-patched-solaris-x86 1.3 80.50 NOTE
r-release-linux-ix86 NOTE
r-release-linux-x86_64 1.3 1.30 31.30 32.60 NOTE
r-release-windows-ix86+x86_64 1.3 6.00 49.00 55.00 NOTE
r-oldrel-windows-ix86+x86_64 1.3 5.00 57.00 62.00 NOTE

Check Details

Version: 1.3
Check: dependencies in R code
Result: NOTE
    'library' or 'require' calls to packages already attached by Depends:
     ‘Hmisc’ ‘lattice’
     Please remove these calls from your code.
    See the information on DESCRIPTION files in the chapter ‘Creating R
    packages’ of the ‘Writing R Extensions’ manual.
Flavors: r-devel-linux-x86_64-debian-clang, r-devel-linux-x86_64-debian-gcc, r-devel-linux-x86_64-fedora-clang, r-devel-linux-x86_64-fedora-gcc, r-devel-macosx-x86_64-clang, r-devel-windows-ix86+x86_64, r-patched-linux-x86_64, r-patched-solaris-sparc, r-patched-solaris-x86, r-release-linux-ix86, r-release-linux-x86_64, r-release-windows-ix86+x86_64, r-oldrel-windows-ix86+x86_64

Version: 1.3
Check: package dependencies
Result: ERROR
    Package required but not available: ‘Hmisc’
    
    See the information on DESCRIPTION files in the chapter ‘Creating R
    packages’ of the ‘Writing R Extensions’ manual.
Flavor: r-devel-macosx-x86_64-gcc