CRAN Package Check Results for Package EstCRM

Last updated on 2015-01-30 18:51:26.

Flavor Version Tinstall Tcheck Ttotal Status Flags
r-devel-linux-x86_64-debian-clang 1.3 0.96 26.58 27.54 NOTE
r-devel-linux-x86_64-debian-gcc 1.3 1.10 26.40 27.49 NOTE
r-devel-linux-x86_64-fedora-clang 1.3 62.31 NOTE
r-devel-linux-x86_64-fedora-gcc 1.3 58.99 NOTE
r-devel-osx-x86_64-clang 1.3 63.38 NOTE
r-devel-windows-ix86+x86_64 1.3 7.00 42.00 49.00 NOTE
r-patched-linux-x86_64 1.3 1.21 33.60 34.82 NOTE
r-patched-solaris-sparc 1.3 404.80 NOTE
r-patched-solaris-x86 1.3 87.60 NOTE
r-release-linux-ix86 1.3 1.57 40.14 41.70 NOTE
r-release-linux-x86_64 1.3 1.22 33.24 34.46 NOTE
r-release-osx-x86_64-mavericks 1.3 NOTE
r-release-windows-ix86+x86_64 1.3 6.00 57.00 63.00 NOTE
r-oldrel-windows-ix86+x86_64 1.3 7.00 67.00 74.00 NOTE

Check Details

Version: 1.3
Check: dependencies in R code
Result: NOTE
    'library' or 'require' calls to packages already attached by Depends:
     ‘Hmisc’ ‘lattice’
     Please remove these calls from your code.
Flavors: r-devel-linux-x86_64-debian-clang, r-devel-linux-x86_64-debian-gcc, r-devel-linux-x86_64-fedora-clang, r-devel-linux-x86_64-fedora-gcc, r-devel-osx-x86_64-clang, r-devel-windows-ix86+x86_64

Version: 1.3
Check: dependencies in R code
Result: NOTE
    'library' or 'require' calls to packages already attached by Depends:
     ‘Hmisc’ ‘lattice’
     Please remove these calls from your code.
    See the information on DESCRIPTION files in the chapter ‘Creating R
    packages’ of the ‘Writing R Extensions’ manual.
Flavors: r-patched-linux-x86_64, r-patched-solaris-sparc, r-patched-solaris-x86, r-release-linux-ix86, r-release-linux-x86_64, r-release-osx-x86_64-mavericks, r-release-windows-ix86+x86_64, r-oldrel-windows-ix86+x86_64