CRAN Package Check Results for Package EstCRM

Last updated on 2014-08-23 02:49:54.

Flavor Version Tinstall Tcheck Ttotal Status Flags
r-devel-linux-x86_64-debian-clang 1.3 1.06 29.21 30.28 NOTE
r-devel-linux-x86_64-debian-gcc 1.3 1.10 28.63 29.73 NOTE
r-devel-linux-x86_64-fedora-clang 1.3 60.58 NOTE
r-devel-linux-x86_64-fedora-gcc 1.3 62.75 NOTE
r-devel-osx-x86_64-clang 1.3 57.55 NOTE
r-devel-windows-ix86+x86_64 1.3 5.00 50.00 55.00 NOTE
r-patched-linux-x86_64 1.3 1.52 30.12 31.64 NOTE
r-patched-solaris-sparc 1.3 361.90 NOTE
r-patched-solaris-x86 1.3 78.10 NOTE
r-release-linux-ix86 1.3 1.51 39.31 40.82 NOTE
r-release-linux-x86_64 1.3 1.48 31.08 32.55 NOTE
r-release-osx-x86_64-mavericks 1.3 NOTE
r-release-windows-ix86+x86_64 1.3 4.00 49.00 53.00 NOTE
r-oldrel-windows-ix86+x86_64 1.3 5.00 59.00 64.00 NOTE

Check Details

Version: 1.3
Check: dependencies in R code
Result: NOTE
    'library' or 'require' calls to packages already attached by Depends:
     ‘Hmisc’ ‘lattice’
     Please remove these calls from your code.
    See the information on DESCRIPTION files in the chapter ‘Creating R
    packages’ of the ‘Writing R Extensions’ manual.
Flavors: r-devel-linux-x86_64-debian-clang, r-devel-linux-x86_64-debian-gcc, r-devel-linux-x86_64-fedora-clang, r-devel-linux-x86_64-fedora-gcc, r-devel-osx-x86_64-clang, r-devel-windows-ix86+x86_64, r-patched-linux-x86_64, r-patched-solaris-sparc, r-patched-solaris-x86, r-release-linux-ix86, r-release-linux-x86_64, r-release-osx-x86_64-mavericks, r-release-windows-ix86+x86_64, r-oldrel-windows-ix86+x86_64