CRAN Package Check Results for Package EstCRM

Last updated on 2015-05-23 17:48:41.

Flavor Version Tinstall Tcheck Ttotal Status Flags
r-devel-linux-x86_64-debian-clang 1.3 1.47 32.48 33.94 NOTE
r-devel-linux-x86_64-debian-gcc 1.3 1.47 31.40 32.86 NOTE
r-devel-linux-x86_64-fedora-clang 1.3 71.62 NOTE
r-devel-linux-x86_64-fedora-gcc 1.3 67.72 NOTE
r-devel-osx-x86_64-clang 1.3 61.14 NOTE
r-devel-windows-ix86+x86_64 1.3 7.00 52.00 59.00 NOTE
r-patched-linux-x86_64 1.3 1.58 32.99 34.57 NOTE
r-patched-solaris-sparc 1.3 423.00 NOTE
r-patched-solaris-x86 1.3 93.90 NOTE
r-release-linux-x86_64 1.3 1.47 31.90 33.37 NOTE
r-release-osx-x86_64-mavericks 1.3 NOTE
r-release-osx-x86_64-snowleopard 1.3 ERROR
r-release-windows-ix86+x86_64 1.3 7.00 49.00 56.00 NOTE
r-oldrel-windows-ix86+x86_64 1.3 13.00 84.00 97.00 NOTE

Check Details

Version: 1.3
Check: dependencies in R code
Result: NOTE
    'library' or 'require' calls to packages already attached by Depends:
     ‘Hmisc’ ‘lattice’
     Please remove these calls from your code.
Flavors: r-devel-linux-x86_64-debian-clang, r-devel-linux-x86_64-debian-gcc, r-devel-linux-x86_64-fedora-clang, r-devel-linux-x86_64-fedora-gcc, r-devel-osx-x86_64-clang, r-devel-windows-ix86+x86_64, r-patched-linux-x86_64, r-patched-solaris-sparc, r-patched-solaris-x86, r-release-linux-x86_64, r-release-osx-x86_64-mavericks, r-release-windows-ix86+x86_64, r-oldrel-windows-ix86+x86_64

Version: 1.3
Check: package dependencies
Result: ERROR
    Package required but not available: ‘Hmisc’
    
    See section ‘The DESCRIPTION file’ in the ‘Writing R Extensions’
    manual.
Flavor: r-release-osx-x86_64-snowleopard