CRAN Package Check Results for Package EvalEst

Last updated on 2015-07-30 05:46:33.

Flavor Version Tinstall Tcheck Ttotal Status Flags
r-devel-linux-x86_64-debian-clang 2015.4-2 1.04 26.22 27.26 NOTE
r-devel-linux-x86_64-debian-gcc 2015.4-2 0.75 25.07 25.82 NOTE
r-devel-linux-x86_64-fedora-clang 2015.4-2 52.59 NOTE
r-devel-linux-x86_64-fedora-gcc 2015.4-2 49.98 NOTE
r-devel-osx-x86_64-clang 2015.4-2 49.01 OK
r-devel-windows-ix86+x86_64 2015.4-2 7.00 43.00 50.00 NOTE
r-patched-linux-x86_64 2015.4-2 0.79 26.14 26.93 OK
r-patched-solaris-sparc 2015.4-2 340.00 OK
r-patched-solaris-x86 2015.4-2 67.30 OK
r-release-linux-x86_64 2015.4-2 0.84 26.34 27.18 OK
r-release-osx-x86_64-mavericks 2015.4-2 OK
r-release-windows-ix86+x86_64 2015.4-2 5.00 43.00 48.00 OK
r-oldrel-windows-ix86+x86_64 2015.4-2 6.00 49.00 55.00 OK

Check Details

Version: 2015.4-2
Check: R code for possible problems
Result: NOTE
    TSestModel.coefEstEval: no visible binding for global variable ‘data’
    distribution.MonteCarloSimulations: no visible global function
     definition for ‘par’
    distribution.MonteCarloSimulations: no visible binding for global
     variable ‘var’
    distribution.MonteCarloSimulations: no visible global function
     definition for ‘plot’
    distribution.MonteCarloSimulations: no visible global function
     definition for ‘density’
    distribution.MonteCarloSimulations: no visible global function
     definition for ‘ksmooth’
    distribution.MonteCarloSimulations: no visible global function
     definition for ‘var’
    distribution.MonteCarloSimulations: no visible global function
     definition for ‘title’
    distribution.coefEstEval: no visible global function definition for
     ‘par’
    distribution.coefEstEval: no visible global function definition for
     ‘density’
    distribution.coefEstEval: no visible global function definition for
     ‘ksmooth’
    distribution.coefEstEval: no visible global function definition for
     ‘plot’
    distribution.coefEstEval: no visible global function definition for
     ‘lines’
    distribution.default: no visible global function definition for ‘par’
    distribution.default: no visible global function definition for
     ‘density’
    distribution.default: no visible global function definition for
     ‘ksmooth’
    distribution.default: no visible global function definition for ‘plot’
    distribution.rootsEstEval: no visible global function definition for
     ‘par’
    distribution.rootsEstEval: no visible global function definition for
     ‘ksmooth’
    distribution.rootsEstEval: no visible global function definition for
     ‘density’
    distribution.rootsEstEval: no visible global function definition for
     ‘plot’
    distribution.rootsEstEval: no visible global function definition for
     ‘lines’
    generateSSmodel: no visible global function definition for ‘runif’
    plot.rootsEstEval: no visible global function definition for ‘plot’
    plot.rootsEstEval: no visible global function definition for ‘matplot’
    summary.MonteCarloSimulations: no visible binding for global variable
     ‘var’
    tfplot.EstEval: no visible global function definition for ‘par’
    tfplot.EstEval: no visible global function definition for ‘title’
    tfplot.MonteCarloSimulations: no visible global function definition for
     ‘par’
    tfplot.MonteCarloSimulations: no visible global function definition for
     ‘title’
    Undefined global functions or variables:
     data density ksmooth lines matplot par plot runif title var
    Consider adding
     importFrom("graphics", "lines", "matplot", "par", "plot", "title")
     importFrom("stats", "density", "ksmooth", "runif", "var")
     importFrom("utils", "data")
    to your NAMESPACE.
Flavors: r-devel-linux-x86_64-debian-clang, r-devel-linux-x86_64-debian-gcc, r-devel-linux-x86_64-fedora-clang, r-devel-linux-x86_64-fedora-gcc, r-devel-windows-ix86+x86_64