CRAN Package Check Results for Package EvalEst

Last updated on 2015-01-31 19:51:22.

Flavor Version Tinstall Tcheck Ttotal Status Flags
r-devel-linux-x86_64-debian-clang 2012.4-1 0.91 26.67 27.58 NOTE
r-devel-linux-x86_64-debian-gcc 2012.4-1 0.96 27.48 28.44 NOTE
r-devel-linux-x86_64-fedora-clang 2012.4-1 60.55 NOTE
r-devel-linux-x86_64-fedora-gcc 2012.4-1 56.62 NOTE
r-devel-osx-x86_64-clang 2012.4-1 61.94 NOTE
r-devel-windows-ix86+x86_64 2012.4-1 6.00 45.00 51.00 NOTE
r-patched-linux-x86_64 2012.4-1 1.03 32.72 33.74 NOTE
r-patched-solaris-sparc 2012.4-1 389.70 NOTE
r-patched-solaris-x86 2012.4-1 79.50 NOTE
r-release-linux-ix86 2012.4-1 1.40 41.24 42.64 NOTE
r-release-linux-x86_64 2012.4-1 1.03 31.83 32.86 NOTE
r-release-osx-x86_64-mavericks 2012.4-1 NOTE
r-release-windows-ix86+x86_64 2012.4-1 4.00 52.00 56.00 NOTE
r-oldrel-windows-ix86+x86_64 2012.4-1 4.00 55.00 59.00 NOTE

Check Details

Version: 2012.4-1
Check: dependencies in R code
Result: NOTE
    Package in Depends field not imported from: ‘setRNG’
     These packages need to be imported from (in the NAMESPACE file)
     for when this namespace is loaded but not attached.
Flavors: r-devel-linux-x86_64-debian-clang, r-devel-linux-x86_64-debian-gcc, r-devel-linux-x86_64-fedora-clang, r-devel-linux-x86_64-fedora-gcc, r-devel-osx-x86_64-clang, r-devel-windows-ix86+x86_64

Version: 2012.4-1
Check: R code for possible problems
Result: NOTE
    EstEval: no visible global function definition for ‘getRNG’
    EstEval: no visible global function definition for ‘setRNG’
    MonteCarloSimulations.EstEval: no visible global function definition
     for ‘getRNG’
    MonteCarloSimulations.MonteCarloSimulations: no visible global function
     definition for ‘getRNG’
    MonteCarloSimulations.TSmodel: no visible global function definition
     for ‘setRNG’
    MonteCarloSimulations.default: no visible global function definition
     for ‘setRNG’
    genMineData: no visible global function definition for ‘setRNG’
    summary.EstEval: no visible global function definition for ‘getRNG’
    summary.MonteCarloSimulations: no visible global function definition
     for ‘getRNG’
Flavors: r-devel-linux-x86_64-debian-clang, r-devel-linux-x86_64-debian-gcc, r-devel-linux-x86_64-fedora-clang, r-devel-linux-x86_64-fedora-gcc, r-devel-osx-x86_64-clang, r-devel-windows-ix86+x86_64, r-patched-linux-x86_64, r-patched-solaris-sparc, r-patched-solaris-x86, r-release-linux-ix86, r-release-linux-x86_64, r-release-osx-x86_64-mavericks, r-release-windows-ix86+x86_64

Version: 2012.4-1
Check: dependencies in R code
Result: NOTE
    Package in Depends field not imported from: ‘setRNG’
     These packages need to be imported from (in the NAMESPACE file)
     for when this namespace is loaded but not attached.
    See the information on DESCRIPTION files in the chapter ‘Creating R
    packages’ of the ‘Writing R Extensions’ manual.
Flavors: r-patched-linux-x86_64, r-patched-solaris-sparc, r-patched-solaris-x86, r-release-linux-ix86, r-release-linux-x86_64, r-release-osx-x86_64-mavericks, r-release-windows-ix86+x86_64, r-oldrel-windows-ix86+x86_64