CRAN Package Check Results for Package EvalEst

Last updated on 2014-07-23 08:49:47.

Flavor Version Tinstall Tcheck Ttotal Status Flags
r-devel-linux-x86_64-debian-clang 2012.4-1 1.32 29.93 31.25 NOTE
r-devel-linux-x86_64-debian-gcc 2012.4-1 0.98 29.06 30.04 NOTE
r-devel-linux-x86_64-fedora-clang 2012.4-1 63.49 NOTE
r-devel-linux-x86_64-fedora-gcc 2012.4-1 61.19 NOTE
r-devel-osx-x86_64-clang 2012.4-1 57.43 NOTE
r-devel-windows-ix86+x86_64 2012.4-1 4.00 46.00 50.00 NOTE
r-patched-linux-x86_64 2012.4-1 0.98 30.65 31.63 NOTE
r-patched-solaris-sparc 2012.4-1 358.40 NOTE
r-patched-solaris-x86 2012.4-1 77.50 NOTE
r-release-linux-ix86 2012.4-1 1.41 39.98 41.39 NOTE
r-release-linux-x86_64 2012.4-1 1.10 29.61 30.71 NOTE
r-release-osx-x86_64-mavericks 2012.4-1 NOTE
r-release-windows-ix86+x86_64 2012.4-1 4.00 48.00 52.00 NOTE
r-oldrel-windows-ix86+x86_64 2012.4-1 5.00 47.00 52.00 NOTE

Check Details

Version: 2012.4-1
Check: dependencies in R code
Result: NOTE
    Package in Depends field not imported from: ‘setRNG’
     These packages need to be imported from (in the NAMESPACE file)
     for when this namespace is loaded but not attached.
    See the information on DESCRIPTION files in the chapter ‘Creating R
    packages’ of the ‘Writing R Extensions’ manual.
Flavors: r-devel-linux-x86_64-debian-clang, r-devel-linux-x86_64-debian-gcc, r-devel-linux-x86_64-fedora-clang, r-devel-linux-x86_64-fedora-gcc, r-devel-osx-x86_64-clang, r-devel-windows-ix86+x86_64, r-patched-linux-x86_64, r-patched-solaris-sparc, r-patched-solaris-x86, r-release-linux-ix86, r-release-linux-x86_64, r-release-osx-x86_64-mavericks, r-release-windows-ix86+x86_64, r-oldrel-windows-ix86+x86_64