CRAN Package Check Results for Package EvalEst

Last updated on 2014-04-24 23:48:02.

Flavor Version Tinstall Tcheck Ttotal Status Flags
r-devel-linux-x86_64-debian-clang 2012.4-1 1.07 30.88 31.95 NOTE
r-devel-linux-x86_64-debian-gcc 2012.4-1 1.16 31.66 32.82 NOTE
r-devel-linux-x86_64-fedora-clang 2012.4-1 62.62 NOTE
r-devel-linux-x86_64-fedora-gcc 2012.4-1 61.79 NOTE
r-devel-osx-x86_64-clang 2012.4-1 58.36 NOTE
r-devel-osx-x86_64-gcc 2012.4-1 NOTE
r-devel-windows-ix86+x86_64 2012.4-1 4.00 46.00 50.00 NOTE
r-patched-linux-x86_64 2012.4-1 1.04 31.18 32.23 NOTE
r-patched-solaris-sparc 2012.4-1 358.40 NOTE
r-patched-solaris-x86 2012.4-1 78.00 NOTE
r-release-linux-ix86 2012.4-1 2.00 56.00 58.00 NOTE
r-release-linux-x86_64 2012.4-1 1.09 31.24 32.34 NOTE
r-release-osx-x86_64-mavericks 2012.4-1 WARN
r-release-windows-ix86+x86_64 2012.4-1 4.00 48.00 52.00 NOTE
r-oldrel-windows-ix86+x86_64 2012.4-1 4.00 46.00 50.00 NOTE

Check Details

Version: 2012.4-1
Check: dependencies in R code
Result: NOTE
    Package in Depends field not imported from: ‘setRNG’
     These packages need to be imported from (in the NAMESPACE file)
     for when this namespace is loaded but not attached.
    See the information on DESCRIPTION files in the chapter ‘Creating R
    packages’ of the ‘Writing R Extensions’ manual.
Flavors: r-devel-linux-x86_64-debian-clang, r-devel-linux-x86_64-debian-gcc, r-devel-linux-x86_64-fedora-clang, r-devel-linux-x86_64-fedora-gcc, r-devel-osx-x86_64-clang, r-devel-osx-x86_64-gcc, r-devel-windows-ix86+x86_64, r-patched-linux-x86_64, r-patched-solaris-sparc, r-patched-solaris-x86, r-release-linux-ix86, r-release-linux-x86_64, r-release-osx-x86_64-mavericks, r-release-windows-ix86+x86_64, r-oldrel-windows-ix86+x86_64

Version: 2012.4-1
Check: PDF version of manual
Result: WARNING
    LaTeX errors when creating PDF version.
    This typically indicates Rd problems.
    LaTeX errors found:
    ! LaTeX Error: File `upquote.sty' not found.
    
    Type X to quit or <RETURN> to proceed,
    or enter new name. (Default extension: sty)
    
    e00e285/Rd2.tex:8: ==> Fatal error occurred, no output PDF file produced!
Flavor: r-release-osx-x86_64-mavericks