Last updated on 2022-08-18 05:52:30 CEST.
Flavor | Version | Tinstall | Tcheck | Ttotal | Status | Flags |
---|---|---|---|---|---|---|
r-devel-linux-x86_64-debian-clang | 0.1 | 7.29 | 179.15 | 186.44 | OK | |
r-devel-linux-x86_64-debian-gcc | 0.1 | 5.25 | 129.27 | 134.52 | OK | |
r-devel-linux-x86_64-fedora-clang | 0.1 | 233.01 | OK | |||
r-devel-linux-x86_64-fedora-gcc | 0.1 | 236.85 | OK | |||
r-devel-windows-x86_64 | 0.1 | 37.00 | 214.00 | 251.00 | OK | |
r-patched-linux-x86_64 | 0.1 | 13.31 | 167.39 | 180.70 | OK | |
r-release-linux-x86_64 | 0.1 | 6.72 | 171.15 | 177.87 | OK | |
r-release-macos-arm64 | 0.1 | 96.00 | OK | |||
r-release-macos-x86_64 | 0.1 | 108.00 | OK | |||
r-release-windows-x86_64 | 0.1 | 24.00 | 209.00 | 233.00 | OK | |
r-oldrel-macos-arm64 | 0.1 | 10.00 | ERROR | |||
r-oldrel-macos-x86_64 | 0.1 | 11.00 | ERROR | |||
r-oldrel-windows-ix86+x86_64 | 0.1 | 18.00 | 208.00 | 226.00 | OK |
Version: 0.1
Check: package dependencies
Result: ERROR
Package required and available but unsuitable version: ‘ggtree’
See section ‘The DESCRIPTION file’ in the ‘Writing R Extensions’
manual.
Flavors: r-oldrel-macos-arm64, r-oldrel-macos-x86_64