CRAN Package Check Results for Package ExactPath

Last updated on 2016-02-06 11:48:11.

Flavor Version Tinstall Tcheck Ttotal Status Flags
r-devel-linux-x86_64-debian-gcc 1.0 0.58 10.00 10.58 NOTE
r-devel-linux-x86_64-fedora-clang 1.0 17.30 NOTE
r-devel-linux-x86_64-fedora-gcc 1.0 16.05 NOTE
r-devel-osx-x86_64-clang 1.0 20.33 NOTE
r-devel-windows-ix86+x86_64 1.0 4.00 25.00 29.00 NOTE
r-patched-linux-x86_64 1.0 0.64 10.21 10.85 NOTE
r-patched-solaris-sparc 1.0 114.10 NOTE
r-patched-solaris-x86 1.0 26.20 NOTE
r-release-linux-x86_64 1.0 0.90 11.16 12.06 NOTE
r-release-osx-x86_64-mavericks 1.0 NOTE
r-release-windows-ix86+x86_64 1.0 2.00 18.00 20.00 NOTE
r-oldrel-windows-ix86+x86_64 1.0 5.00 27.00 32.00 NOTE

Check Details

Version: 1.0
Check: dependencies in R code
Result: NOTE
    Packages in Depends field not imported from:
     ‘lars’ ‘ncvreg’
     These packages need to be imported from (in the NAMESPACE file)
     for when this namespace is loaded but not attached.
Flavors: r-devel-linux-x86_64-debian-gcc, r-devel-linux-x86_64-fedora-clang, r-devel-linux-x86_64-fedora-gcc, r-devel-osx-x86_64-clang, r-devel-windows-ix86+x86_64, r-patched-linux-x86_64, r-patched-solaris-sparc, r-patched-solaris-x86, r-release-linux-x86_64, r-release-osx-x86_64-mavericks, r-release-windows-ix86+x86_64, r-oldrel-windows-ix86+x86_64

Version: 1.0
Check: S3 generic/method consistency
Result: NOTE
    Found the following apparent S3 methods exported but not registered:
     plot.path print.path
    See section ‘Registering S3 methods’ in the ‘Writing R Extensions’
    manual.
Flavors: r-devel-linux-x86_64-debian-gcc, r-devel-linux-x86_64-fedora-clang, r-devel-linux-x86_64-fedora-gcc, r-devel-osx-x86_64-clang, r-patched-linux-x86_64, r-patched-solaris-sparc, r-patched-solaris-x86, r-release-linux-x86_64

Version: 1.0
Check: R code for possible problems
Result: NOTE
    plot.path: no visible global function definition for ‘par’
    plot.path: no visible global function definition for ‘plot’
    plot.path: no visible global function definition for ‘axis’
    plot.path: no visible global function definition for ‘points’
    plot.path: no visible global function definition for ‘abline’
    Undefined global functions or variables:
     abline axis par plot points
    Consider adding
     importFrom("graphics", "abline", "axis", "par", "plot", "points")
    to your NAMESPACE.
Flavors: r-devel-linux-x86_64-debian-gcc, r-devel-linux-x86_64-fedora-clang, r-devel-linux-x86_64-fedora-gcc, r-devel-windows-ix86+x86_64

Version: 1.0
Check: R code for possible problems
Result: NOTE
    plot.path: no visible global function definition for ‘par’
    plot.path: no visible global function definition for ‘plot’
    plot.path: no visible global function definition for ‘axis’
    plot.path: no visible global function definition for ‘points’
    plot.path: no visible global function definition for ‘abline’
    Undefined global functions or variables:
     abline axis par plot points
    Consider adding
     importFrom("graphics", "abline", "axis", "par", "plot", "points")
    to your NAMESPACE file.
Flavor: r-devel-osx-x86_64-clang