CRAN Package Check Results for Package ExactPath

Last updated on 2015-05-29 15:46:32.

Flavor Version Tinstall Tcheck Ttotal Status Flags
r-devel-linux-x86_64-debian-clang 1.0 0.56 9.99 10.56 NOTE
r-devel-linux-x86_64-debian-gcc 1.0 0.55 9.48 10.02 NOTE
r-devel-linux-x86_64-fedora-clang 1.0 23.34 NOTE
r-devel-linux-x86_64-fedora-gcc 1.0 18.76 NOTE
r-devel-osx-x86_64-clang 1.0 23.66 NOTE
r-devel-windows-ix86+x86_64 1.0 2.00 17.00 19.00 NOTE
r-patched-linux-x86_64 1.0 0.56 9.75 10.30 NOTE
r-patched-solaris-sparc 1.0 138.20 NOTE
r-patched-solaris-x86 1.0 29.50 NOTE
r-release-linux-x86_64 1.0 0.57 9.94 10.51 NOTE
r-release-osx-x86_64-mavericks 1.0 NOTE
r-release-osx-x86_64-snowleopard 1.0 NOTE
r-release-windows-ix86+x86_64 1.0 4.00 28.00 32.00 NOTE
r-oldrel-windows-ix86+x86_64 1.0 5.00 23.00 28.00 NOTE

Check Details

Version: 1.0
Check: dependencies in R code
Result: NOTE
    Packages in Depends field not imported from:
     ‘lars’ ‘ncvreg’
     These packages need to be imported from (in the NAMESPACE file)
     for when this namespace is loaded but not attached.
Flavors: r-devel-linux-x86_64-debian-clang, r-devel-linux-x86_64-debian-gcc, r-devel-linux-x86_64-fedora-clang, r-devel-linux-x86_64-fedora-gcc, r-devel-osx-x86_64-clang, r-devel-windows-ix86+x86_64, r-patched-linux-x86_64, r-patched-solaris-sparc, r-patched-solaris-x86, r-release-linux-x86_64, r-release-osx-x86_64-mavericks, r-release-osx-x86_64-snowleopard, r-release-windows-ix86+x86_64, r-oldrel-windows-ix86+x86_64

Version: 1.0
Check: S3 generic/method consistency
Result: NOTE
    Found the following apparent S3 methods exported but not registered:
     plot.path print.path
    See section ‘Registering S3 methods’ in the ‘Writing R Extensions’
    manual.
Flavors: r-devel-linux-x86_64-debian-clang, r-devel-linux-x86_64-debian-gcc, r-devel-linux-x86_64-fedora-clang, r-devel-linux-x86_64-fedora-gcc, r-devel-osx-x86_64-clang, r-patched-linux-x86_64, r-patched-solaris-sparc, r-patched-solaris-x86, r-release-linux-x86_64