CRAN Package Check Results for Package ExactPath

Last updated on 2014-04-24 09:49:00.

Flavor Version Tinstall Tcheck Ttotal Status Flags
r-devel-linux-x86_64-debian-clang 1.0 0.66 11.06 11.72 NOTE
r-devel-linux-x86_64-debian-gcc 1.0 0.64 11.14 11.78 NOTE
r-devel-linux-x86_64-fedora-clang 1.0 22.85 NOTE
r-devel-linux-x86_64-fedora-gcc 1.0 22.00 NOTE
r-devel-osx-x86_64-clang 1.0 28.46 NOTE
r-devel-osx-x86_64-gcc 1.0 NOTE
r-devel-windows-ix86+x86_64 1.0 2.00 19.00 21.00 NOTE
r-patched-linux-x86_64 1.0 0.62 11.23 11.85 NOTE
r-patched-solaris-sparc 1.0 131.50 NOTE
r-patched-solaris-x86 1.0 33.90 NOTE
r-release-linux-ix86 1.0 2.00 25.00 27.00 NOTE
r-release-linux-x86_64 1.0 0.63 11.03 11.66 NOTE
r-release-osx-x86_64-mavericks 1.0 WARN
r-release-windows-ix86+x86_64 1.0 5.00 25.00 30.00 NOTE
r-oldrel-windows-ix86+x86_64 1.0 3.00 19.00 22.00 NOTE

Check Details

Version: 1.0
Check: dependencies in R code
Result: NOTE
    Packages in Depends field not imported from:
     ‘lars’ ‘ncvreg’
     These packages need to be imported from (in the NAMESPACE file)
     for when this namespace is loaded but not attached.
    See the information on DESCRIPTION files in the chapter ‘Creating R
    packages’ of the ‘Writing R Extensions’ manual.
Flavors: r-devel-linux-x86_64-debian-clang, r-devel-linux-x86_64-debian-gcc, r-devel-linux-x86_64-fedora-clang, r-devel-linux-x86_64-fedora-gcc, r-devel-osx-x86_64-clang, r-devel-osx-x86_64-gcc, r-devel-windows-ix86+x86_64, r-patched-linux-x86_64, r-patched-solaris-sparc, r-patched-solaris-x86, r-release-linux-ix86, r-release-linux-x86_64, r-release-osx-x86_64-mavericks, r-release-windows-ix86+x86_64, r-oldrel-windows-ix86+x86_64

Version: 1.0
Check: PDF version of manual
Result: WARNING
    LaTeX errors when creating PDF version.
    This typically indicates Rd problems.
    LaTeX errors found:
    ! LaTeX Error: File `upquote.sty' not found.
    
    Type X to quit or <RETURN> to proceed,
    or enter new name. (Default extension: sty)
    
    df5ec3f/Rd2.tex:8: ==> Fatal error occurred, no output PDF file produced!
Flavor: r-release-osx-x86_64-mavericks