CRAN Package Check Results for Package ExactPath

Last updated on 2014-12-20 17:51:05.

Flavor Version Tinstall Tcheck Ttotal Status Flags
r-devel-linux-x86_64-debian-clang 1.0 0.62 11.04 11.66 NOTE
r-devel-linux-x86_64-debian-gcc 1.0 0.71 11.72 12.43 NOTE
r-devel-linux-x86_64-fedora-clang 1.0 24.13 NOTE
r-devel-linux-x86_64-fedora-gcc 1.0 23.05 NOTE
r-devel-osx-x86_64-clang 1.0 26.45 NOTE
r-devel-windows-ix86+x86_64 1.0 3.00 29.00 32.00 NOTE
r-patched-linux-x86_64 1.0 0.68 11.60 12.28 NOTE
r-patched-solaris-sparc 1.0 137.70 NOTE
r-patched-solaris-x86 1.0 34.10 NOTE
r-release-linux-ix86 1.0 0.88 16.80 17.67 NOTE
r-release-linux-x86_64 1.0 0.62 11.40 12.02 NOTE
r-release-osx-x86_64-mavericks 1.0 NOTE
r-release-windows-ix86+x86_64 1.0 2.00 19.00 21.00 NOTE
r-oldrel-windows-ix86+x86_64 1.0 4.00 24.00 28.00 NOTE

Check Details

Version: 1.0
Check: dependencies in R code
Result: NOTE
    Packages in Depends field not imported from:
     ‘lars’ ‘ncvreg’
     These packages need to be imported from (in the NAMESPACE file)
     for when this namespace is loaded but not attached.
    See the information on DESCRIPTION files in the chapter ‘Creating R
    packages’ of the ‘Writing R Extensions’ manual.
Flavors: r-devel-linux-x86_64-debian-clang, r-devel-linux-x86_64-debian-gcc, r-devel-linux-x86_64-fedora-clang, r-devel-linux-x86_64-fedora-gcc, r-devel-osx-x86_64-clang, r-devel-windows-ix86+x86_64, r-patched-linux-x86_64, r-patched-solaris-sparc, r-patched-solaris-x86, r-release-linux-ix86, r-release-linux-x86_64, r-release-osx-x86_64-mavericks, r-release-windows-ix86+x86_64, r-oldrel-windows-ix86+x86_64