CRAN Package Check Results for Package ExactPath

Last updated on 2016-12-05 08:48:39.

Flavor Version Tinstall Tcheck Ttotal Status Flags
r-devel-linux-x86_64-debian-clang 1.0 0.60 11.67 12.27 NOTE
r-devel-linux-x86_64-debian-gcc 1.0 0.67 11.32 11.99 NOTE
r-devel-linux-x86_64-fedora-clang 1.0 23.66 NOTE --no-stop-on-test-error
r-devel-linux-x86_64-fedora-gcc 1.0 22.79 NOTE --no-stop-on-test-error
r-devel-macos-x86_64-clang 1.0 18.96 NOTE
r-devel-windows-ix86+x86_64 1.0 3.00 41.00 44.00 NOTE
r-patched-linux-x86_64 1.0 0.55 9.82 10.37 NOTE
r-patched-solaris-sparc 1.0 115.50 NOTE
r-patched-solaris-x86 1.0 25.40 NOTE
r-release-linux-x86_64 1.0 0.58 9.76 10.33 NOTE
r-release-osx-x86_64-mavericks 1.0 NOTE
r-release-windows-ix86+x86_64 1.0 5.00 25.00 30.00 NOTE
r-oldrel-windows-ix86+x86_64 1.0 3.00 24.00 27.00 NOTE

Check Details

Version: 1.0
Check: dependencies in R code
Result: NOTE
    Packages in Depends field not imported from:
     ‘lars’ ‘ncvreg’
     These packages need to be imported from (in the NAMESPACE file)
     for when this namespace is loaded but not attached.
Flavors: r-devel-linux-x86_64-debian-clang, r-devel-linux-x86_64-debian-gcc, r-devel-macos-x86_64-clang, r-devel-windows-ix86+x86_64, r-patched-linux-x86_64, r-patched-solaris-sparc, r-patched-solaris-x86, r-release-linux-x86_64, r-release-osx-x86_64-mavericks, r-release-windows-ix86+x86_64, r-oldrel-windows-ix86+x86_64

Version: 1.0
Check: S3 generic/method consistency
Result: NOTE
    Found the following apparent S3 methods exported but not registered:
     plot.path print.path
    See section ‘Registering S3 methods’ in the ‘Writing R Extensions’
    manual.
Flavors: r-devel-linux-x86_64-debian-clang, r-devel-linux-x86_64-debian-gcc, r-devel-macos-x86_64-clang, r-patched-linux-x86_64, r-patched-solaris-sparc, r-patched-solaris-x86, r-release-linux-x86_64

Version: 1.0
Check: R code for possible problems
Result: NOTE
    plot.path: no visible global function definition for ‘par’
    plot.path: no visible global function definition for ‘plot’
    plot.path: no visible global function definition for ‘axis’
    plot.path: no visible global function definition for ‘points’
    plot.path: no visible global function definition for ‘abline’
    Undefined global functions or variables:
     abline axis par plot points
    Consider adding
     importFrom("graphics", "abline", "axis", "par", "plot", "points")
    to your NAMESPACE file.
Flavors: r-devel-linux-x86_64-debian-clang, r-devel-linux-x86_64-debian-gcc, r-devel-macos-x86_64-clang, r-devel-windows-ix86+x86_64, r-patched-linux-x86_64, r-patched-solaris-sparc, r-patched-solaris-x86, r-release-linux-x86_64, r-release-osx-x86_64-mavericks, r-release-windows-ix86+x86_64

Version: 1.0
Flags: --no-stop-on-test-error
Check: dependencies in R code
Result: NOTE
    Packages in Depends field not imported from:
     ‘lars’ ‘ncvreg’
     These packages need to be imported from (in the NAMESPACE file)
     for when this namespace is loaded but not attached.
Flavors: r-devel-linux-x86_64-fedora-clang, r-devel-linux-x86_64-fedora-gcc

Version: 1.0
Flags: --no-stop-on-test-error
Check: S3 generic/method consistency
Result: NOTE
    Found the following apparent S3 methods exported but not registered:
     plot.path print.path
    See section ‘Registering S3 methods’ in the ‘Writing R Extensions’
    manual.
Flavors: r-devel-linux-x86_64-fedora-clang, r-devel-linux-x86_64-fedora-gcc

Version: 1.0
Flags: --no-stop-on-test-error
Check: R code for possible problems
Result: NOTE
    plot.path: no visible global function definition for ‘par’
    plot.path: no visible global function definition for ‘plot’
    plot.path: no visible global function definition for ‘axis’
    plot.path: no visible global function definition for ‘points’
    plot.path: no visible global function definition for ‘abline’
    Undefined global functions or variables:
     abline axis par plot points
    Consider adding
     importFrom("graphics", "abline", "axis", "par", "plot", "points")
    to your NAMESPACE file.
Flavors: r-devel-linux-x86_64-fedora-clang, r-devel-linux-x86_64-fedora-gcc