CRAN Package Check Results for Package ExactPath

Last updated on 2014-07-25 07:53:14.

Flavor Version Tinstall Tcheck Ttotal Status Flags
r-devel-linux-x86_64-debian-clang 1.0 0.56 10.68 11.24 NOTE
r-devel-linux-x86_64-debian-gcc 1.0 0.54 10.56 11.10 NOTE
r-devel-linux-x86_64-fedora-clang 1.0 23.76 NOTE
r-devel-linux-x86_64-fedora-gcc 1.0 22.39 NOTE
r-devel-osx-x86_64-clang 1.0 27.03 NOTE
r-devel-windows-ix86+x86_64 1.0 2.00 19.00 21.00 NOTE
r-patched-linux-x86_64 1.0 0.57 10.88 11.46 NOTE
r-patched-solaris-sparc 1.0 131.50 NOTE
r-patched-solaris-x86 1.0 32.50 NOTE
r-release-linux-ix86 1.0 0.88 17.28 18.16 NOTE
r-release-linux-x86_64 1.0 0.58 11.00 11.58 NOTE
r-release-osx-x86_64-mavericks 1.0 NOTE
r-release-windows-ix86+x86_64 1.0 4.00 19.00 23.00 NOTE
r-oldrel-windows-ix86+x86_64 1.0 4.00 24.00 28.00 NOTE

Check Details

Version: 1.0
Check: dependencies in R code
Result: NOTE
    Packages in Depends field not imported from:
     ‘lars’ ‘ncvreg’
     These packages need to be imported from (in the NAMESPACE file)
     for when this namespace is loaded but not attached.
    See the information on DESCRIPTION files in the chapter ‘Creating R
    packages’ of the ‘Writing R Extensions’ manual.
Flavors: r-devel-linux-x86_64-debian-clang, r-devel-linux-x86_64-debian-gcc, r-devel-linux-x86_64-fedora-clang, r-devel-linux-x86_64-fedora-gcc, r-devel-osx-x86_64-clang, r-devel-windows-ix86+x86_64, r-patched-linux-x86_64, r-patched-solaris-sparc, r-patched-solaris-x86, r-release-linux-ix86, r-release-linux-x86_64, r-release-osx-x86_64-mavericks, r-release-windows-ix86+x86_64, r-oldrel-windows-ix86+x86_64