CRAN Package Check Results for Package ExactPath

Last updated on 2014-10-23 05:46:40.

Flavor Version Tinstall Tcheck Ttotal Status Flags
r-devel-linux-x86_64-debian-clang 1.0 0.64 10.96 11.60 NOTE
r-devel-linux-x86_64-debian-gcc 1.0 0.60 11.09 11.68 NOTE
r-devel-linux-x86_64-fedora-clang 1.0 23.03 NOTE
r-devel-linux-x86_64-fedora-gcc 1.0 21.48 NOTE
r-devel-osx-x86_64-clang 1.0 27.29 NOTE
r-devel-windows-ix86+x86_64 1.0 2.00 17.00 19.00 NOTE
r-patched-linux-x86_64 1.0 0.62 10.94 11.57 NOTE
r-patched-solaris-sparc 1.0 137.70 NOTE
r-patched-solaris-x86 1.0 33.60 NOTE
r-release-linux-ix86 1.0 0.90 17.54 18.45 NOTE
r-release-linux-x86_64 1.0 0.62 11.71 12.34 NOTE
r-release-osx-x86_64-mavericks 1.0 NOTE
r-release-windows-ix86+x86_64 1.0 4.00 19.00 23.00 NOTE
r-oldrel-windows-ix86+x86_64 1.0 4.00 24.00 28.00 NOTE

Check Details

Version: 1.0
Check: dependencies in R code
Result: NOTE
    Packages in Depends field not imported from:
     ‘lars’ ‘ncvreg’
     These packages need to be imported from (in the NAMESPACE file)
     for when this namespace is loaded but not attached.
    See the information on DESCRIPTION files in the chapter ‘Creating R
    packages’ of the ‘Writing R Extensions’ manual.
Flavors: r-devel-linux-x86_64-debian-clang, r-devel-linux-x86_64-debian-gcc, r-devel-linux-x86_64-fedora-clang, r-devel-linux-x86_64-fedora-gcc, r-devel-osx-x86_64-clang, r-devel-windows-ix86+x86_64, r-patched-linux-x86_64, r-patched-solaris-sparc, r-patched-solaris-x86, r-release-linux-ix86, r-release-linux-x86_64, r-release-osx-x86_64-mavericks, r-release-windows-ix86+x86_64, r-oldrel-windows-ix86+x86_64