CRAN Package Check Results for Package ExactPath

Last updated on 2014-11-23 03:47:58.

Flavor Version Tinstall Tcheck Ttotal Status Flags
r-devel-linux-x86_64-debian-clang 1.0 0.61 11.78 12.39 NOTE
r-devel-linux-x86_64-debian-gcc 1.0 0.60 10.98 11.58 NOTE
r-devel-linux-x86_64-fedora-clang 1.0 26.15 NOTE
r-devel-linux-x86_64-fedora-gcc 1.0 21.91 NOTE
r-devel-osx-x86_64-clang 1.0 26.88 NOTE
r-devel-windows-ix86+x86_64 1.0 2.00 18.00 20.00 NOTE
r-patched-linux-x86_64 1.0 0.61 11.00 11.61 NOTE
r-patched-solaris-sparc 1.0 137.70 NOTE
r-patched-solaris-x86 1.0 33.20 NOTE
r-release-linux-ix86 1.0 0.90 16.56 17.46 NOTE
r-release-linux-x86_64 1.0 0.65 11.14 11.79 NOTE
r-release-osx-x86_64-mavericks 1.0 NOTE
r-release-windows-ix86+x86_64 1.0 2.00 19.00 21.00 NOTE
r-oldrel-windows-ix86+x86_64 1.0 4.00 24.00 28.00 NOTE

Check Details

Version: 1.0
Check: dependencies in R code
Result: NOTE
    Packages in Depends field not imported from:
     ‘lars’ ‘ncvreg’
     These packages need to be imported from (in the NAMESPACE file)
     for when this namespace is loaded but not attached.
    See the information on DESCRIPTION files in the chapter ‘Creating R
    packages’ of the ‘Writing R Extensions’ manual.
Flavors: r-devel-linux-x86_64-debian-clang, r-devel-linux-x86_64-debian-gcc, r-devel-linux-x86_64-fedora-clang, r-devel-linux-x86_64-fedora-gcc, r-devel-osx-x86_64-clang, r-devel-windows-ix86+x86_64, r-patched-linux-x86_64, r-patched-solaris-sparc, r-patched-solaris-x86, r-release-linux-ix86, r-release-linux-x86_64, r-release-osx-x86_64-mavericks, r-release-windows-ix86+x86_64, r-oldrel-windows-ix86+x86_64