CRAN Package Check Results for Package ExomeDepth

Last updated on 2015-04-18 03:50:14.

Flavor Version Tinstall Tcheck Ttotal Status Flags
r-devel-linux-x86_64-debian-clang 1.1.4 9.75 111.12 120.87 OK
r-devel-linux-x86_64-debian-gcc 1.1.4 10.50 107.48 117.98 OK
r-devel-linux-x86_64-fedora-clang 1.1.4 243.41 OK
r-devel-linux-x86_64-fedora-gcc 1.1.4 232.78 OK
r-devel-osx-x86_64-clang 1.1.4 195.32 OK
r-prerel-windows-ix86+x86_64 1.1.4 68.00 192.00 260.00 WARN
r-prerel-linux-x86_64 1.1.4 11.03 104.75 115.78 OK
r-prerel-solaris-sparc 1.1.4 1443.60 OK
r-prerel-solaris-x86 1.1.4 302.10 OK
r-release-linux-x86_64 1.1.4 14.93 143.49 158.42 OK
r-release-osx-x86_64-mavericks 1.1.4 ERROR
r-release-osx-x86_64-snowleopard 1.1.4 ERROR
r-release-windows-ix86+x86_64 1.1.4 57.00 356.00 413.00 OK
r-oldrel-windows-ix86+x86_64 1.0.7 44.00 199.00 243.00 OK

Check Details

Version: 1.1.4
Check: whether package can be installed
Result: WARN
    Found the following significant warnings:
     Warning: multiple methods tables found for 'score'
Flavor: r-prerel-windows-ix86+x86_64

Version: 1.1.4
Check: package dependencies
Result: ERROR
    Package required but not available: ‘GenomicAlignments’
    
    See section ‘The DESCRIPTION file’ in the ‘Writing R Extensions’
    manual.
Flavors: r-release-osx-x86_64-mavericks, r-release-osx-x86_64-snowleopard