CRAN Package Check Results for Package ExomeDepth

Last updated on 2016-04-30 11:49:00.

Flavor Version Tinstall Tcheck Ttotal Status Flags
r-devel-linux-x86_64-debian-gcc 1.1.8 10.86 93.16 104.02 WARN
r-devel-linux-x86_64-fedora-clang 1.1.8 213.19 WARN
r-devel-linux-x86_64-fedora-gcc 1.1.8 205.64 WARN
r-devel-osx-x86_64-clang 1.1.8 217.59 WARN
r-devel-windows-ix86+x86_64 1.1.8 38.00 196.00 234.00 WARN
r-patched-linux-x86_64 1.1.8 10.41 92.42 102.83 WARN
r-patched-solaris-sparc 1.1.8 1214.90 WARN
r-patched-solaris-x86 1.1.8 259.50 WARN
r-release-linux-x86_64 1.1.8 11.87 107.48 119.35 OK
r-release-osx-x86_64-mavericks 1.1.8 OK
r-release-windows-ix86+x86_64 1.1.8 52.00 204.00 256.00 OK
r-oldrel-windows-ix86+x86_64 1.1.8 84.00 304.00 388.00 OK

Check Details

Version: 1.1.8
Check: re-building of vignette outputs
Result: WARN
    Error in re-building vignettes:
     ...
    Quitting from lines 293-297 (ExomeDepth-vignette.Rnw)
    Error: processing vignette ‘ExomeDepth-vignette.Rnw’ failed with diagnostics:
    no slot of name "queryHits" for this object of class "SortedByQueryHits"
    Execution halted
Flavors: r-devel-linux-x86_64-debian-gcc, r-devel-linux-x86_64-fedora-clang, r-devel-linux-x86_64-fedora-gcc, r-devel-osx-x86_64-clang, r-devel-windows-ix86+x86_64, r-patched-linux-x86_64, r-patched-solaris-sparc, r-patched-solaris-x86