CRAN Package Check Results for Package ExomeDepth

Last updated on 2017-10-17 19:47:51.

Flavor Version Tinstall Tcheck Ttotal Status Flags
r-devel-linux-x86_64-debian-clang 1.1.10 14.28 133.30 147.58 NOTE
r-devel-linux-x86_64-debian-gcc 1.1.10 15.89 140.00 155.89 NOTE
r-devel-linux-x86_64-fedora-clang 1.1.10 318.37 NOTE
r-devel-linux-x86_64-fedora-gcc 1.1.10 311.53 NOTE
r-devel-windows-ix86+x86_64 1.1.10 77.00 256.00 333.00 NOTE
r-patched-linux-x86_64 1.1.10 15.02 133.63 148.65 NOTE
r-patched-solaris-x86 1.1.10 404.00 NOTE
r-release-linux-x86_64 1.1.10 15.01 132.97 147.98 NOTE
r-release-windows-ix86+x86_64 1.1.10 72.00 352.00 424.00 NOTE
r-release-osx-x86_64 1.1.10 ERROR
r-oldrel-windows-ix86+x86_64 1.1.10 70.00 268.00 338.00 NOTE
r-oldrel-osx-x86_64 1.1.10 OK

Check Details

Version: 1.1.10
Check: R code for possible problems
Result: NOTE
    countBamInGRanges.exomeDepth: no visible global function definition for
     ‘as’
    Undefined global functions or variables:
     as
    Consider adding
     importFrom("methods", "as")
    to your NAMESPACE file (and ensure that your DESCRIPTION Imports field
    contains 'methods').
Flavors: r-devel-linux-x86_64-debian-clang, r-devel-linux-x86_64-debian-gcc, r-devel-linux-x86_64-fedora-clang, r-devel-linux-x86_64-fedora-gcc, r-devel-windows-ix86+x86_64, r-patched-linux-x86_64, r-patched-solaris-x86, r-release-linux-x86_64, r-release-windows-ix86+x86_64, r-oldrel-windows-ix86+x86_64

Version: 1.1.10
Check: compiled code
Result: NOTE
    File ‘ExomeDepth/libs/ExomeDepth.so’:
     Found no calls to: ‘R_registerRoutines’, ‘R_useDynamicSymbols’
    
    It is good practice to register native routines and to disable symbol
    search.
    
    See ‘Writing portable packages’ in the ‘Writing R Extensions’ manual.
Flavors: r-devel-linux-x86_64-debian-clang, r-devel-linux-x86_64-debian-gcc, r-devel-linux-x86_64-fedora-clang, r-devel-linux-x86_64-fedora-gcc, r-patched-linux-x86_64, r-release-linux-x86_64

Version: 1.1.10
Check: package dependencies
Result: ERROR
    Packages required but not available:
     ‘Biostrings’ ‘Rsamtools’ ‘GenomicRanges’ ‘GenomicAlignments’
    
    See section ‘The DESCRIPTION file’ in the ‘Writing R Extensions’
    manual.
Flavor: r-release-osx-x86_64