CRAN Package Check Results for Package ExomeDepth

Last updated on 2015-03-28 11:49:13.

Flavor Version Tinstall Tcheck Ttotal Status Flags
r-devel-linux-x86_64-debian-clang 1.1.4 9.64 105.90 115.54 OK
r-devel-linux-x86_64-debian-gcc 1.1.4 10.38 106.42 116.80 OK
r-devel-linux-x86_64-fedora-clang 1.1.4 253.47 OK
r-devel-linux-x86_64-fedora-gcc 1.1.4 240.20 OK
r-devel-osx-x86_64-clang 1.1.4 205.90 OK
r-prerel-windows-ix86+x86_64 1.1.4 55.00 195.00 250.00 WARN
r-prerel-linux-x86_64 1.1.4 10.36 104.14 114.50 OK
r-prerel-solaris-sparc 1.1.4 1443.60 OK
r-prerel-solaris-x86 1.1.4 304.20 OK
r-release-linux-x86_64 1.1.4 14.42 143.72 158.15 OK
r-release-osx-x86_64-mavericks 1.1.4 ERROR
r-release-osx-x86_64-snowleopard 1.1.4 ERROR
r-release-windows-ix86+x86_64 1.1.4 55.00 270.00 325.00 OK
r-oldrel-windows-ix86+x86_64 1.0.7 44.00 199.00 243.00 OK

Check Details

Version: 1.1.4
Check: whether package can be installed
Result: WARN
    Found the following significant warnings:
     Warning: multiple methods tables found for 'score'
Flavor: r-prerel-windows-ix86+x86_64

Version: 1.1.4
Check: package dependencies
Result: ERROR
    Package required but not available: ‘GenomicAlignments’
    
    See section ‘The DESCRIPTION file’ in the ‘Writing R Extensions’
    manual.
Flavor: r-release-osx-x86_64-mavericks

Version: 1.1.4
Check: package dependencies
Result: ERROR
    Package required but not available: ‘GenomicAlignments’
    
    Package required and available but unsuitable version: ‘GenomicRanges’
    
    See section ‘The DESCRIPTION file’ in the ‘Writing R Extensions’
    manual.
Flavor: r-release-osx-x86_64-snowleopard