CRAN Package Check Results for Package ExomeDepth

Last updated on 2016-12-10 18:49:26.

Flavor Version Tinstall Tcheck Ttotal Status Flags
r-devel-linux-x86_64-debian-clang 1.1.10 13.75 122.32 136.08 NOTE
r-devel-linux-x86_64-debian-gcc 1.1.10 15.81 123.49 139.31 NOTE
r-devel-linux-x86_64-fedora-clang 1.1.10 298.44 NOTE --no-stop-on-test-error
r-devel-linux-x86_64-fedora-gcc 1.1.10 289.57 NOTE --no-stop-on-test-error
r-devel-macos-x86_64-clang 1.1.10 213.98 NOTE --no-stop-on-test-error
r-devel-windows-ix86+x86_64 1.1.10 49.00 318.00 367.00 NOTE
r-patched-linux-x86_64 1.1.10 12.92 114.05 126.97 NOTE
r-patched-solaris-sparc 1.1.10 1441.40 WARN
r-patched-solaris-x86 1.1.10 338.10 NOTE
r-release-linux-x86_64 1.1.10 12.95 114.23 127.19 NOTE
r-release-osx-x86_64-mavericks 1.1.10 OK
r-release-windows-ix86+x86_64 1.1.10 60.00 197.00 257.00 OK
r-oldrel-windows-ix86+x86_64 1.1.8 49.00 209.00 258.00 OK

Check Details

Version: 1.1.10
Check: R code for possible problems
Result: NOTE
    countBamInGRanges.exomeDepth: no visible global function definition for
     ‘as’
    Undefined global functions or variables:
     as
    Consider adding
     importFrom("methods", "as")
    to your NAMESPACE file (and ensure that your DESCRIPTION Imports field
    contains 'methods').
Flavors: r-devel-linux-x86_64-debian-clang, r-devel-linux-x86_64-debian-gcc, r-devel-windows-ix86+x86_64, r-patched-linux-x86_64, r-patched-solaris-sparc, r-patched-solaris-x86, r-release-linux-x86_64

Version: 1.1.10
Flags: --no-stop-on-test-error
Check: R code for possible problems
Result: NOTE
    countBamInGRanges.exomeDepth: no visible global function definition for
     ‘as’
    Undefined global functions or variables:
     as
    Consider adding
     importFrom("methods", "as")
    to your NAMESPACE file (and ensure that your DESCRIPTION Imports field
    contains 'methods').
Flavors: r-devel-linux-x86_64-fedora-clang, r-devel-linux-x86_64-fedora-gcc, r-devel-macos-x86_64-clang

Version: 1.1.10
Check: whether package can be installed
Result: WARN
    Found the following significant warnings:
     Warning: multiple methods tables found for ‘arbind’
     Warning: multiple methods tables found for ‘acbind’
Flavor: r-patched-solaris-sparc