CRAN Package Check Results for Package ExomeDepth

Last updated on 2014-12-23 03:49:41.

Flavor Version Tinstall Tcheck Ttotal Status Flags
r-devel-linux-x86_64-debian-clang 1.0.7 11.36 122.44 133.80 NOTE
r-devel-linux-x86_64-debian-gcc 1.0.7 13.59 118.96 132.54 NOTE
r-devel-linux-x86_64-fedora-clang 1.0.7 319.40 NOTE
r-devel-linux-x86_64-fedora-gcc 1.0.7 314.98 NOTE
r-devel-osx-x86_64-clang 1.0.7 251.02 NOTE
r-devel-windows-ix86+x86_64 1.0.7 49.00 216.00 265.00 NOTE
r-patched-linux-x86_64 1.0.7 12.16 131.54 143.70 NOTE
r-patched-solaris-sparc 1.0.7 1766.30 NOTE
r-patched-solaris-x86 1.0.7 401.00 NOTE
r-release-linux-ix86 1.0.7 14.55 145.03 159.58 NOTE
r-release-linux-x86_64 1.0.7 12.25 124.89 137.14 NOTE
r-release-osx-x86_64-mavericks 1.0.7 OK
r-release-osx-x86_64-snowleopard 1.0.7 OK
r-release-windows-ix86+x86_64 1.0.7 50.00 221.00 271.00 NOTE
r-oldrel-windows-ix86+x86_64 1.0.7 42.00 188.00 230.00 OK

Check Details

Version: 1.0.7
Check: package namespace information
Result: NOTE
     Namespaces with empty importFrom:
     ‘GenomicRanges’ ‘Rsamtools’ ‘VGAM’ ‘aod’ ‘methods’
Flavors: r-devel-linux-x86_64-debian-clang, r-devel-linux-x86_64-debian-gcc, r-devel-linux-x86_64-fedora-clang, r-devel-linux-x86_64-fedora-gcc, r-devel-osx-x86_64-clang, r-devel-windows-ix86+x86_64, r-patched-linux-x86_64, r-patched-solaris-sparc, r-patched-solaris-x86, r-release-linux-ix86, r-release-linux-x86_64, r-release-windows-ix86+x86_64

Version: 1.0.7
Check: R code for possible problems
Result: NOTE
    count.everted.reads: no visible global function definition for
     ‘GRanges’
    count.everted.reads: no visible global function definition for
     ‘IRanges’
    count.everted.reads: no visible global function definition for
     ‘RangedData’
    count.everted.reads: no visible global function definition for
     ‘seqnames’
    count.everted.reads: no visible global function definition for ‘ranges’
    countBam.everted: no visible global function definition for ‘seqlevels’
    countBam.everted: no visible global function definition for
     ‘scanBamHeader’
    countBam.everted: no visible global function definition for ‘scanBam’
    countBam.everted: no visible global function definition for
     ‘ScanBamParam’
    countBam.everted: no visible global function definition for
     ‘scanBamFlag’
    countBam.everted: no visible global function definition for ‘GRanges’
    countBam.everted: no visible global function definition for ‘IRanges’
    countBam.everted: no visible global function definition for
     ‘countOverlaps’
    countBamInGRanges.exomeDepth: no visible global function definition for
     ‘seqlevels’
    countBamInGRanges.exomeDepth: no visible global function definition for
     ‘scanBamHeader’
    countBamInGRanges.exomeDepth: no visible global function definition for
     ‘seqnames’
    countBamInGRanges.exomeDepth: no visible global function definition for
     ‘strand<-’
    countBamInGRanges.exomeDepth: no visible global function definition for
     ‘scanBam’
    countBamInGRanges.exomeDepth: no visible global function definition for
     ‘ScanBamParam’
    countBamInGRanges.exomeDepth: no visible global function definition for
     ‘scanBamFlag’
    countBamInGRanges.exomeDepth: no visible global function definition for
     ‘GRanges’
    countBamInGRanges.exomeDepth: no visible global function definition for
     ‘IRanges’
    countBamInGRanges.exomeDepth: no visible global function definition for
     ‘countOverlaps’
    get.power.betabinom: no visible global function definition for
     ‘rbetabinom.ab’
    get.power.betabinom: no visible global function definition for
     ‘dbetabinom.ab’
    getBamCounts: no visible global function definition for ‘GRanges’
    getBamCounts: no visible global function definition for ‘IRanges’
    getBamCounts: no visible global function definition for ‘RangedData’
    getBamCounts: no visible global function definition for ‘seqnames’
    getBamCounts: no visible global function definition for ‘ranges’
    getBamCounts: no visible global function definition for ‘scanFa’
    getBamCounts : getGCcontent: no visible global function definition for
     ‘letterFrequency’
    qbetabinom.ab: no visible global function definition for
     ‘dbetabinom.ab’
    AnnotateExtra,ExomeDepth: no visible global function definition for
     ‘GRanges’
    AnnotateExtra,ExomeDepth: no visible global function definition for
     ‘IRanges’
    AnnotateExtra,ExomeDepth: no visible global function definition for
     ‘findOverlaps’
    AnnotateExtra,ExomeDepth: no visible global function definition for
     ‘elementMetadata’
Flavors: r-devel-linux-x86_64-debian-clang, r-devel-linux-x86_64-debian-gcc, r-devel-linux-x86_64-fedora-clang, r-devel-linux-x86_64-fedora-gcc, r-devel-osx-x86_64-clang, r-devel-windows-ix86+x86_64, r-patched-linux-x86_64, r-patched-solaris-sparc, r-patched-solaris-x86, r-release-linux-ix86, r-release-linux-x86_64, r-release-windows-ix86+x86_64