CRAN Package Check Results for Package ExomeDepth

Last updated on 2016-08-30 00:47:27.

Flavor Version Tinstall Tcheck Ttotal Status Flags
r-devel-linux-x86_64-debian-clang 1.1.10 11.84 102.33 114.17 OK
r-devel-linux-x86_64-debian-gcc 1.1.10 12.59 99.66 112.26 OK
r-devel-linux-x86_64-fedora-clang 1.1.10 232.33 OK
r-devel-linux-x86_64-fedora-gcc 1.1.10 221.20 OK
r-devel-osx-x86_64-clang 1.1.10 172.49 OK
r-devel-windows-ix86+x86_64 1.1.10 82.00 256.00 338.00 WARN
r-patched-linux-x86_64 1.1.10 11.07 96.85 107.92 OK
r-patched-solaris-sparc 1.1.10 1266.60 OK
r-patched-solaris-x86 1.1.10 266.60 OK
r-release-linux-x86_64 1.1.10 12.25 99.85 112.10 OK
r-release-osx-x86_64-mavericks 1.1.10 OK
r-release-windows-ix86+x86_64 1.1.10 44.00 188.00 232.00 OK
r-oldrel-windows-ix86+x86_64 1.1.8 49.00 209.00 258.00 OK

Check Details

Version: 1.1.10
Check: whether package can be installed
Result: WARN
    Found the following significant warnings:
     Warning: multiple methods tables found for 'which.max'
     Warning: multiple methods tables found for 'which.min'
     Warning: multiple methods tables found for 'which'
Flavor: r-devel-windows-ix86+x86_64