CRAN Package Check Results for Package ExomeDepth

Last updated on 2015-01-28 23:49:31.

Flavor Version Tinstall Tcheck Ttotal Status Flags
r-devel-linux-x86_64-debian-clang 1.1.4 11.66 123.15 134.81 OK
r-devel-linux-x86_64-debian-gcc 1.1.4 12.65 120.09 132.74 OK
r-devel-linux-x86_64-fedora-clang 1.1.4 239.60 OK
r-devel-linux-x86_64-fedora-gcc 1.1.4 318.15 OK
r-devel-osx-x86_64-clang 1.1.4 280.64 OK
r-devel-windows-ix86+x86_64 1.1.4 56.00 202.00 258.00 OK
r-patched-linux-x86_64 1.1.4 14.14 141.28 155.43 OK
r-patched-solaris-sparc 1.1.4 1796.20 OK
r-patched-solaris-x86 1.1.4 358.50 OK
r-release-linux-ix86 1.1.1 12.27 116.82 129.10 OK
r-release-linux-x86_64 1.1.4 14.26 144.44 158.70 OK
r-release-osx-x86_64-mavericks 1.1.4 ERROR
r-release-osx-x86_64-snowleopard 1.1.4 ERROR
r-release-windows-ix86+x86_64 1.1.4 55.00 266.00 321.00 OK
r-oldrel-windows-ix86+x86_64 1.0.7 44.00 199.00 243.00 OK

Check Details

Version: 1.1.4
Check: package dependencies
Result: ERROR
    Package required but not available: ‘GenomicAlignments’
    
    See the information on DESCRIPTION files in the chapter ‘Creating R
    packages’ of the ‘Writing R Extensions’ manual.
Flavor: r-release-osx-x86_64-mavericks

Version: 1.1.4
Check: package dependencies
Result: ERROR
    Package required but not available: ‘GenomicAlignments’
    
    Package required and available but unsuitable version: ‘GenomicRanges’
    
    See the information on DESCRIPTION files in the chapter ‘Creating R
    packages’ of the ‘Writing R Extensions’ manual.
Flavor: r-release-osx-x86_64-snowleopard