CRAN Package Check Results for Package ExomeDepth

Last updated on 2017-04-24 08:47:50.

Flavor Version Tinstall Tcheck Ttotal Status Flags
r-devel-linux-x86_64-debian-clang 1.1.10 14.79 133.17 147.96 NOTE
r-devel-linux-x86_64-debian-gcc 1.1.10 15.47 131.19 146.66 NOTE
r-devel-linux-x86_64-fedora-clang 1.1.10 318.90 NOTE --no-stop-on-test-error
r-devel-linux-x86_64-fedora-gcc 1.1.10 311.23 NOTE --no-stop-on-test-error
r-devel-windows-ix86+x86_64 1.1.10 80.00 297.00 377.00 NOTE
r-patched-linux-x86_64 1.1.10 14.63 131.29 145.92 NOTE
r-patched-solaris-sparc 1.1.10 2030.40 NOTE
r-patched-solaris-x86 1.1.10 417.00 NOTE
r-release-linux-x86_64 1.1.10 13.81 128.95 142.76 NOTE
r-release-windows-ix86+x86_64 1.1.10 57.00 289.00 346.00 NOTE
r-release-osx-x86_64 1.1.10 ERROR
r-oldrel-windows-ix86+x86_64 1.1.10 53.00 245.00 298.00 NOTE
r-oldrel-osx-x86_64 1.1.10 OK

Check Details

Version: 1.1.10
Check: R code for possible problems
Result: NOTE
    countBamInGRanges.exomeDepth: no visible global function definition for
     ‘as’
    Undefined global functions or variables:
     as
    Consider adding
     importFrom("methods", "as")
    to your NAMESPACE file (and ensure that your DESCRIPTION Imports field
    contains 'methods').
Flavors: r-devel-linux-x86_64-debian-clang, r-devel-linux-x86_64-debian-gcc, r-devel-windows-ix86+x86_64, r-patched-linux-x86_64, r-patched-solaris-sparc, r-patched-solaris-x86, r-release-linux-x86_64, r-release-windows-ix86+x86_64, r-oldrel-windows-ix86+x86_64

Version: 1.1.10
Check: compiled code
Result: NOTE
    File ‘ExomeDepth/libs/ExomeDepth.so’:
     Found no calls to: ‘R_registerRoutines’, ‘R_useDynamicSymbols’
    
    It is good practice to register native routines and to disable symbol
    search.
    
    See ‘Writing portable packages’ in the ‘Writing R Extensions’ manual.
Flavors: r-devel-linux-x86_64-debian-clang, r-devel-linux-x86_64-debian-gcc, r-patched-linux-x86_64, r-release-linux-x86_64

Version: 1.1.10
Flags: --no-stop-on-test-error
Check: R code for possible problems
Result: NOTE
    countBamInGRanges.exomeDepth: no visible global function definition for
     ‘as’
    Undefined global functions or variables:
     as
    Consider adding
     importFrom("methods", "as")
    to your NAMESPACE file (and ensure that your DESCRIPTION Imports field
    contains 'methods').
Flavors: r-devel-linux-x86_64-fedora-clang, r-devel-linux-x86_64-fedora-gcc

Version: 1.1.10
Flags: --no-stop-on-test-error
Check: compiled code
Result: NOTE
    File ‘ExomeDepth/libs/ExomeDepth.so’:
     Found no calls to: ‘R_registerRoutines’, ‘R_useDynamicSymbols’
    
    It is good practice to register native routines and to disable symbol
    search.
    
    See ‘Writing portable packages’ in the ‘Writing R Extensions’ manual.
Flavors: r-devel-linux-x86_64-fedora-clang, r-devel-linux-x86_64-fedora-gcc

Version: 1.1.10
Check: package dependencies
Result: ERROR
    Packages required but not available:
     ‘Biostrings’ ‘Rsamtools’ ‘GenomicRanges’ ‘GenomicAlignments’
    
    See section ‘The DESCRIPTION file’ in the ‘Writing R Extensions’
    manual.
Flavor: r-release-osx-x86_64