CRAN Package Check Results for Package ExomeDepth

Last updated on 2016-02-14 10:46:41.

Flavor Version Tinstall Tcheck Ttotal Status Flags
r-devel-linux-x86_64-debian-gcc 1.1.8 10.82 92.80 103.63 OK
r-devel-linux-x86_64-fedora-clang 1.1.8 217.76 OK
r-devel-linux-x86_64-fedora-gcc 1.1.8 207.67 OK
r-devel-osx-x86_64-clang 1.1.8 219.39 OK
r-devel-windows-ix86+x86_64 1.1.8 58.00 199.00 257.00 WARN
r-patched-linux-x86_64 1.1.8 12.32 107.34 119.66 OK
r-patched-solaris-sparc 1.1.8 1445.60 OK
r-patched-solaris-x86 1.1.8 301.70 OK
r-release-linux-x86_64 1.1.8 12.16 107.13 119.29 OK
r-release-osx-x86_64-mavericks 1.1.8 OK
r-release-windows-ix86+x86_64 1.1.8 65.00 229.00 294.00 OK
r-oldrel-windows-ix86+x86_64 1.1.8 79.00 316.00 395.00 OK

Check Details

Version: 1.1.8
Check: whether package can be installed
Result: WARN
    Found the following significant warnings:
     Warning: multiple methods tables found for 'as.vector'
     Warning: multiple methods tables found for 'relistToClass'
Flavor: r-devel-windows-ix86+x86_64