CRAN Package Check Results for Package ExomeDepth

Last updated on 2015-05-23 03:48:41.

Flavor Version Tinstall Tcheck Ttotal Status Flags
r-devel-linux-x86_64-debian-clang 1.1.4 9.97 95.24 105.21 OK
r-devel-linux-x86_64-debian-gcc 1.1.4 10.41 92.18 102.59 OK
r-devel-linux-x86_64-fedora-clang 1.1.4 225.23 OK
r-devel-linux-x86_64-fedora-gcc 1.1.4 215.09 OK
r-devel-osx-x86_64-clang 1.1.4 173.38 OK
r-devel-windows-ix86+x86_64 1.1.4 41.00 185.00 226.00 OK
r-patched-linux-x86_64 1.1.4 10.65 91.44 102.09 OK
r-patched-solaris-sparc 1.1.4 1294.90 OK
r-patched-solaris-x86 1.1.4 279.70 OK
r-release-linux-x86_64 1.1.4 10.43 95.50 105.92 OK
r-release-osx-x86_64-mavericks 1.1.4 OK
r-release-osx-x86_64-snowleopard 1.1.4 ERROR
r-release-windows-ix86+x86_64 1.1.4 42.00 168.00 210.00 OK
r-oldrel-windows-ix86+x86_64 1.1.4 54.00 262.00 316.00 OK

Check Details

Version: 1.1.4
Check: package dependencies
Result: ERROR
    Packages required but not available:
     ‘Biostrings’ ‘IRanges’ ‘Rsamtools’ ‘GenomicRanges’
     ‘GenomicAlignments’
    
    See section ‘The DESCRIPTION file’ in the ‘Writing R Extensions’
    manual.
Flavor: r-release-osx-x86_64-snowleopard