CRAN Package Check Results for Package ExomeDepth

Last updated on 2017-01-18 12:54:33.

Flavor Version Tinstall Tcheck Ttotal Status Flags
r-devel-linux-x86_64-debian-clang 1.1.10 13.31 121.17 134.48 NOTE
r-devel-linux-x86_64-debian-gcc 1.1.10 15.59 119.06 134.65 NOTE
r-devel-linux-x86_64-fedora-clang 1.1.10 291.46 NOTE --no-stop-on-test-error
r-devel-linux-x86_64-fedora-gcc 1.1.10 305.46 NOTE --no-stop-on-test-error
r-devel-macos-x86_64-clang 1.1.10 211.21 NOTE --no-stop-on-test-error
r-devel-windows-ix86+x86_64 1.1.10 66.00 231.00 297.00 NOTE
r-patched-linux-x86_64 1.1.10 12.66 114.11 126.77 NOTE
r-patched-solaris-sparc 1.1.10 1548.80 NOTE
r-patched-solaris-x86 1.1.10 354.70 NOTE
r-release-linux-x86_64 1.1.10 15.80 113.65 129.45 NOTE
r-release-osx-x86_64-mavericks 1.1.10 OK
r-release-windows-ix86+x86_64 1.1.10 151.00 226.00 377.00 NOTE
r-oldrel-windows-ix86+x86_64 1.1.8 49.00 209.00 258.00 OK

Check Details

Version: 1.1.10
Check: R code for possible problems
Result: NOTE
    countBamInGRanges.exomeDepth: no visible global function definition for
     ‘as’
    Undefined global functions or variables:
     as
    Consider adding
     importFrom("methods", "as")
    to your NAMESPACE file (and ensure that your DESCRIPTION Imports field
    contains 'methods').
Flavors: r-devel-linux-x86_64-debian-clang, r-devel-linux-x86_64-debian-gcc, r-devel-windows-ix86+x86_64, r-patched-linux-x86_64, r-patched-solaris-sparc, r-patched-solaris-x86, r-release-linux-x86_64, r-release-windows-ix86+x86_64

Version: 1.1.10
Flags: --no-stop-on-test-error
Check: R code for possible problems
Result: NOTE
    countBamInGRanges.exomeDepth: no visible global function definition for
     ‘as’
    Undefined global functions or variables:
     as
    Consider adding
     importFrom("methods", "as")
    to your NAMESPACE file (and ensure that your DESCRIPTION Imports field
    contains 'methods').
Flavors: r-devel-linux-x86_64-fedora-clang, r-devel-linux-x86_64-fedora-gcc, r-devel-macos-x86_64-clang