CRAN Package Check Results for Package ExomeDepth

Last updated on 2014-04-20 22:46:57.

Flavor Version Tinstall Tcheck Ttotal Status Flags
r-devel-linux-x86_64-debian-clang 1.0.0 0.43 1.28 1.72 ERROR
r-devel-linux-x86_64-debian-gcc 1.0.0 0.43 1.43 1.86 ERROR
r-devel-linux-x86_64-fedora-clang 1.0.0 291.45 OK
r-devel-linux-x86_64-fedora-gcc 1.0.0 280.94 OK
r-devel-macosx-x86_64-clang 1.0.0 217.07 OK
r-devel-macosx-x86_64-gcc 1.0.0 ERROR
r-devel-windows-ix86+x86_64 1.0.0 44.00 189.00 233.00 OK
r-patched-linux-x86_64 1.0.0 11.31 109.30 120.61 OK
r-patched-solaris-sparc 1.0.0 1465.80 OK
r-patched-solaris-x86 1.0.0 352.80 OK
r-release-linux-ix86 OK
r-release-linux-x86_64 1.0.0 11.02 107.92 118.94 OK
r-release-macosx-x86_64 1.0.0 ERROR
r-release-windows-ix86+x86_64 1.0.0 58.00 190.00 248.00 OK
r-oldrel-windows-ix86+x86_64 1.0.0 43.00 187.00 230.00 OK

Check Details

Version: 1.0.0
Check: package dependencies
Result: ERROR
    Packages required but not available: ‘GenomicRanges’ ‘Rsamtools’
    
    See the information on DESCRIPTION files in the chapter ‘Creating R
    packages’ of the ‘Writing R Extensions’ manual.
Flavors: r-devel-linux-x86_64-debian-clang, r-devel-linux-x86_64-debian-gcc, r-devel-macosx-x86_64-gcc, r-release-macosx-x86_64