CRAN Package Check Results for Package ExtDist

Last updated on 2022-01-28 21:51:50 CET.

Flavor Version Tinstall Tcheck Ttotal Status Flags
r-devel-linux-x86_64-debian-clang 0.6-4 6.53 76.54 83.07 OK
r-devel-linux-x86_64-debian-gcc 0.6-4 4.21 57.61 61.82 OK
r-devel-linux-x86_64-fedora-clang 0.6-4 97.97 OK
r-devel-linux-x86_64-fedora-gcc 0.6-4 86.72 OK
r-devel-windows-x86_64-new-UL 0.6-4 56.00 123.00 179.00 OK
r-devel-windows-x86_64-new-TK 0.6-4 OK
r-patched-linux-x86_64 0.6-4 4.95 73.58 78.53 OK
r-release-linux-x86_64 0.6-4 5.57 72.80 78.37 OK
r-release-macos-arm64 0.6-4 OK
r-release-macos-x86_64 0.6-4 ERROR
r-release-windows-ix86+x86_64 0.6-4 11.00 98.00 109.00 OK
r-oldrel-macos-x86_64 0.6-4 OK
r-oldrel-windows-ix86+x86_64 0.6-4 10.00 97.00 107.00 OK

Check Details

Version: 0.6-4
Check: examples
Result: ERROR
    Running examples in ‘ExtDist-Ex.R’ failed
    The error most likely occurred in:
    
    > ### Name: Beta
    > ### Title: The Standard Beta Distribution.
    > ### Aliases: Beta dBeta eBeta iBeta lBeta pBeta qBeta rBeta sBeta
    >
    > ### ** Examples
    >
    > # Parameter estimation for a distribution with known shape parameters
    > x <- rBeta(n=500, params=list(shape1=2, shape2=2))
    > est.par <- eBeta(x); est.par
    
    Parameters for the Beta distribution.
    (found using the MOM method.)
    
     Parameter Type Estimate
     shape1 shape 2.072842
     shape2 shape 2.014862
    
    
    > plot(est.par)
    Error in loadNamespace(x) :
     there is no package called ‘PerformanceAnalytics’
    Calls: plot ... loadNamespace -> withRestarts -> withOneRestart -> doWithOneRestart
    Execution halted
Flavor: r-release-macos-x86_64