CRAN Package Check Results for Package FAMILY

Last updated on 2018-07-23 07:47:44 CEST.

Flavor Version Tinstall Tcheck Ttotal Status Flags
r-devel-linux-x86_64-debian-clang 0.1.19 3.02 57.24 60.26 NOTE
r-devel-linux-x86_64-debian-gcc 0.1.19 2.48 48.25 50.73 NOTE
r-devel-linux-x86_64-fedora-clang 0.1.19 80.50 NOTE
r-devel-linux-x86_64-fedora-gcc 0.1.19 76.34 NOTE
r-devel-windows-ix86+x86_64 0.1.19 9.00 102.00 111.00 NOTE
r-patched-linux-x86_64 0.1.19 NOTE
r-patched-solaris-x86 0.1.19 116.10 NOTE
r-release-linux-x86_64 0.1.19 3.16 60.04 63.20 NOTE
r-release-windows-ix86+x86_64 0.1.19 6.00 98.00 104.00 NOTE
r-release-osx-x86_64 0.1.19 NOTE
r-oldrel-windows-ix86+x86_64 0.1.19 6.00 114.00 120.00 NOTE
r-oldrel-osx-x86_64 0.1.19 NOTE

Check Details

Version: 0.1.19
Check: R code for possible problems
Result: NOTE
    coef.FAMILY: no visible global function definition for ‘glm’
    coef.FAMILY: no visible global function definition for ‘lm’
    fm2v: no visible global function definition for ‘na.omit’
    l_inf_prox: no visible global function definition for ‘tail’
    predict.FAMILY: no visible global function definition for ‘coef’
    predict.FAMILY: no visible global function definition for ‘lm’
    predict.FAMILY: no visible global function definition for ‘predict’
    predict.FAMILY: no visible global function definition for ‘glm’
    predict.FAMILY: no visible global function definition for ‘predict.glm’
    v2fm: no visible global function definition for ‘tail’
    Undefined global functions or variables:
     coef glm lm na.omit predict predict.glm tail
    Consider adding
     importFrom("stats", "coef", "glm", "lm", "na.omit", "predict",
     "predict.glm")
     importFrom("utils", "tail")
    to your NAMESPACE file.
Flavors: r-devel-linux-x86_64-debian-clang, r-devel-linux-x86_64-debian-gcc, r-devel-linux-x86_64-fedora-clang, r-devel-linux-x86_64-fedora-gcc, r-devel-windows-ix86+x86_64, r-patched-linux-x86_64, r-patched-solaris-x86, r-release-linux-x86_64, r-release-windows-ix86+x86_64, r-release-osx-x86_64, r-oldrel-windows-ix86+x86_64, r-oldrel-osx-x86_64