CRAN Package Check Results for Package FAMT

Last updated on 2014-10-21 09:51:27.

Flavor Version Tinstall Tcheck Ttotal Status Flags
r-devel-linux-x86_64-debian-clang 2.5 0.85 24.77 25.62 NOTE
r-devel-linux-x86_64-debian-gcc 2.5 0.81 24.83 25.64 NOTE
r-devel-linux-x86_64-fedora-clang 2.5 52.70 NOTE
r-devel-linux-x86_64-fedora-gcc 2.5 50.35 NOTE
r-devel-osx-x86_64-clang 2.5 52.98 NOTE
r-devel-windows-ix86+x86_64 2.5 4.00 35.00 39.00 NOTE
r-patched-linux-x86_64 2.5 0.85 25.38 26.23 NOTE
r-patched-solaris-sparc 2.5 333.60 NOTE
r-patched-solaris-x86 2.5 77.60 NOTE
r-release-linux-ix86 2.5 1.48 34.58 36.06 NOTE
r-release-linux-x86_64 2.5 0.90 24.87 25.77 NOTE
r-release-osx-x86_64-mavericks 2.5 NOTE
r-release-osx-x86_64-snowleopard 2.5 NOTE
r-release-windows-ix86+x86_64 2.5 4.00 35.00 39.00 NOTE
r-oldrel-windows-ix86+x86_64 2.5 4.00 45.00 49.00 NOTE

Check Details

Version: 2.5
Check: dependencies in R code
Result: NOTE
    Packages in Depends field not imported from:
     ‘impute’ ‘mnormt’
     These packages need to be imported from (in the NAMESPACE file)
     for when this namespace is loaded but not attached.
    See the information on DESCRIPTION files in the chapter ‘Creating R
    packages’ of the ‘Writing R Extensions’ manual.
Flavors: r-devel-linux-x86_64-debian-clang, r-devel-linux-x86_64-debian-gcc, r-devel-linux-x86_64-fedora-clang, r-devel-linux-x86_64-fedora-gcc, r-devel-osx-x86_64-clang, r-devel-windows-ix86+x86_64, r-patched-linux-x86_64, r-patched-solaris-sparc, r-patched-solaris-x86, r-release-linux-ix86, r-release-linux-x86_64, r-release-osx-x86_64-mavericks, r-release-osx-x86_64-snowleopard, r-release-windows-ix86+x86_64, r-oldrel-windows-ix86+x86_64

Version: 2.5
Check: R code for possible problems
Result: NOTE
    as.FAMTdata: no visible global function definition for ‘impute.knn’
    nbfactors : bivprob : <anonymous>: no visible global function
     definition for ‘biv.nt.prob’
Flavors: r-devel-linux-x86_64-debian-clang, r-devel-linux-x86_64-debian-gcc, r-devel-linux-x86_64-fedora-clang, r-devel-linux-x86_64-fedora-gcc, r-devel-osx-x86_64-clang, r-devel-windows-ix86+x86_64, r-patched-linux-x86_64, r-patched-solaris-sparc, r-patched-solaris-x86

Version: 2.5
Check: DESCRIPTION meta-information
Result: NOTE
    'LinkingTo' field is unused: package has no 'src' directory
Flavors: r-devel-windows-ix86+x86_64, r-release-windows-ix86+x86_64