CRAN Package Check Results for Package FAMT

Last updated on 2015-04-25 10:48:15.

Flavor Version Tinstall Tcheck Ttotal Status Flags
r-devel-linux-x86_64-debian-clang 2.5 1.21 26.12 27.33 NOTE
r-devel-linux-x86_64-debian-gcc 2.5 0.84 23.61 24.44 NOTE
r-devel-linux-x86_64-fedora-clang 2.5 49.59 NOTE
r-devel-linux-x86_64-fedora-gcc 2.5 49.87 NOTE
r-devel-osx-x86_64-clang 2.5 48.58 NOTE
r-devel-windows-ix86+x86_64 2.5 2.00 45.00 47.00 NOTE
r-patched-linux-x86_64 2.5 1.08 24.69 25.78 NOTE
r-patched-solaris-sparc 2.5 339.10 NOTE
r-patched-solaris-x86 2.5 71.60 NOTE
r-release-linux-x86_64 2.5 0.76 23.24 24.00 NOTE
r-release-osx-x86_64-mavericks 2.5 NOTE
r-release-osx-x86_64-snowleopard 2.5 ERROR
r-release-windows-ix86+x86_64 2.5 2.00 45.00 47.00 NOTE
r-oldrel-windows-ix86+x86_64 2.5 4.00 39.00 43.00 NOTE

Check Details

Version: 2.5
Check: dependencies in R code
Result: NOTE
    Packages in Depends field not imported from:
     'impute' 'mnormt'
     These packages need to be imported from (in the NAMESPACE file)
     for when this namespace is loaded but not attached.
Flavors: r-devel-windows-ix86+x86_64, r-patched-linux-x86_64, r-release-windows-ix86+x86_64, r-oldrel-windows-ix86+x86_64

Version: 2.5
Check: R code for possible problems
Result: NOTE
    as.FAMTdata: no visible global function definition for 'impute.knn'
    nbfactors : bivprob : <anonymous>: no visible global function
     definition for 'biv.nt.prob'
Flavors: r-devel-windows-ix86+x86_64, r-patched-linux-x86_64, r-release-windows-ix86+x86_64, r-oldrel-windows-ix86+x86_64

Version: 2.5
Check: DESCRIPTION meta-information
Result: NOTE
    'LinkingTo' field is unused: package has no 'src' directory
Flavors: r-release-windows-ix86+x86_64, r-oldrel-windows-ix86+x86_64