CRAN Package Check Results for Package FAMT

Last updated on 2014-04-25 09:52:13.

Flavor Version Tinstall Tcheck Ttotal Status Flags
r-devel-linux-x86_64-debian-clang 2.5 0.95 26.28 27.23 NOTE
r-devel-linux-x86_64-debian-gcc 2.5 0.86 24.88 25.74 NOTE
r-devel-linux-x86_64-fedora-clang 2.5 51.09 NOTE
r-devel-linux-x86_64-fedora-gcc 2.5 50.79 NOTE
r-devel-osx-x86_64-clang 2.5 50.85 NOTE
r-devel-osx-x86_64-gcc 2.5 ERROR
r-devel-windows-ix86+x86_64 2.5 3.00 33.00 36.00 NOTE
r-patched-linux-x86_64 2.5 0.86 24.89 25.75 NOTE
r-patched-solaris-sparc 2.5 327.70 NOTE
r-patched-solaris-x86 2.5 74.50 NOTE
r-release-linux-ix86 2.5 2.00 47.00 49.00 NOTE
r-release-linux-x86_64 2.5 0.86 26.86 27.72 NOTE
r-release-osx-x86_64-mavericks 2.5 ERROR
r-release-osx-x86_64-snowleopard 2.5 NOTE
r-release-windows-ix86+x86_64 2.5 5.00 50.00 55.00 NOTE
r-oldrel-windows-ix86+x86_64 2.5 3.00 40.00 43.00 NOTE

Check Details

Version: 2.5
Check: dependencies in R code
Result: NOTE
    Packages in Depends field not imported from:
     ‘impute’ ‘mnormt’
     These packages need to be imported from (in the NAMESPACE file)
     for when this namespace is loaded but not attached.
    See the information on DESCRIPTION files in the chapter ‘Creating R
    packages’ of the ‘Writing R Extensions’ manual.
Flavors: r-devel-linux-x86_64-debian-clang, r-devel-linux-x86_64-debian-gcc, r-devel-linux-x86_64-fedora-clang, r-devel-linux-x86_64-fedora-gcc, r-devel-osx-x86_64-clang, r-devel-windows-ix86+x86_64, r-patched-linux-x86_64, r-patched-solaris-sparc, r-patched-solaris-x86, r-release-linux-ix86, r-release-linux-x86_64, r-release-osx-x86_64-snowleopard, r-release-windows-ix86+x86_64, r-oldrel-windows-ix86+x86_64

Version: 2.5
Check: package dependencies
Result: ERROR
    Package required but not available: ‘impute’
    
    See the information on DESCRIPTION files in the chapter ‘Creating R
    packages’ of the ‘Writing R Extensions’ manual.
Flavors: r-devel-osx-x86_64-gcc, r-release-osx-x86_64-mavericks

Version: 2.5
Check: DESCRIPTION meta-information
Result: NOTE
    'LinkingTo' field is unused: package has no 'src' directory
Flavors: r-devel-windows-ix86+x86_64, r-release-windows-ix86+x86_64