CRAN Package Check Results for Package FAMT

Last updated on 2015-09-04 14:46:58.

Flavor Version Tinstall Tcheck Ttotal Status Flags
r-devel-linux-x86_64-debian-clang 2.5 0.74 23.98 24.72 NOTE
r-devel-linux-x86_64-debian-gcc 2.5 0.70 22.94 23.64 NOTE
r-devel-linux-x86_64-fedora-clang 2.5 46.77 NOTE
r-devel-linux-x86_64-fedora-gcc 2.5 44.65 NOTE
r-devel-osx-x86_64-clang 2.5 42.50 NOTE
r-devel-windows-ix86+x86_64 2.5 3.00 37.00 40.00 NOTE
r-patched-linux-x86_64 2.5 0.80 24.69 25.49 NOTE
r-patched-solaris-sparc 2.5 333.40 NOTE
r-patched-solaris-x86 2.5 71.30 NOTE
r-release-linux-x86_64 2.5 0.85 24.00 24.85 NOTE
r-release-osx-x86_64-mavericks 2.5 NOTE
r-release-windows-ix86+x86_64 2.5 3.00 58.00 61.00 NOTE
r-oldrel-windows-ix86+x86_64 2.5 4.00 39.00 43.00 NOTE

Check Details

Version: 2.5
Check: dependencies in R code
Result: NOTE
    Packages in Depends field not imported from:
     ‘impute’ ‘mnormt’
     These packages need to be imported from (in the NAMESPACE file)
     for when this namespace is loaded but not attached.
Flavors: r-devel-linux-x86_64-debian-clang, r-devel-linux-x86_64-debian-gcc, r-devel-linux-x86_64-fedora-clang, r-devel-linux-x86_64-fedora-gcc, r-devel-osx-x86_64-clang, r-devel-windows-ix86+x86_64, r-patched-linux-x86_64, r-patched-solaris-sparc, r-patched-solaris-x86, r-release-linux-x86_64, r-release-osx-x86_64-mavericks, r-release-windows-ix86+x86_64, r-oldrel-windows-ix86+x86_64

Version: 2.5
Check: R code for possible problems
Result: NOTE
    as.FAMTdata: no visible global function definition for ‘impute.knn’
    defacto: no visible global function definition for ‘palette’
    defacto: no visible global function definition for ‘quantile’
    defacto: no visible global function definition for ‘lines’
    defacto: no visible global function definition for ‘abline’
    defacto: no visible global function definition for ‘points’
    defacto: no visible global function definition for ‘text’
    defacto: no visible global function definition for ‘dev.new’
    defacto: no visible global function definition for ‘legend’
    defacto: no visible global function definition for ‘lm’
    defacto: no visible global function definition for ‘anova’
    emfa: no visible global function definition for ‘varimax’
    modelFAMT: no visible binding for global variable ‘sd’
    nbfactors : bivprob : <anonymous>: no visible global function
     definition for ‘biv.nt.prob’
    nbfactors : Dt: no visible global function definition for ‘qnorm’
    nbfactors: no visible global function definition for ‘dev.new’
    nbfactors: no visible global function definition for ‘plot’
    pi0FAMT: no visible global function definition for ‘smooth.spline’
    pi0FAMT: no visible global function definition for ‘predict’
    pi0FAMT: no visible global function definition for ‘plot’
    pi0FAMT: no visible global function definition for ‘lines’
    pi0FAMT: no visible global function definition for ‘abline’
    pi0FAMT: no visible global function definition for ‘axis’
    pi0FAMT: no visible global function definition for ‘points’
    pi0FAMT: no visible global function definition for ‘dev.new’
    pi0FAMT: no visible global function definition for ‘hist’
    pi0FAMT: no visible global function definition for ‘dunif’
    pi0FAMT: no visible global function definition for ‘text’
    pi0FAMT: no visible global function definition for ‘legend’
    raw.pvalues: no visible binding for global variable ‘sd’
    raw.pvalues: no visible global function definition for ‘pf’
    raw.pvalues: no visible global function definition for ‘model.matrix’
    residualsFAMT: no visible global function definition for ‘model.matrix’
    Undefined global functions or variables:
     abline anova axis biv.nt.prob dev.new dunif hist impute.knn legend
     lines lm model.matrix palette pf plot points predict qnorm quantile
     sd smooth.spline text varimax
    Consider adding
     importFrom("grDevices", "dev.new", "palette")
     importFrom("graphics", "abline", "axis", "hist", "legend", "lines",
     "plot", "points", "text")
     importFrom("stats", "anova", "dunif", "lm", "model.matrix", "pf",
     "predict", "qnorm", "quantile", "sd", "smooth.spline",
     "varimax")
    to your NAMESPACE.
Flavors: r-devel-linux-x86_64-debian-clang, r-devel-linux-x86_64-debian-gcc, r-devel-linux-x86_64-fedora-clang, r-devel-linux-x86_64-fedora-gcc, r-devel-windows-ix86+x86_64

Version: 2.5
Check: R code for possible problems
Result: NOTE
    as.FAMTdata: no visible global function definition for ‘impute.knn’
    nbfactors : bivprob : <anonymous>: no visible global function
     definition for ‘biv.nt.prob’
    Undefined global functions or variables:
     biv.nt.prob impute.knn
Flavor: r-devel-osx-x86_64-clang

Version: 2.5
Check: R code for possible problems
Result: NOTE
    as.FAMTdata: no visible global function definition for ‘impute.knn’
    nbfactors : bivprob : <anonymous>: no visible global function
     definition for ‘biv.nt.prob’
Flavors: r-patched-linux-x86_64, r-patched-solaris-sparc, r-patched-solaris-x86, r-release-linux-x86_64, r-release-osx-x86_64-mavericks, r-release-windows-ix86+x86_64, r-oldrel-windows-ix86+x86_64

Version: 2.5
Check: DESCRIPTION meta-information
Result: NOTE
    'LinkingTo' field is unused: package has no 'src' directory
Flavors: r-release-windows-ix86+x86_64, r-oldrel-windows-ix86+x86_64