CRAN Package Check Results for Package FAMT

Last updated on 2015-01-27 21:47:54.

Flavor Version Tinstall Tcheck Ttotal Status Flags
r-devel-linux-x86_64-debian-clang 2.5 1.16 24.56 25.72 NOTE
r-devel-linux-x86_64-debian-gcc 2.5 0.78 23.28 24.07 NOTE
r-devel-linux-x86_64-fedora-clang 2.5 55.25 NOTE
r-devel-linux-x86_64-fedora-gcc 2.5 55.18 NOTE
r-devel-osx-x86_64-clang 2.5 53.67 NOTE
r-devel-windows-ix86+x86_64 2.5 4.00 38.00 42.00 NOTE
r-patched-linux-x86_64 2.5 0.88 26.24 27.12 NOTE
r-patched-solaris-sparc 2.5 357.60 NOTE
r-patched-solaris-x86 2.5 77.20 NOTE
r-release-linux-ix86 2.5 1.47 33.53 35.00 NOTE
r-release-linux-x86_64 2.5 0.91 25.37 26.28 NOTE
r-release-osx-x86_64-mavericks 2.5 NOTE
r-release-osx-x86_64-snowleopard 2.5 NOTE
r-release-windows-ix86+x86_64 2.5 4.00 44.00 48.00 NOTE
r-oldrel-windows-ix86+x86_64 2.5 4.00 45.00 49.00 NOTE

Check Details

Version: 2.5
Check: dependencies in R code
Result: NOTE
    Packages in Depends field not imported from:
     ‘impute’ ‘mnormt’
     These packages need to be imported from (in the NAMESPACE file)
     for when this namespace is loaded but not attached.
Flavors: r-devel-linux-x86_64-debian-clang, r-devel-linux-x86_64-debian-gcc, r-devel-linux-x86_64-fedora-clang, r-devel-linux-x86_64-fedora-gcc, r-devel-osx-x86_64-clang, r-devel-windows-ix86+x86_64

Version: 2.5
Check: R code for possible problems
Result: NOTE
    as.FAMTdata: no visible global function definition for ‘impute.knn’
    nbfactors : bivprob : <anonymous>: no visible global function
     definition for ‘biv.nt.prob’
Flavors: r-devel-linux-x86_64-debian-clang, r-devel-linux-x86_64-debian-gcc, r-devel-linux-x86_64-fedora-clang, r-devel-linux-x86_64-fedora-gcc, r-devel-osx-x86_64-clang, r-devel-windows-ix86+x86_64, r-patched-linux-x86_64, r-patched-solaris-sparc, r-patched-solaris-x86, r-release-linux-ix86, r-release-linux-x86_64, r-release-osx-x86_64-mavericks, r-release-windows-ix86+x86_64

Version: 2.5
Check: DESCRIPTION meta-information
Result: NOTE
    'LinkingTo' field is unused: package has no 'src' directory
Flavors: r-devel-windows-ix86+x86_64, r-release-windows-ix86+x86_64

Version: 2.5
Check: dependencies in R code
Result: NOTE
    Packages in Depends field not imported from:
     ‘impute’ ‘mnormt’
     These packages need to be imported from (in the NAMESPACE file)
     for when this namespace is loaded but not attached.
    See the information on DESCRIPTION files in the chapter ‘Creating R
    packages’ of the ‘Writing R Extensions’ manual.
Flavors: r-patched-linux-x86_64, r-patched-solaris-sparc, r-patched-solaris-x86, r-release-linux-ix86, r-release-linux-x86_64, r-release-osx-x86_64-mavericks, r-release-osx-x86_64-snowleopard, r-release-windows-ix86+x86_64, r-oldrel-windows-ix86+x86_64