CRAN Package Check Results for Package FAMT

Last updated on 2015-05-27 19:47:07.

Flavor Version Tinstall Tcheck Ttotal Status Flags
r-devel-linux-x86_64-debian-clang 2.5 0.88 24.37 25.26 NOTE
r-devel-linux-x86_64-debian-gcc 2.5 0.83 27.56 28.39 NOTE
r-devel-linux-x86_64-fedora-clang 2.5 49.69 NOTE
r-devel-linux-x86_64-fedora-gcc 2.5 47.37 NOTE
r-devel-osx-x86_64-clang 2.5 47.75 NOTE
r-devel-windows-ix86+x86_64 2.5 4.00 40.00 44.00 NOTE
r-patched-linux-x86_64 2.5 0.78 22.81 23.59 NOTE
r-patched-solaris-sparc 2.5 340.00 NOTE
r-patched-solaris-x86 2.5 72.10 NOTE
r-release-linux-x86_64 2.5 0.79 23.54 24.33 NOTE
r-release-osx-x86_64-mavericks 2.5 NOTE
r-release-osx-x86_64-snowleopard 2.5 ERROR
r-release-windows-ix86+x86_64 2.5 4.00 46.00 50.00 NOTE
r-oldrel-windows-ix86+x86_64 2.5 4.00 39.00 43.00 NOTE

Check Details

Version: 2.5
Check: dependencies in R code
Result: NOTE
    Packages in Depends field not imported from:
     ‘impute’ ‘mnormt’
     These packages need to be imported from (in the NAMESPACE file)
     for when this namespace is loaded but not attached.
Flavors: r-devel-linux-x86_64-debian-clang, r-devel-linux-x86_64-debian-gcc, r-devel-linux-x86_64-fedora-clang, r-devel-linux-x86_64-fedora-gcc, r-devel-osx-x86_64-clang, r-devel-windows-ix86+x86_64, r-patched-linux-x86_64, r-patched-solaris-sparc, r-patched-solaris-x86, r-release-linux-x86_64, r-release-osx-x86_64-mavericks, r-release-windows-ix86+x86_64, r-oldrel-windows-ix86+x86_64

Version: 2.5
Check: R code for possible problems
Result: NOTE
    as.FAMTdata: no visible global function definition for ‘impute.knn’
    nbfactors : bivprob : <anonymous>: no visible global function
     definition for ‘biv.nt.prob’
Flavors: r-devel-linux-x86_64-debian-clang, r-devel-linux-x86_64-debian-gcc, r-devel-linux-x86_64-fedora-clang, r-devel-linux-x86_64-fedora-gcc, r-devel-osx-x86_64-clang, r-devel-windows-ix86+x86_64, r-patched-linux-x86_64, r-patched-solaris-sparc, r-patched-solaris-x86, r-release-linux-x86_64, r-release-osx-x86_64-mavericks, r-release-windows-ix86+x86_64, r-oldrel-windows-ix86+x86_64

Version: 2.5
Check: package dependencies
Result: ERROR
    Package required but not available: ‘impute’
    
    See section ‘The DESCRIPTION file’ in the ‘Writing R Extensions’
    manual.
Flavor: r-release-osx-x86_64-snowleopard

Version: 2.5
Check: DESCRIPTION meta-information
Result: NOTE
    'LinkingTo' field is unused: package has no 'src' directory
Flavors: r-release-windows-ix86+x86_64, r-oldrel-windows-ix86+x86_64