CRAN Package Check Results for Package FAMT

Last updated on 2014-07-31 08:47:00.

Flavor Version Tinstall Tcheck Ttotal Status Flags
r-devel-linux-x86_64-debian-clang 2.5 0.81 24.24 25.04 NOTE
r-devel-linux-x86_64-debian-gcc 2.5 0.81 24.14 24.95 NOTE
r-devel-linux-x86_64-fedora-clang 2.5 54.65 NOTE
r-devel-linux-x86_64-fedora-gcc 2.5 51.08 NOTE
r-devel-osx-x86_64-clang 2.5 50.74 NOTE
r-devel-windows-ix86+x86_64 2.5 3.00 35.00 38.00 NOTE
r-patched-linux-x86_64 2.5 0.82 24.19 25.01 NOTE
r-patched-solaris-sparc 2.5 349.40 NOTE
r-patched-solaris-x86 2.5 74.50 NOTE
r-release-linux-ix86 2.5 1.45 33.87 35.32 NOTE
r-release-linux-x86_64 2.5 0.83 25.04 25.87 NOTE
r-release-osx-x86_64-mavericks 2.5 NOTE
r-release-osx-x86_64-snowleopard 2.5 NOTE
r-release-windows-ix86+x86_64 2.5 4.00 35.00 39.00 NOTE
r-oldrel-windows-ix86+x86_64 2.5 4.00 45.00 49.00 NOTE

Check Details

Version: 2.5
Check: dependencies in R code
Result: NOTE
    Packages in Depends field not imported from:
     impute mnormt
     These packages need to be imported from (in the NAMESPACE file)
     for when this namespace is loaded but not attached.
    See the information on DESCRIPTION files in the chapter Creating R
    packages of the Writing R Extensions manual.
Flavors: r-devel-linux-x86_64-debian-clang, r-devel-linux-x86_64-debian-gcc, r-devel-linux-x86_64-fedora-clang, r-devel-linux-x86_64-fedora-gcc, r-devel-osx-x86_64-clang, r-devel-windows-ix86+x86_64, r-patched-linux-x86_64, r-patched-solaris-sparc, r-patched-solaris-x86, r-release-linux-ix86, r-release-linux-x86_64, r-release-osx-x86_64-mavericks, r-release-osx-x86_64-snowleopard, r-release-windows-ix86+x86_64, r-oldrel-windows-ix86+x86_64

Version: 2.5
Check: DESCRIPTION meta-information
Result: NOTE
    'LinkingTo' field is unused: package has no 'src' directory
Flavors: r-devel-windows-ix86+x86_64, r-release-windows-ix86+x86_64