CRAN Package Check Results for Package FAMT

Last updated on 2014-08-20 10:46:55.

Flavor Version Tinstall Tcheck Ttotal Status Flags
r-devel-linux-x86_64-debian-clang 2.5 0.80 24.33 25.13 NOTE
r-devel-linux-x86_64-debian-gcc 2.5 0.84 23.79 24.62 NOTE
r-devel-linux-x86_64-fedora-clang 2.5 51.23 NOTE
r-devel-linux-x86_64-fedora-gcc 2.5 49.44 NOTE
r-devel-osx-x86_64-clang 2.5 48.82 NOTE
r-devel-windows-ix86+x86_64 2.5 4.00 33.00 37.00 NOTE
r-patched-linux-x86_64 2.5 0.88 24.30 25.18 NOTE
r-patched-solaris-sparc 2.5 349.40 NOTE
r-patched-solaris-x86 2.5 74.80 NOTE
r-release-linux-ix86 2.5 1.46 34.55 36.01 NOTE
r-release-linux-x86_64 2.5 0.91 25.08 25.98 NOTE
r-release-osx-x86_64-mavericks 2.5 NOTE
r-release-osx-x86_64-snowleopard 2.5 NOTE
r-release-windows-ix86+x86_64 2.5 4.00 35.00 39.00 NOTE
r-oldrel-windows-ix86+x86_64 2.5 4.00 45.00 49.00 NOTE

Check Details

Version: 2.5
Check: dependencies in R code
Result: NOTE
    Packages in Depends field not imported from:
     ‘impute’ ‘mnormt’
     These packages need to be imported from (in the NAMESPACE file)
     for when this namespace is loaded but not attached.
    See the information on DESCRIPTION files in the chapter ‘Creating R
    packages’ of the ‘Writing R Extensions’ manual.
Flavors: r-devel-linux-x86_64-debian-clang, r-devel-linux-x86_64-debian-gcc, r-devel-linux-x86_64-fedora-clang, r-devel-linux-x86_64-fedora-gcc, r-devel-osx-x86_64-clang, r-devel-windows-ix86+x86_64, r-patched-linux-x86_64, r-patched-solaris-sparc, r-patched-solaris-x86, r-release-linux-ix86, r-release-linux-x86_64, r-release-osx-x86_64-mavericks, r-release-osx-x86_64-snowleopard, r-release-windows-ix86+x86_64, r-oldrel-windows-ix86+x86_64

Version: 2.5
Check: R code for possible problems
Result: NOTE
    as.FAMTdata: no visible global function definition for ‘impute.knn’
    nbfactors : bivprob : <anonymous>: no visible global function
     definition for ‘biv.nt.prob’
Flavors: r-devel-linux-x86_64-fedora-clang, r-devel-linux-x86_64-fedora-gcc, r-devel-osx-x86_64-clang

Version: 2.5
Check: DESCRIPTION meta-information
Result: NOTE
    'LinkingTo' field is unused: package has no 'src' directory
Flavors: r-devel-windows-ix86+x86_64, r-release-windows-ix86+x86_64