CRAN Package Check Results for Package FAOSTAT

Last updated on 2014-12-20 01:49:16.

Flavor Version Tinstall Tcheck Ttotal Status Flags
r-devel-linux-x86_64-debian-clang 1.9 2.58 79.30 81.88 NOTE
r-devel-linux-x86_64-debian-gcc 1.9 2.48 66.14 68.62 NOTE
r-devel-linux-x86_64-fedora-clang 1.9 117.81 NOTE
r-devel-linux-x86_64-fedora-gcc 1.9 113.33 NOTE
r-devel-osx-x86_64-clang 1.9 143.54 NOTE
r-devel-windows-ix86+x86_64 1.9 11.00 146.00 157.00 NOTE
r-patched-linux-x86_64 1.9 2.55 92.74 95.29 NOTE
r-patched-solaris-sparc 1.9 609.80 NOTE
r-patched-solaris-x86 1.9 140.80 NOTE
r-release-linux-ix86 1.9 3.18 101.61 104.79 NOTE
r-release-linux-x86_64 1.9 2.70 82.49 85.19 NOTE
r-release-osx-x86_64-mavericks 1.9 NOTE
r-release-osx-x86_64-snowleopard 1.9 NOTE
r-release-windows-ix86+x86_64 1.9 11.00 125.00 136.00 NOTE
r-oldrel-windows-ix86+x86_64 1.9 12.00 123.00 135.00 NOTE

Check Details

Version: 1.9
Check: data for non-ASCII characters
Result: NOTE
     Note: found 178 marked UTF-8 strings
Flavors: r-devel-linux-x86_64-debian-clang, r-devel-linux-x86_64-debian-gcc, r-devel-linux-x86_64-fedora-clang, r-devel-linux-x86_64-fedora-gcc, r-devel-osx-x86_64-clang, r-devel-windows-ix86+x86_64, r-patched-linux-x86_64, r-patched-solaris-sparc, r-patched-solaris-x86, r-release-linux-ix86, r-release-linux-x86_64, r-release-osx-x86_64-mavericks, r-release-osx-x86_64-snowleopard, r-release-windows-ix86+x86_64, r-oldrel-windows-ix86+x86_64

Version: 1.9
Check: re-building of vignette outputs
Result: NOTE
    Error in re-building vignettes:
     ...
    Warning: running command 'kpsewhich framed.sty' had status 1
    Warning in test_latex_pkg("framed", system.file("misc", "framed.sty", package = "knitr")) :
     unable to find LaTeX package 'framed'; will use a copy from knitr
    Error in texi2dvi(file = file, pdf = TRUE, clean = clean, quiet = quiet, :
     Running 'texi2dvi' on 'FAOSTAT.tex' failed.
    LaTeX errors:
    ! LaTeX Error: File `breakurl.sty' not found.
    
    Type X to quit or <RETURN> to proceed,
    or enter new name. (Default extension: sty)
    
    _test/FAOSTAT/vignettes/FAOSTAT.tex:61: ==> Fatal error occurred, no output PD
    F file produced!
    Calls: buildVignettes -> texi2pdf -> texi2dvi
    Execution halted
Flavor: r-release-osx-x86_64-mavericks