CRAN Package Check Results for Package FAOSTAT

Last updated on 2016-02-14 13:47:05.

Flavor Version Tinstall Tcheck Ttotal Status Flags
r-devel-linux-x86_64-debian-gcc 2.0 1.40 21.73 23.13 NOTE
r-devel-linux-x86_64-fedora-clang 2.0 45.40 NOTE
r-devel-linux-x86_64-fedora-gcc 2.0 42.71 NOTE
r-devel-osx-x86_64-clang 2.0 49.97 NOTE
r-devel-windows-ix86+x86_64 2.0 9.00 43.00 52.00 NOTE
r-patched-linux-x86_64 2.0 1.91 23.95 25.86 NOTE
r-patched-solaris-sparc 2.0 286.40 NOTE
r-patched-solaris-x86 2.0 64.20 NOTE
r-release-linux-x86_64 2.0 1.58 23.98 25.56 WARN
r-release-osx-x86_64-mavericks 2.0 NOTE
r-release-windows-ix86+x86_64 2.0 9.00 45.00 54.00 NOTE
r-oldrel-windows-ix86+x86_64 2.0 17.00 87.00 104.00 WARN

Check Details

Version: 2.0
Check: R code for possible problems
Result: NOTE
    Aggregation : foo: no visible global function definition for
     ‘weighted.mean’
    Aggregation: no visible global function definition for ‘txtProgressBar’
    Aggregation: no visible global function definition for
     ‘setTxtProgressBar’
    constructSYB: no visible global function definition for ‘str’
    fillCountryCode: no visible global function definition for ‘na.omit’
    getFAO: no visible global function definition for ‘read.csv’
    getWDImetaData: no visible global function definition for ‘write.csv’
    getWDItoSYB: no visible global function definition for ‘na.omit’
    lsgr: no visible global function definition for ‘na.omit’
    lsgr: no visible global function definition for ‘coef’
    lsgr: no visible global function definition for ‘lm’
    Undefined global functions or variables:
     coef lm na.omit read.csv setTxtProgressBar str txtProgressBar
     weighted.mean write.csv
    Consider adding
     importFrom("stats", "coef", "lm", "na.omit", "weighted.mean")
     importFrom("utils", "read.csv", "setTxtProgressBar", "str",
     "txtProgressBar", "write.csv")
    to your NAMESPACE file.
Flavors: r-devel-linux-x86_64-debian-gcc, r-devel-linux-x86_64-fedora-clang, r-devel-linux-x86_64-fedora-gcc, r-devel-osx-x86_64-clang, r-devel-windows-ix86+x86_64

Version: 2.0
Check: data for non-ASCII characters
Result: NOTE
     Note: found 179 marked UTF-8 strings
Flavors: r-devel-linux-x86_64-fedora-clang, r-devel-linux-x86_64-fedora-gcc, r-devel-osx-x86_64-clang, r-patched-linux-x86_64, r-patched-solaris-sparc, r-patched-solaris-x86, r-release-linux-x86_64, r-release-osx-x86_64-mavericks, r-release-windows-ix86+x86_64, r-oldrel-windows-ix86+x86_64

Version: 2.0
Check: whether package can be installed
Result: WARN
    Found the following significant warnings:
     Warning: replacing previous import by ‘scales::alpha’ when loading ‘FAOSTAT’
Flavors: r-release-linux-x86_64, r-oldrel-windows-ix86+x86_64