CRAN Package Check Results for Package FAOSTAT

Last updated on 2014-04-24 17:49:43.

Flavor Version Tinstall Tcheck Ttotal Status Flags
r-devel-linux-x86_64-debian-clang 1.6 2.73 31.54 34.27 NOTE
r-devel-linux-x86_64-debian-gcc 1.6 2.57 31.67 34.24 NOTE
r-devel-linux-x86_64-fedora-clang 1.6 65.46 NOTE
r-devel-linux-x86_64-fedora-gcc 1.6 62.25 NOTE
r-devel-osx-x86_64-clang 1.6 70.67 NOTE
r-devel-osx-x86_64-gcc 1.6 ERROR
r-devel-windows-ix86+x86_64 1.6 7.00 49.00 56.00 NOTE
r-patched-linux-x86_64 1.6 2.56 31.47 34.03 NOTE
r-patched-solaris-sparc 1.6 352.20 NOTE
r-patched-solaris-x86 1.6 86.10 NOTE
r-release-linux-ix86 1.6 5.00 58.00 63.00 NOTE
r-release-linux-x86_64 1.6 2.68 31.92 34.59 NOTE
r-release-osx-x86_64-mavericks 1.6 NOTE
r-release-osx-x86_64-snowleopard 1.6 NOTE
r-release-windows-ix86+x86_64 1.6 9.00 51.00 60.00 NOTE
r-oldrel-windows-ix86+x86_64 1.6 9.00 51.00 60.00 NOTE

Check Details

Version: 1.6
Check: data for non-ASCII characters
Result: NOTE
     Note: found 25 marked UTF-8 strings
Flavors: r-devel-linux-x86_64-debian-clang, r-devel-linux-x86_64-debian-gcc, r-devel-linux-x86_64-fedora-clang, r-devel-linux-x86_64-fedora-gcc, r-devel-osx-x86_64-clang, r-devel-windows-ix86+x86_64, r-patched-linux-x86_64, r-patched-solaris-sparc, r-patched-solaris-x86, r-release-linux-ix86, r-release-linux-x86_64, r-release-osx-x86_64-mavericks, r-release-osx-x86_64-snowleopard, r-release-windows-ix86+x86_64, r-oldrel-windows-ix86+x86_64

Version: 1.6
Check: package dependencies
Result: ERROR
    Packages required but not available: ‘ggplot2’ ‘labeling’ ‘scales’
    
    See the information on DESCRIPTION files in the chapter ‘Creating R
    packages’ of the ‘Writing R Extensions’ manual.
Flavor: r-devel-osx-x86_64-gcc