CRAN Package Check Results for Package FAOSTAT

Last updated on 2015-08-04 08:47:45.

Flavor Version Tinstall Tcheck Ttotal Status Flags
r-devel-linux-x86_64-debian-clang 2.0 1.62 24.58 26.20 NOTE
r-devel-linux-x86_64-debian-gcc 2.0 1.56 24.53 26.09 NOTE
r-devel-linux-x86_64-fedora-clang 2.0 55.29 NOTE
r-devel-linux-x86_64-fedora-gcc 2.0 48.83 NOTE
r-devel-osx-x86_64-clang 2.0 47.75 NOTE
r-devel-windows-ix86+x86_64 2.0 12.00 44.00 56.00 NOTE
r-patched-linux-x86_64 2.0 1.64 26.57 28.21 NOTE
r-patched-solaris-sparc 2.0 331.90 NOTE
r-patched-solaris-x86 2.0 90.70 NOTE
r-release-linux-x86_64 2.0 1.96 24.99 26.95 NOTE
r-release-osx-x86_64-mavericks 2.0 NOTE
r-release-windows-ix86+x86_64 2.0 11.00 47.00 58.00 NOTE
r-oldrel-windows-ix86+x86_64 2.0 15.00 79.00 94.00 NOTE

Check Details

Version: 2.0
Check: R code for possible problems
Result: NOTE
    Aggregation : foo: no visible global function definition for
     ‘weighted.mean’
    Aggregation: no visible global function definition for ‘txtProgressBar’
    Aggregation: no visible global function definition for
     ‘setTxtProgressBar’
    constructSYB: no visible global function definition for ‘str’
    fillCountryCode: no visible global function definition for ‘na.omit’
    getFAO: no visible global function definition for ‘read.csv’
    getWDImetaData: no visible global function definition for ‘write.csv’
    getWDItoSYB: no visible global function definition for ‘na.omit’
    lsgr: no visible global function definition for ‘na.omit’
    lsgr: no visible global function definition for ‘coef’
    lsgr: no visible global function definition for ‘lm’
    Undefined global functions or variables:
     coef lm na.omit read.csv setTxtProgressBar str txtProgressBar
     weighted.mean write.csv
    Consider adding
     importFrom("stats", "coef", "lm", "na.omit", "weighted.mean")
     importFrom("utils", "read.csv", "setTxtProgressBar", "str",
     "txtProgressBar", "write.csv")
    to your NAMESPACE.
Flavors: r-devel-linux-x86_64-debian-clang, r-devel-linux-x86_64-debian-gcc, r-devel-linux-x86_64-fedora-clang, r-devel-linux-x86_64-fedora-gcc, r-devel-windows-ix86+x86_64

Version: 2.0
Check: data for non-ASCII characters
Result: NOTE
     Note: found 179 marked UTF-8 strings
Flavors: r-devel-linux-x86_64-debian-clang, r-devel-linux-x86_64-debian-gcc, r-devel-linux-x86_64-fedora-clang, r-devel-linux-x86_64-fedora-gcc, r-devel-osx-x86_64-clang, r-devel-windows-ix86+x86_64, r-patched-linux-x86_64, r-patched-solaris-sparc, r-patched-solaris-x86, r-release-linux-x86_64, r-release-osx-x86_64-mavericks, r-release-windows-ix86+x86_64, r-oldrel-windows-ix86+x86_64