CRAN Package Check Results for Package FAOSTAT

Last updated on 2014-08-21 15:47:42.

Flavor Version Tinstall Tcheck Ttotal Status Flags
r-devel-linux-x86_64-debian-clang 1.6 2.62 30.03 32.66 NOTE
r-devel-linux-x86_64-debian-gcc 1.6 2.36 28.98 31.34 NOTE
r-devel-linux-x86_64-fedora-clang 1.6 73.51 NOTE
r-devel-linux-x86_64-fedora-gcc 1.6 62.55 NOTE
r-devel-osx-x86_64-clang 1.6 59.10 NOTE
r-devel-windows-ix86+x86_64 1.6 9.00 52.00 61.00 NOTE
r-patched-linux-x86_64 1.6 2.63 29.80 32.43 NOTE
r-patched-solaris-sparc 1.6 371.30 NOTE
r-patched-solaris-x86 1.6 85.90 NOTE
r-release-linux-ix86 1.6 3.21 39.78 43.00 NOTE
r-release-linux-x86_64 1.6 2.67 30.67 33.34 NOTE
r-release-osx-x86_64-mavericks 1.6 NOTE
r-release-osx-x86_64-snowleopard 1.6 NOTE
r-release-windows-ix86+x86_64 1.6 10.00 55.00 65.00 NOTE
r-oldrel-windows-ix86+x86_64 1.6 10.00 56.00 66.00 NOTE

Check Details

Version: 1.6
Check: data for non-ASCII characters
Result: NOTE
     Note: found 25 marked UTF-8 strings
Flavors: r-devel-linux-x86_64-debian-clang, r-devel-linux-x86_64-debian-gcc, r-devel-linux-x86_64-fedora-clang, r-devel-linux-x86_64-fedora-gcc, r-devel-osx-x86_64-clang, r-devel-windows-ix86+x86_64, r-patched-linux-x86_64, r-patched-solaris-sparc, r-patched-solaris-x86, r-release-linux-ix86, r-release-linux-x86_64, r-release-osx-x86_64-mavericks, r-release-osx-x86_64-snowleopard, r-release-windows-ix86+x86_64, r-oldrel-windows-ix86+x86_64

Version: 1.6
Check: R code for possible problems
Result: NOTE
    FAOsearch: no visible binding for global variable ‘FAOmetaTable’
    aggCountry: no visible binding for global variable ‘FAOcountryProfile’
    aggRegion: no visible binding for global variable ‘FAOcountryProfile’
    fillCountryCode: no visible binding for global variable
     ‘FAOcountryProfile’
    mergeSYB: no visible binding for global variable ‘FAOcountryProfile’
    translateCountryCode: no visible binding for global variable
     ‘FAOcountryProfile’
Flavors: r-devel-linux-x86_64-fedora-clang, r-devel-linux-x86_64-fedora-gcc, r-devel-osx-x86_64-clang