CRAN Package Check Results for Package FAOSTAT

Last updated on 2015-05-24 08:48:28.

Flavor Version Tinstall Tcheck Ttotal Status Flags
r-devel-linux-x86_64-debian-clang 1.9 1.60 24.62 26.22 NOTE
r-devel-linux-x86_64-debian-gcc 1.9 1.55 23.94 25.49 NOTE
r-devel-linux-x86_64-fedora-clang 1.9 56.56 NOTE
r-devel-linux-x86_64-fedora-gcc 1.9 51.67 NOTE
r-devel-osx-x86_64-clang 1.9 54.30 NOTE
r-devel-windows-ix86+x86_64 1.9 6.00 41.00 47.00 NOTE
r-patched-linux-x86_64 1.9 1.63 25.28 26.91 NOTE
r-patched-solaris-sparc 1.9 349.50 NOTE
r-patched-solaris-x86 1.9 88.40 NOTE
r-release-linux-x86_64 1.9 1.54 24.07 25.61 NOTE
r-release-osx-x86_64-mavericks 1.9 NOTE
r-release-osx-x86_64-snowleopard 1.9 ERROR
r-release-windows-ix86+x86_64 1.9 5.00 42.00 47.00 NOTE
r-oldrel-windows-ix86+x86_64 1.9 12.00 73.00 85.00 NOTE

Check Details

Version: 1.9
Check: DESCRIPTION meta-information
Result: NOTE
    Malformed Title field: should not end in a period.
Flavors: r-devel-linux-x86_64-debian-clang, r-devel-linux-x86_64-debian-gcc, r-devel-linux-x86_64-fedora-clang, r-devel-linux-x86_64-fedora-gcc, r-devel-osx-x86_64-clang, r-devel-windows-ix86+x86_64, r-patched-linux-x86_64, r-patched-solaris-sparc, r-patched-solaris-x86, r-release-linux-x86_64, r-release-osx-x86_64-mavericks, r-release-windows-ix86+x86_64

Version: 1.9
Check: data for non-ASCII characters
Result: NOTE
     Note: found 178 marked UTF-8 strings
Flavors: r-devel-linux-x86_64-debian-clang, r-devel-linux-x86_64-debian-gcc, r-devel-linux-x86_64-fedora-clang, r-devel-linux-x86_64-fedora-gcc, r-devel-osx-x86_64-clang, r-devel-windows-ix86+x86_64, r-patched-linux-x86_64, r-patched-solaris-sparc, r-patched-solaris-x86, r-release-linux-x86_64, r-release-osx-x86_64-mavericks, r-release-windows-ix86+x86_64, r-oldrel-windows-ix86+x86_64

Version: 1.9
Check: package dependencies
Result: ERROR
    Packages required but not available: ‘ggplot2’ ‘scales’
    
    Package suggested but not available for checking: ‘knitr’
    
    VignetteBuilder package required for checking but not installed: ‘knitr’
    
    Files named as vignettes but with no recognized vignette engine:
     ‘inst/doc/FAOSTAT.Rnw’
    (Is a VignetteBuilder field missing?)
    
    See section ‘The DESCRIPTION file’ in the ‘Writing R Extensions’
    manual.
Flavor: r-release-osx-x86_64-snowleopard