CRAN Package Check Results for Package FAOSTAT

Last updated on 2015-03-02 12:48:11.

Flavor Version Tinstall Tcheck Ttotal Status Flags
r-devel-linux-x86_64-debian-clang 1.9 1.76 68.55 70.31 NOTE
r-devel-linux-x86_64-debian-gcc 1.9 1.50 65.47 66.98 NOTE
r-devel-linux-x86_64-fedora-clang 1.9 94.02 NOTE
r-devel-linux-x86_64-fedora-gcc 1.9 87.12 NOTE
r-devel-osx-x86_64-clang 1.9 109.32 NOTE
r-devel-windows-ix86+x86_64 1.9 12.00 115.00 127.00 NOTE
r-patched-linux-x86_64 1.9 2.72 77.67 80.38 NOTE
r-patched-solaris-sparc 1.9 697.60 NOTE
r-patched-solaris-x86 1.9 145.50 NOTE
r-release-linux-ix86 1.9 3.41 655.50 658.91 ERROR
r-release-linux-x86_64 1.9 2.83 75.96 78.79 NOTE
r-release-osx-x86_64-mavericks 1.9 NOTE
r-release-osx-x86_64-snowleopard 1.9 NOTE
r-release-windows-ix86+x86_64 1.9 18.00 160.00 178.00 NOTE
r-oldrel-windows-ix86+x86_64 1.9 12.00 119.00 131.00 NOTE

Check Details

Version: 1.9
Check: DESCRIPTION meta-information
Result: NOTE
    Malformed Title field: should not end in a period.
Flavors: r-devel-linux-x86_64-debian-clang, r-devel-linux-x86_64-debian-gcc, r-devel-linux-x86_64-fedora-clang, r-devel-linux-x86_64-fedora-gcc, r-devel-osx-x86_64-clang, r-devel-windows-ix86+x86_64

Version: 1.9
Check: data for non-ASCII characters
Result: NOTE
     Note: found 178 marked UTF-8 strings
Flavors: r-devel-linux-x86_64-debian-clang, r-devel-linux-x86_64-debian-gcc, r-devel-linux-x86_64-fedora-clang, r-devel-linux-x86_64-fedora-gcc, r-devel-osx-x86_64-clang, r-devel-windows-ix86+x86_64, r-patched-linux-x86_64, r-patched-solaris-sparc, r-patched-solaris-x86, r-release-linux-ix86, r-release-linux-x86_64, r-release-osx-x86_64-mavericks, r-release-osx-x86_64-snowleopard, r-release-windows-ix86+x86_64, r-oldrel-windows-ix86+x86_64

Version: 1.9
Check: running R code from vignettes
Result: ERROR
    Errors in running code in vignettes:
    when running code in ‘FAOSTAT.Rnw’
     ...
    NULL
    PASS: totalPopulationGeoGR sucessfully constructed
    (4): Warning in lsgr(as.numeric(unlist(subset(tmp, select = origVar, subset = FAOST_CODE == :
     All values are NA
    Warning in lsgr(as.numeric(unlist(subset(tmp, select = origVar, subset = FAOST_CODE == :
     All values are NA
    Warning in lsgr(as.numeric(unlist(subset(tmp, select = origVar, subset = FAOST_CODE == :
     All values are NA
    
    ... incomplete output. Crash?
Flavor: r-release-linux-ix86