CRAN Package Check Results for Package FAOSTAT

Last updated on 2014-07-26 11:52:19.

Flavor Version Tinstall Tcheck Ttotal Status Flags
r-devel-linux-x86_64-debian-clang 1.6 2.50 29.71 32.21 NOTE
r-devel-linux-x86_64-debian-gcc 1.6 2.40 29.18 31.57 NOTE
r-devel-linux-x86_64-fedora-clang 1.6 67.08 NOTE
r-devel-linux-x86_64-fedora-gcc 1.6 61.62 NOTE
r-devel-osx-x86_64-clang 1.6 59.44 NOTE
r-devel-windows-ix86+x86_64 1.6 9.00 51.00 60.00 NOTE
r-patched-linux-x86_64 1.6 2.67 30.58 33.25 NOTE
r-patched-solaris-sparc 1.6 352.20 NOTE
r-patched-solaris-x86 1.6 86.70 NOTE
r-release-linux-ix86 1.6 3.10 38.79 41.89 NOTE
r-release-linux-x86_64 1.6 2.72 30.48 33.19 NOTE
r-release-osx-x86_64-mavericks 1.6 NOTE
r-release-osx-x86_64-snowleopard 1.6 NOTE
r-release-windows-ix86+x86_64 1.6 8.00 54.00 62.00 NOTE
r-oldrel-windows-ix86+x86_64 1.6 9.00 56.00 65.00 NOTE

Check Details

Version: 1.6
Check: data for non-ASCII characters
Result: NOTE
     Note: found 25 marked UTF-8 strings
Flavors: r-devel-linux-x86_64-debian-clang, r-devel-linux-x86_64-debian-gcc, r-devel-linux-x86_64-fedora-clang, r-devel-linux-x86_64-fedora-gcc, r-devel-osx-x86_64-clang, r-devel-windows-ix86+x86_64, r-patched-linux-x86_64, r-patched-solaris-sparc, r-patched-solaris-x86, r-release-linux-ix86, r-release-linux-x86_64, r-release-osx-x86_64-mavericks, r-release-osx-x86_64-snowleopard, r-release-windows-ix86+x86_64, r-oldrel-windows-ix86+x86_64