CRAN Package Check Results for Package FAOSTAT

Last updated on 2015-01-25 04:47:02.

Flavor Version Tinstall Tcheck Ttotal Status Flags
r-devel-linux-x86_64-debian-clang 1.9 2.52 89.52 92.04 NOTE
r-devel-linux-x86_64-debian-gcc 1.9 3.10 97.71 100.82 NOTE
r-devel-linux-x86_64-fedora-clang 1.9 116.63 NOTE
r-devel-linux-x86_64-fedora-gcc 1.9 112.73 NOTE
r-devel-osx-x86_64-clang 1.9 130.24 NOTE
r-devel-windows-ix86+x86_64 1.9 12.00 132.00 144.00 NOTE
r-patched-linux-x86_64 1.9 2.81 97.21 100.02 NOTE
r-patched-solaris-sparc 1.9 697.60 NOTE
r-patched-solaris-x86 1.9 142.40 NOTE
r-release-linux-ix86 1.9 3.21 94.57 97.78 NOTE
r-release-linux-x86_64 1.9 2.62 92.65 95.27 NOTE
r-release-osx-x86_64-mavericks 1.9 NOTE
r-release-osx-x86_64-snowleopard 1.9 NOTE
r-release-windows-ix86+x86_64 1.9 10.00 134.00 144.00 NOTE
r-oldrel-windows-ix86+x86_64 1.9 11.00 135.00 146.00 NOTE

Check Details

Version: 1.9
Check: data for non-ASCII characters
Result: NOTE
     Note: found 178 marked UTF-8 strings
Flavors: r-devel-linux-x86_64-debian-clang, r-devel-linux-x86_64-debian-gcc, r-devel-linux-x86_64-fedora-clang, r-devel-linux-x86_64-fedora-gcc, r-devel-osx-x86_64-clang, r-devel-windows-ix86+x86_64, r-patched-linux-x86_64, r-patched-solaris-sparc, r-patched-solaris-x86, r-release-linux-ix86, r-release-linux-x86_64, r-release-osx-x86_64-mavericks, r-release-osx-x86_64-snowleopard, r-release-windows-ix86+x86_64, r-oldrel-windows-ix86+x86_64