CRAN Package Check Results for Package FAOSTAT

Last updated on 2015-04-27 11:48:37.

Flavor Version Tinstall Tcheck Ttotal Status Flags
r-devel-linux-x86_64-debian-clang 1.9 1.54 24.80 26.34 NOTE
r-devel-linux-x86_64-debian-gcc 1.9 1.56 25.02 26.58 NOTE
r-devel-linux-x86_64-fedora-clang 1.9 53.97 NOTE
r-devel-linux-x86_64-fedora-gcc 1.9 53.68 NOTE
r-devel-osx-x86_64-clang 1.9 54.10 NOTE
r-devel-windows-ix86+x86_64 1.9 6.00 42.00 48.00 NOTE
r-patched-linux-x86_64 1.9 2.12 24.45 26.56 NOTE
r-patched-solaris-sparc 1.9 562.90 NOTE
r-patched-solaris-x86 1.9 73.00 NOTE
r-release-linux-x86_64 1.9 1.47 25.32 26.80 NOTE
r-release-osx-x86_64-mavericks 1.9 NOTE
r-release-osx-x86_64-snowleopard 1.9 ERROR
r-release-windows-ix86+x86_64 1.9 9.00 54.00 63.00 NOTE
r-oldrel-windows-ix86+x86_64 1.9 10.00 104.00 114.00 NOTE

Check Details

Version: 1.9
Check: DESCRIPTION meta-information
Result: NOTE
    Malformed Title field: should not end in a period.
Flavors: r-devel-linux-x86_64-debian-clang, r-devel-linux-x86_64-debian-gcc, r-devel-linux-x86_64-fedora-clang, r-devel-linux-x86_64-fedora-gcc, r-devel-osx-x86_64-clang, r-devel-windows-ix86+x86_64, r-patched-solaris-sparc, r-patched-solaris-x86, r-release-linux-x86_64, r-release-osx-x86_64-mavericks, r-release-windows-ix86+x86_64

Version: 1.9
Check: data for non-ASCII characters
Result: NOTE
     Note: found 178 marked UTF-8 strings
Flavors: r-devel-linux-x86_64-debian-clang, r-devel-linux-x86_64-debian-gcc, r-devel-linux-x86_64-fedora-clang, r-devel-linux-x86_64-fedora-gcc, r-devel-osx-x86_64-clang, r-devel-windows-ix86+x86_64, r-patched-solaris-sparc, r-patched-solaris-x86, r-release-linux-x86_64, r-release-osx-x86_64-mavericks, r-release-windows-ix86+x86_64, r-oldrel-windows-ix86+x86_64

Version: 1.9
Check: package dependencies
Result: ERROR
    Packages required but not available: ‘ggplot2’ ‘scales’
    
    Package suggested but not available for checking: ‘knitr’
    
    VignetteBuilder package required for checking but not installed: ‘knitr’
    
    Files named as vignettes but with no recognized vignette engine:
     ‘inst/doc/FAOSTAT.Rnw’
    (Is a VignetteBuilder field missing?)
    
    See section ‘The DESCRIPTION file’ in the ‘Writing R Extensions’
    manual.
Flavor: r-release-osx-x86_64-snowleopard