CRAN Package Check Results for Package FAOSTAT

Last updated on 2014-09-19 08:49:28.

Flavor Version Tinstall Tcheck Ttotal Status Flags
r-devel-linux-x86_64-debian-clang 1.6 2.38 30.16 32.54 NOTE
r-devel-linux-x86_64-debian-gcc 1.6 2.35 29.59 31.94 NOTE
r-devel-linux-x86_64-fedora-clang 1.6 64.24 NOTE
r-devel-linux-x86_64-fedora-gcc 1.6 75.55 NOTE
r-devel-osx-x86_64-clang 1.6 60.59 NOTE
r-devel-windows-ix86+x86_64 1.6 9.00 53.00 62.00 NOTE
r-patched-linux-x86_64 1.6 2.46 30.94 33.40 NOTE
r-patched-solaris-sparc 1.6 371.30 NOTE
r-patched-solaris-x86 1.6 85.70 NOTE
r-release-linux-ix86 1.6 3.19 41.16 44.35 NOTE
r-release-linux-x86_64 1.6 2.69 31.45 34.14 NOTE
r-release-osx-x86_64-mavericks 1.6 NOTE
r-release-osx-x86_64-snowleopard 1.6 NOTE
r-release-windows-ix86+x86_64 1.6 10.00 57.00 67.00 NOTE
r-oldrel-windows-ix86+x86_64 1.6 9.00 56.00 65.00 NOTE

Check Details

Version: 1.6
Check: R code for possible problems
Result: NOTE
    FAOsearch: no visible binding for global variable ‘FAOmetaTable’
    aggCountry: no visible binding for global variable ‘FAOcountryProfile’
    aggRegion: no visible binding for global variable ‘FAOcountryProfile’
    fillCountryCode: no visible binding for global variable
     ‘FAOcountryProfile’
    mergeSYB: no visible binding for global variable ‘FAOcountryProfile’
    translateCountryCode: no visible binding for global variable
     ‘FAOcountryProfile’
Flavors: r-devel-linux-x86_64-debian-clang, r-devel-linux-x86_64-debian-gcc, r-devel-linux-x86_64-fedora-clang, r-devel-linux-x86_64-fedora-gcc, r-devel-osx-x86_64-clang, r-devel-windows-ix86+x86_64

Version: 1.6
Check: data for non-ASCII characters
Result: NOTE
     Note: found 25 marked UTF-8 strings
Flavors: r-devel-linux-x86_64-debian-clang, r-devel-linux-x86_64-debian-gcc, r-devel-linux-x86_64-fedora-clang, r-devel-linux-x86_64-fedora-gcc, r-devel-osx-x86_64-clang, r-devel-windows-ix86+x86_64, r-patched-linux-x86_64, r-patched-solaris-sparc, r-patched-solaris-x86, r-release-linux-ix86, r-release-linux-x86_64, r-release-osx-x86_64-mavericks, r-release-osx-x86_64-snowleopard, r-release-windows-ix86+x86_64, r-oldrel-windows-ix86+x86_64