CRAN Package Check Results for Package FAdist

Last updated on 2015-08-02 03:48:08.

Flavor Version Tinstall Tcheck Ttotal Status Flags
r-devel-linux-x86_64-debian-clang 2.1 0.78 9.14 9.92 NOTE
r-devel-linux-x86_64-debian-gcc 2.1 0.64 8.88 9.52 NOTE
r-devel-linux-x86_64-fedora-clang 2.1 18.81 NOTE
r-devel-linux-x86_64-fedora-gcc 2.1 17.98 NOTE
r-devel-osx-x86_64-clang 2.1 19.08 OK
r-devel-windows-ix86+x86_64 2.1 3.00 16.00 19.00 NOTE
r-patched-linux-x86_64 2.1 0.60 10.54 11.14 OK
r-patched-solaris-sparc 2.1 131.00 OK
r-patched-solaris-x86 2.1 28.20 OK
r-release-linux-x86_64 2.1 0.61 9.81 10.42 OK
r-release-osx-x86_64-mavericks 2.1 OK
r-release-windows-ix86+x86_64 2.1 3.00 16.00 19.00 OK
r-oldrel-windows-ix86+x86_64 2.1 4.00 22.00 26.00 OK

Check Details

Version: 2.1
Check: R code for possible problems
Result: NOTE
    dgamma3: no visible global function definition for ‘dgamma’
    dllog: no visible global function definition for ‘dlogis’
    dlnorm3: no visible global function definition for ‘dlnorm’
    dweibull3: no visible global function definition for ‘dweibull’
    pgamma3: no visible global function definition for ‘pgamma’
    pllog: no visible global function definition for ‘plogis’
    plnorm3: no visible global function definition for ‘plnorm’
    pweibull3: no visible global function definition for ‘pweibull’
    qgamma3: no visible global function definition for ‘qgamma’
    qllog: no visible global function definition for ‘qlogis’
    qlnorm3: no visible global function definition for ‘qlnorm’
    qweibull3: no visible global function definition for ‘qweibull’
    rgamma3: no visible global function definition for ‘rgamma’
    rgev: no visible global function definition for ‘runif’
    rgp: no visible global function definition for ‘runif’
    rgumbel: no visible global function definition for ‘runif’
    rkappa: no visible global function definition for ‘runif’
    rkappa4: no visible global function definition for ‘runif’
    rllog: no visible global function definition for ‘rlogis’
    rlnorm3: no visible global function definition for ‘rlnorm’
    rweibull3: no visible global function definition for ‘rweibull’
    Undefined global functions or variables:
     dgamma dlnorm dlogis dweibull pgamma plnorm plogis pweibull qgamma
     qlnorm qlogis qweibull rgamma rlnorm rlogis runif rweibull
    Consider adding
     importFrom("stats", "dgamma", "dlnorm", "dlogis", "dweibull", "pgamma",
     "plnorm", "plogis", "pweibull", "qgamma", "qlnorm",
     "qlogis", "qweibull", "rgamma", "rlnorm", "rlogis", "runif",
     "rweibull")
    to your NAMESPACE.
Flavors: r-devel-linux-x86_64-debian-clang, r-devel-linux-x86_64-debian-gcc, r-devel-linux-x86_64-fedora-clang, r-devel-linux-x86_64-fedora-gcc, r-devel-windows-ix86+x86_64