CRAN Package Check Results for Package FAdist

Last updated on 2014-04-17 10:47:48.

Flavor Version Tinstall Tcheck Ttotal Status Flags
r-devel-linux-x86_64-debian-clang 2.0 0.66 9.77 10.43 NOTE
r-devel-linux-x86_64-debian-gcc 2.0 0.67 9.52 10.19 NOTE
r-devel-linux-x86_64-fedora-clang 2.0 19.86 NOTE
r-devel-linux-x86_64-fedora-gcc 2.0 19.39 NOTE
r-devel-macosx-x86_64-clang 2.0 23.81 NOTE
r-devel-macosx-x86_64-gcc 2.0 NOTE
r-devel-windows-ix86+x86_64 2.0 2.00 21.00 23.00 NOTE
r-patched-linux-x86_64 2.0 0.70 9.76 10.46 NOTE
r-patched-solaris-sparc 2.0 115.80 NOTE
r-patched-solaris-x86 2.0 29.30 NOTE
r-release-linux-ix86 2.0 1.00 30.00 31.00 NOTE
r-release-linux-x86_64 2.0 0.66 9.52 10.19 NOTE
r-release-windows-ix86+x86_64 2.0 5.00 20.00 25.00 NOTE
r-oldrel-windows-ix86+x86_64 2.0 2.00 15.00 17.00 NOTE

Check Details

Version: 2.0
Check: Rd files
Result: NOTE
    prepare_Rd: GAMMA3.Rd:47: Dropping empty section \note
    prepare_Rd: GEV.Rd:47: Dropping empty section \note
    prepare_Rd: GEV.Rd:50: Dropping empty section \seealso
    prepare_Rd: GUMBEL.Rd:47: Dropping empty section \seealso
    prepare_Rd: GenPARETO.Rd:47: Dropping empty section \note
    prepare_Rd: GenPARETO.Rd:50: Dropping empty section \seealso
    prepare_Rd: KAPPA.Rd:43: Dropping empty section \references
    prepare_Rd: KAPPA.Rd:48: Dropping empty section \seealso
    prepare_Rd: LLOGIS.Rd:42: Dropping empty section \references
    prepare_Rd: LNORM3.Rd:43: Dropping empty section \references
    prepare_Rd: WEIBULL3.Rd:43: Dropping empty section \references
Flavors: r-devel-linux-x86_64-debian-clang, r-devel-linux-x86_64-debian-gcc, r-devel-linux-x86_64-fedora-clang, r-devel-linux-x86_64-fedora-gcc, r-devel-macosx-x86_64-clang, r-devel-macosx-x86_64-gcc, r-devel-windows-ix86+x86_64, r-patched-linux-x86_64, r-patched-solaris-sparc, r-patched-solaris-x86, r-release-linux-ix86, r-release-linux-x86_64, r-release-windows-ix86+x86_64, r-oldrel-windows-ix86+x86_64