CRAN Package Check Results for Package FAdist

Last updated on 2014-07-24 05:48:25.

Flavor Version Tinstall Tcheck Ttotal Status Flags
r-devel-linux-x86_64-debian-clang 2.0 0.63 9.18 9.80 NOTE
r-devel-linux-x86_64-debian-gcc 2.0 0.61 9.21 9.82 NOTE
r-devel-linux-x86_64-fedora-clang 2.0 20.99 NOTE
r-devel-linux-x86_64-fedora-gcc 2.0 18.82 NOTE
r-devel-osx-x86_64-clang 2.0 22.73 NOTE
r-devel-windows-ix86+x86_64 2.0 2.00 16.00 18.00 NOTE
r-patched-linux-x86_64 2.0 0.63 9.27 9.90 NOTE
r-patched-solaris-sparc 2.0 115.80 NOTE
r-patched-solaris-x86 2.0 29.40 NOTE
r-release-linux-ix86 2.0 0.94 16.10 17.03 NOTE
r-release-linux-x86_64 2.0 0.64 9.90 10.53 NOTE
r-release-osx-x86_64-mavericks 2.0 NOTE
r-release-windows-ix86+x86_64 2.0 3.00 16.00 19.00 NOTE
r-oldrel-windows-ix86+x86_64 2.0 2.00 15.00 17.00 NOTE

Check Details

Version: 2.0
Check: Rd files
Result: NOTE
    prepare_Rd: GAMMA3.Rd:47: Dropping empty section \note
    prepare_Rd: GEV.Rd:47: Dropping empty section \note
    prepare_Rd: GEV.Rd:50: Dropping empty section \seealso
    prepare_Rd: GUMBEL.Rd:47: Dropping empty section \seealso
    prepare_Rd: GenPARETO.Rd:47: Dropping empty section \note
    prepare_Rd: GenPARETO.Rd:50: Dropping empty section \seealso
    prepare_Rd: KAPPA.Rd:43: Dropping empty section \references
    prepare_Rd: KAPPA.Rd:48: Dropping empty section \seealso
    prepare_Rd: LLOGIS.Rd:42: Dropping empty section \references
    prepare_Rd: LNORM3.Rd:43: Dropping empty section \references
    prepare_Rd: WEIBULL3.Rd:43: Dropping empty section \references
Flavors: r-devel-linux-x86_64-debian-clang, r-devel-linux-x86_64-debian-gcc, r-devel-linux-x86_64-fedora-clang, r-devel-linux-x86_64-fedora-gcc, r-devel-osx-x86_64-clang, r-devel-windows-ix86+x86_64, r-patched-linux-x86_64, r-patched-solaris-sparc, r-patched-solaris-x86, r-release-linux-ix86, r-release-linux-x86_64, r-release-osx-x86_64-mavericks, r-release-windows-ix86+x86_64, r-oldrel-windows-ix86+x86_64