CRAN Package Check Results for Package FAdist

Last updated on 2015-06-30 04:46:32.

Flavor Version Tinstall Tcheck Ttotal Status Flags
r-devel-linux-x86_64-debian-clang 2.1 0.72 9.40 10.13 NOTE
r-devel-linux-x86_64-debian-gcc 2.1 0.58 9.04 9.61 NOTE
r-devel-linux-x86_64-fedora-clang 2.1 18.35 OK
r-devel-linux-x86_64-fedora-gcc 2.1 17.02 OK
r-devel-osx-x86_64-clang 2.1 19.82 OK
r-devel-windows-ix86+x86_64 2.1 4.00 15.00 19.00 OK
r-patched-linux-x86_64 2.1 0.62 9.33 9.95 OK
r-patched-solaris-sparc 2.1 144.30 OK
r-patched-solaris-x86 2.1 28.20 OK
r-release-linux-x86_64 2.1 0.60 9.22 9.82 OK
r-release-osx-x86_64-mavericks 2.1 OK
r-release-windows-ix86+x86_64 2.1 2.00 17.00 19.00 OK
r-oldrel-windows-ix86+x86_64 2.1 4.00 22.00 26.00 OK

Check Details

Version: 2.1
Check: R code for possible problems
Result: NOTE
    dgamma3: no visible global function definition for ‘dgamma’
    dllog: no visible global function definition for ‘dlogis’
    dlnorm3: no visible global function definition for ‘dlnorm’
    dweibull3: no visible global function definition for ‘dweibull’
    pgamma3: no visible global function definition for ‘pgamma’
    pllog: no visible global function definition for ‘plogis’
    plnorm3: no visible global function definition for ‘plnorm’
    pweibull3: no visible global function definition for ‘pweibull’
    qgamma3: no visible global function definition for ‘qgamma’
    qllog: no visible global function definition for ‘qlogis’
    qlnorm3: no visible global function definition for ‘qlnorm’
    qweibull3: no visible global function definition for ‘qweibull’
    rgamma3: no visible global function definition for ‘rgamma’
    rgev: no visible global function definition for ‘runif’
    rgp: no visible global function definition for ‘runif’
    rgumbel: no visible global function definition for ‘runif’
    rkappa: no visible global function definition for ‘runif’
    rkappa4: no visible global function definition for ‘runif’
    rllog: no visible global function definition for ‘rlogis’
    rlnorm3: no visible global function definition for ‘rlnorm’
    rweibull3: no visible global function definition for ‘rweibull’
Flavors: r-devel-linux-x86_64-debian-clang, r-devel-linux-x86_64-debian-gcc