CRAN Package Check Results for Package FAdist

Last updated on 2014-12-22 14:48:40.

Flavor Version Tinstall Tcheck Ttotal Status Flags
r-devel-linux-x86_64-debian-clang 2.0 0.65 10.34 10.98 NOTE
r-devel-linux-x86_64-debian-gcc 2.0 0.61 9.77 10.38 NOTE
r-devel-linux-x86_64-fedora-clang 2.0 23.06 NOTE
r-devel-linux-x86_64-fedora-gcc 2.0 20.56 NOTE
r-devel-osx-x86_64-clang 2.0 23.37 NOTE
r-devel-windows-ix86+x86_64 2.0 5.00 24.00 29.00 NOTE
r-patched-linux-x86_64 2.0 0.65 10.35 11.00 NOTE
r-patched-solaris-sparc 2.0 137.10 NOTE
r-patched-solaris-x86 2.0 30.60 NOTE
r-release-linux-ix86 2.0 0.95 15.08 16.02 NOTE
r-release-linux-x86_64 2.0 0.71 9.66 10.36 NOTE
r-release-osx-x86_64-mavericks 2.0 NOTE
r-release-windows-ix86+x86_64 2.0 3.00 15.00 18.00 NOTE
r-oldrel-windows-ix86+x86_64 2.0 2.00 15.00 17.00 NOTE

Check Details

Version: 2.0
Check: Rd files
Result: NOTE
    prepare_Rd: GAMMA3.Rd:47: Dropping empty section \note
    prepare_Rd: GEV.Rd:47: Dropping empty section \note
    prepare_Rd: GEV.Rd:50: Dropping empty section \seealso
    prepare_Rd: GUMBEL.Rd:47: Dropping empty section \seealso
    prepare_Rd: GenPARETO.Rd:47: Dropping empty section \note
    prepare_Rd: GenPARETO.Rd:50: Dropping empty section \seealso
    prepare_Rd: KAPPA.Rd:43: Dropping empty section \references
    prepare_Rd: KAPPA.Rd:48: Dropping empty section \seealso
    prepare_Rd: LLOGIS.Rd:42: Dropping empty section \references
    prepare_Rd: LNORM3.Rd:43: Dropping empty section \references
    prepare_Rd: WEIBULL3.Rd:43: Dropping empty section \references
Flavors: r-devel-linux-x86_64-debian-clang, r-devel-linux-x86_64-debian-gcc, r-devel-linux-x86_64-fedora-clang, r-devel-linux-x86_64-fedora-gcc, r-devel-osx-x86_64-clang, r-devel-windows-ix86+x86_64, r-patched-linux-x86_64, r-patched-solaris-sparc, r-patched-solaris-x86, r-release-linux-ix86, r-release-linux-x86_64, r-release-osx-x86_64-mavericks, r-release-windows-ix86+x86_64, r-oldrel-windows-ix86+x86_64